Riassunti climatici stile NOAA



Report 2024 Marzo
´╗┐                   Monthly Climatological Summary for mar 2024

Name: www.meteoalbese.it   City: Albese con Cassano (CO)   State: Italia
Elevation: 410 m  Lat: N 46┬° 19' 60"   Lon: E 009┬° 15' 31"

                  Temperature (┬°C), Rain (mm), Wind Speed (km/h)

                                      Heat  Cool        Avg
    Mean                              Deg   Deg         Wind                 Dom
Day Temp  High   Time   Low    Time   Days  Days  Rain  Speed High   Time    Dir
----------------------------------------------------------------------------------
 1   8,9   9,8   09:09   7,7   23:42   9,4   0,0  16,2   0,8  15,5   07:38   WNW
 2   8,2   9,1   17:22   7,4   04:37  10,1   0,0  10,7   2,0  17,4   14:55    SE
 3   9,5  11,5   13:52   8,3   06:30   8,8   0,0   1,7   3,3  25,1   15:03   ESE
 4   9,5  13,1   14:47   7,2   07:06   8,8   0,0   0,6   2,8  25,1   12:53   WNW
 5   8,8  11,4   11:19   6,0   23:25   9,5   0,0  22,1   2,6  19,3   03:34   NNW
 6   7,7  11,3   16:33   5,0   05:42  10,6   0,0   8,9   3,0  28,9   06:09   NNW
 7   9,2  14,2   15:30   4,6   06:21   9,1   0,0   0,0   3,3  21,2   00:27   ENE
 8   7,9   9,9   13:59   6,1   23:23  10,4   0,0   4,2   5,5  23,2   10:12   ESE
 9   6,5   7,5   23:01   5,2   03:46  11,7   0,0   8,7   2,2  11,6   11:09   ESE
10   7,1   7,8   17:23   5,9   13:24  11,2   0,0  46,6   2,1  21,2   07:16     E
11   9,1  14,3   16:06   6,2   04:23   9,2   0,0   0,6   3,5  21,2   16:21    NW
12  12,2  18,1   15:58   5,5   01:50   6,1   0,0   0,0   3,8  28,9   11:07    NW
13  12,0  16,4   14:13   8,3   07:01   6,3   0,0   0,0   3,1  19,3   11:44   ENE
14  11,8  17,2   16:49   7,7   06:33   6,5   0,0   0,0   2,9  23,2   00:07     N
15  11,2  14,7   15:06   7,7   04:25   7,1   0,0   0,0   1,8  15,5   15:50    NW
16  13,6  20,0   15:28   8,7   06:43   4,9   0,2   0,0   2,8  21,2   21:17   NNW
17  13,2  17,4   17:24   9,4   05:53   5,1   0,0   0,0   2,8  21,2   01:57     N
18  12,1  16,8   16:36   8,9   04:55   6,2   0,0   0,3   2,3  19,3   16:48    NE
19  12,7  17,7   15:24   8,2   06:45   5,6   0,0   0,0   2,7  17,4   07:16     E
20  12,7  17,1   15:49  10,5   02:51   5,6   0,0   0,0   1,6  19,3   14:28    NW
21  14,9  22,0   17:37   9,4   05:34   3,9   0,5   0,0   3,2  23,2   17:20   NNW
22  14,5  20,0   14:30   9,8   06:37   4,1   0,3   0,0   2,9  21,2   19:41    NE
23  13,8  18,1   17:34  10,5   06:12   4,5   0,0   0,0   4,8  44,4   20:45    NW
24  11,7  16,8   15:03   7,1   23:53   6,6   0,0   0,0   4,6  32,9   12:06    NW
25  10,4  15,3   15:07   5,5   06:18   7,9   0,0   0,0   2,9  19,3   05:34     N
26   8,4   9,6   09:57   6,7   23:15   9,9   0,0   5,5   2,4  25,1   11:02   NNW
27   7,5   9,1   17:42   6,0   07:34  10,8   0,0  39,5   1,6  21,2   07:21    NE
28   6,6   7,9   17:03   5,2   05:33  11,7   0,0   7,5   1,8  19,3   21:52     N
29   8,5  11,4   21:36   6,4   00:31   9,8   0,0   9,2   1,0  17,4   14:59   WNW
30  11,8  15,0   13:00   7,7   22:16   6,5   0,0  26,0   3,2  36,7   21:58    SE
31  11,2  13,7   15:55   8,9   00:00   6,8   0,0  35,2   2,3  19,3   15:40   ESE
----------------------------------------------------------------------------------
    10,4  22,0    21     4,6     7   244,7   1,0 243,5   2,8  44,4    23       N

Max >=  30,0:  0
Max <=  20,0: 30
Min <=  20,0: 31
Min <=  15,0: 31
Max Rain: 46,6 on day 10
Days of Rain: 17 (>= 0,1 mm)  14 (>= 1,0 mm)  7 (>= 10,0 mm)
Heat Base: 18,3  Cool Base: 18,3  Method: Integration