Riassunti climatici stile NOAA



Report 2019 Ottobre
´╗┐                   Monthly Climatological Summary for ott 2019

Name: www.meteoalbese.it   City: Albese con Cassano (CO)   State: Italia
Elevation: 410 m  Lat: N 46┬° 19' 60"   Lon: E 009┬° 15' 31"

                  Temperature (┬°C), Rain (mm), Wind Speed (km/h)

                                      Heat  Cool        Avg
    Mean                              Deg   Deg         Wind                 Dom
Day Temp  High   Time   Low    Time   Days  Days  Rain  Speed High   Time    Dir
----------------------------------------------------------------------------------
 1  19,0  23,7   15:08  16,1   02:42   0,6   1,3   0,5   1,4  13,6   11:24     N
 2  17,8  23,6   16:47  14,5   01:57   1,6   1,1  18,7   3,2  27,0   01:26   NNW
 3  16,5  21,2   15:58  11,5   22:56   2,3   0,4   0,0   4,5  52,2   03:26     E
 4  12,7  16,5   14:33   9,2   07:34   5,6   0,0   0,0   3,1  19,3   08:20    NE
 5  14,2  21,1   15:57   9,3   05:45   4,4   0,3   0,0   2,5  19,3   14:27    NW
 6  14,2  17,4   15:56  11,3   07:12   4,1   0,0   3,2   1,5  17,4   06:17   NNE
 7  14,0  20,2   17:07  10,0   07:58   4,5   0,2  27,4   2,3  17,4   08:03     N
 8  13,0  17,8   17:05  10,9   02:41   5,3   0,0   0,0   2,4  19,3   20:43   NNE
 9  12,7  14,1   11:19  11,4   23:58   5,6   0,0   4,6   1,3  17,4   13:23     E
10  13,0  19,2   16:03   8,8   07:40   5,3   0,0   0,0   2,7  17,4   07:40   NNW
11  13,7  19,1   16:55  10,8   07:19   4,6   0,0   0,0   2,2  17,4   00:30   NNW
12  13,7  18,4   16:36  10,6   06:29   4,6   0,0   0,0   2,6  17,4   04:33     N
13  14,5  20,4   16:34  11,4   07:41   4,0   0,2   0,0   2,4  17,4   01:36     N
14  15,5  19,2   15:39  13,2   03:45   2,9   0,0   0,0   1,5  15,5   19:16   NNW
15  15,0  15,9   19:42  12,4   23:22   3,4   0,0  29,7   3,9  42,5   23:41    SE
16  13,6  19,3   15:19   8,9   07:49   4,7   0,1   1,3   5,5  52,2   00:42   NNW
17  13,9  18,9   15:48  10,5   08:24   4,5   0,0   0,0   2,3  17,4   01:37   NNW
18  13,9  16,1   14:57  11,6   00:28   4,4   0,0   1,4   1,6  13,6   00:21   ESE
19  13,7  14,7   20:07  12,9   02:42   4,6   0,0  25,5   1,2  19,3   10:32    SE
20  15,3  17,0   14:11  14,6   09:34   3,0   0,0   8,7   2,1  19,3   14:01    SE
21  16,0  17,8   19:56  14,4   09:10   2,3   0,0  57,1   2,2  23,2   01:10    SE
----------------------------------------------------------------------------------
    14,6  23,7     1     8,8    10    82,3   3,6 178,1   2,5  52,2     3     NNE

Max >=  30,0:  0
Max <=  20,0: 15
Min <=  20,0: 21
Min <=  15,0: 20
Max Rain: 57,1 on day 21
Days of Rain: 11 (>= 0,1 mm)  10 (>= 1,0 mm)  5 (>= 10,0 mm)
Heat Base: 18,3  Cool Base: 18,3  Method: Integration