Riassunti climatici stile NOAA


Select a Year or Month report
2018: Gen Feb Mar Apr Mag Giu Lug Ago Set Ott Nov Dic
2017: Gen Feb Mar Apr Mag Giu Lug Ago Set Ott Nov Dic
2016: Gen Feb Mar Apr Mag Giu Lug Ago Set Ott Nov Dic
2015: Gen Feb Mar Apr Mag Giu Lug Ago Set Ott Nov Dic
2014: Gen Feb Mar Apr Mag Giu Lug Ago Set Ott Nov Dic

Report 2018 Maggio
´╗┐                   Monthly Climatological Summary for mag 2018

Name: www.meteoalbese.it   City: Albese con Cassano (CO)   State: Italia
Elevation: 410 m  Lat: N 46┬° 19' 60"   Lon: E 009┬° 15' 31"

                  Temperature (┬°C), Rain (mm), Wind Speed (km/h)

                                      Heat  Cool        Avg
    Mean                              Deg   Deg         Wind                 Dom
Day Temp  High   Time   Low    Time   Days  Days  Rain  Speed High   Time    Dir
----------------------------------------------------------------------------------
 1  13,8  17,6   12:34   9,6   04:22   4,5   0,0   4,3   4,1  23,2   14:46   ESE
 2  11,3  12,3   09:48   9,9   02:59   7,0   0,0  11,2   1,5  13,6   00:01    NW
 3  14,8  17,7   11:07  11,8   00:00   3,5   0,0   1,7   1,9  19,3   17:11   WNW
 4  16,5  21,4   17:49  13,9   05:55   2,1   0,3   0,8   2,5  21,2   15:20   WNW
 5  17,7  24,6   13:45  12,3   05:52   1,9   1,3   0,0   2,2  15,5   03:07   NNW
 6  20,3  27,6   16:22  15,0   04:28   0,9   2,9   1,4   3,5  21,2   16:34    NW
 7  18,2  24,4   14:51  15,4   23:58   1,3   1,3   2,7   3,8  23,2   18:01    NW
 8  18,2  25,5   15:28  14,1   23:36   1,8   1,7  22,2   2,6  21,2   21:13   NNE
 9  15,2  21,4   15:54  12,1   06:06   3,5   0,4  19,8   2,7  19,3   01:48   ENE
10  16,7  22,7   15:00  11,8   06:37   2,6   0,9   0,5   3,0  19,3   17:19   NNW
11  17,8  25,2   15:31  13,9   23:40   1,9   1,4   8,7   3,6  27,0   17:40   NNE
12  17,7  24,1   15:38  13,4   05:34   2,1   1,5   1,9   3,4  21,2   20:54     N
13  16,2  21,7   16:02  12,9   23:05   2,6   0,5   4,4   3,6  27,0   17:35   NNW
14  13,0  17,4   16:02   9,1   05:56   5,3   0,0   8,2   4,4  30,8   07:16   WNW
15  12,0  13,8   13:56   9,6   05:25   6,3   0,0   0,5   1,9  15,5   15:15     S
16  14,1  20,0   15:17   9,7   06:33   4,3   0,2   6,0   2,0  19,3   18:13     N
17  14,9  20,2   13:20  10,2   04:39   3,6   0,1   0,0   2,4  17,4   00:26     N
18  16,6  22,9   16:04  12,2   05:46   2,6   0,9   0,2   3,3  19,3   17:47     N
19  17,1  23,1   15:12  13,1   06:48   1,8   0,6   1,4   2,5  27,0   05:20     N
20  16,2  21,3   16:14  12,9   05:49   2,4   0,3  17,6   3,1  21,2   16:24    NW
21  17,2  22,6   14:20  13,4   00:41   2,1   1,0   0,8   2,4  19,3   15:42    NW
22  15,9  17,9   13:03  14,2   23:34   2,4   0,0   1,9   1,5  15,5   00:18   NNW
----------------------------------------------------------------------------------
    16,0  27,6     6     9,1    14    66,5  15,3 116,2   2,8  30,8    14     NNW

Max >=  30,0:  0
Max <=  20,0:  7
Min <=  20,0: 22
Min <=  15,0: 21
Max Rain: 22,2 on day 8
Days of Rain: 20 (>= 0,1 mm)  15 (>= 1,0 mm)  4 (>= 10,0 mm)
Heat Base: 18,3  Cool Base: 18,3  Method: Integration