Riassunti climatici stile NOAA



Report 2023 Maggio
´╗┐                   Monthly Climatological Summary for mag 2023

Name: www.meteoalbese.it   City: Albese con Cassano (CO)   State: Italia
Elevation: 410 m  Lat: N 46┬° 19' 60"   Lon: E 009┬° 15' 31"

                  Temperature (┬°C), Rain (mm), Wind Speed (km/h)

                                      Heat  Cool        Avg
    Mean                              Deg   Deg         Wind                 Dom
Day Temp  High   Time   Low    Time   Days  Days  Rain  Speed High   Time    Dir
----------------------------------------------------------------------------------
 1  13,8  16,1   11:47  11,7   23:58   4,5   0,0   6,5   1,7  19,3   11:42    SE
 2  14,4  20,6   15:06  10,6   06:06   4,1   0,2   7,3   1,7  17,4   05:13   WNW
 3  16,2  21,3   16:46  11,1   06:08   2,6   0,5   0,0   1,8  19,3   16:25   WSW
 4  17,4  22,5   17:49  13,8   06:20   1,8   0,9   0,0   2,2  19,3   23:24     N
 5  18,7  24,3   17:01  13,9   06:34   1,4   1,8   0,0   3,2  21,2   23:18     N
 6  19,9  25,9   17:10  14,6   06:08   1,0   2,5   0,0   2,8  17,4   13:10   NNW
 7  18,8  24,5   16:17  13,6   06:26   1,3   1,7  22,6   3,2  23,2   22:22   WNW
 8  17,6  20,4   15:01  14,6   07:27   1,2   0,5   0,6   1,7  15,5   13:38   ESE
 9  16,4  19,4   16:11  13,1   23:54   2,0   0,1  20,4   1,7  21,2   21:28   ESE
10  12,1  13,2   14:31  11,1   05:56   6,2   0,0  23,5   1,7  23,2   00:24    SE
11  12,9  17,6   13:57  10,6   21:23   5,4   0,0  30,5   1,4  17,4   13:25   ESE
12  11,6  14,7   15:29   9,6   05:56   6,7   0,0  21,0   1,4  34,8   15:52   ESE
13  12,8  19,1   16:22   9,6   04:51   5,4   0,0   4,8   2,0  17,4   12:28   ENE
14  13,1  18,1   14:55  10,3   02:59   5,2   0,0   0,0   5,2  27,0   11:22   WNW
15  15,1  21,1   14:54   9,2   04:44   3,3   0,5   0,0   4,9  21,2   22:09   ENE
16  14,5  17,6   17:14  11,3   06:21   3,8   0,0   0,0   2,8  21,2   21:08    NE
17  14,0  16,8   18:06  12,4   06:17   4,3   0,0   0,0   2,2  23,2   14:14   NNW
18  14,9  18,9   14:51  11,6   07:33   3,4   0,0   0,6   1,9  23,2   13:13     N
19  13,0  14,5   11:46  12,1   23:47   5,3   0,0  17,2   1,5  17,4   12:29    NW
20  13,0  14,6   12:53  11,5   05:36   5,3   0,0   4,2   1,6  15,5   13:42   WNW
21  16,2  22,2   17:12  12,8   03:15   2,7   0,7   0,0   3,0  21,2   17:54    NW
22  19,2  25,7   14:52  14,2   06:29   1,2   2,2   5,2   4,2  23,2   00:18   NNW
23  21,0  27,5   14:17  15,6   03:20   0,5   3,1   0,0   4,9  19,3   00:39    NW
24  18,4  24,4   12:45  13,4   23:09   1,2   1,3  27,2   2,2  23,2   20:38    NW
25  18,0  24,9   17:50  13,4   00:15   1,9   1,7   0,8   2,1  23,2   19:37    NW
26  20,9  28,3   17:19  14,6   05:23   1,0   3,6   0,0   2,8  19,3   15:05    NW
27  20,7  26,1   16:05  17,7   04:36   0,1   2,5   2,2   2,8  25,1   20:18     E
28  18,8  25,5   15:33  15,7   19:03   1,1   1,6  20,4   3,3  25,1   19:17    NW
29  19,3  26,0   18:00  14,8   04:57   1,1   2,2   1,6   3,5  36,7   00:42    NW
----------------------------------------------------------------------------------
    16,3  28,3    26     9,2    15    85,0  27,6 216,6   2,6  36,7    29     NNW

Max >=  30,0:  0
Max <=  20,0: 12
Min <=  20,0: 29
Min <=  15,0: 26
Max Rain: 30,5 on day 11
Days of Rain: 18 (>= 0,1 mm)  15 (>= 1,0 mm)  8 (>= 10,0 mm)
Heat Base: 18,3  Cool Base: 18,3  Method: Integration