Riassunti climatici stile NOAA


Select a Year or Month report
2019: Gen Feb Mar Apr Mag Giu Lug Ago Set Ott Nov Dic
2018: Gen Feb Mar Apr Mag Giu Lug Ago Set Ott Nov Dic
2017: Gen Feb Mar Apr Mag Giu Lug Ago Set Ott Nov Dic
2016: Gen Feb Mar Apr Mag Giu Lug Ago Set Ott Nov Dic
2015: Gen Feb Mar Apr Mag Giu Lug Ago Set Ott Nov Dic
2014: Gen Feb Mar Apr Mag Giu Lug Ago Set Ott Nov Dic

Report 2019 Febbraio
´╗┐                   Monthly Climatological Summary for feb 2019

Name: www.meteoalbese.it   City: Albese con Cassano (CO)   State: Italia
Elevation: 410 m  Lat: N 46┬° 19' 60"   Lon: E 009┬° 15' 31"

                  Temperature (┬°C), Rain (mm), Wind Speed (km/h)

                                      Heat  Cool        Avg
    Mean                              Deg   Deg         Wind                 Dom
Day Temp  High   Time   Low    Time   Days  Days  Rain  Speed High   Time    Dir
----------------------------------------------------------------------------------
 1   0,7   1,1   03:54   0,4   09:26  17,6   0,0   7,1   0,3   9,6   04:39   WSW
 2   2,6   4,2   12:35   0,7   00:00  15,7   0,0  39,7   1,1  15,5   04:19   WNW
 3   4,4   8,5   19:47   2,3   07:08  13,9   0,0   6,0   2,1  32,9   17:48     N
 4   5,7   9,9   15:41   1,8   07:31  12,6   0,0   0,0   2,5  30,8   00:30     E
 5   4,5  10,2   15:57   0,8   07:40  13,8   0,0   0,0   2,4  17,4   18:29     N
 6   5,7  12,1   16:14   1,2   04:52  12,6   0,0   0,0   2,9  17,4   00:42   NNW
 7   4,7   7,7   16:50   1,6   07:09  13,6   0,0   0,0   2,0  19,3   03:36     N
 8   6,3  12,5   15:41   1,7   07:03  12,0   0,0   0,0   2,2  17,4   19:30   NNE
 9   6,6  11,2   14:14   2,7   07:45  11,7   0,0   0,0   2,3  17,4   18:06   NNE
10   5,0   6,7   02:45   3,2   23:59  13,3   0,0   6,6   0,8  13,6   18:22   WNW
11   7,0  10,3   15:26   1,7   02:28  11,3   0,0   0,0   5,2  46,3   11:58    NW
12   9,4  15,6   15:26   3,7   03:19   8,9   0,0   0,0   4,6  30,8   15:34    NW
13   6,7  12,0   16:12   3,1   07:26  11,6   0,0   0,0   2,8  17,4   04:03   NNE
14   7,6  14,9   17:01   2,6   06:43  10,7   0,0   0,0   2,1  15,5   01:56   NNW
15   8,8  16,1   15:39   3,4   06:16   9,5   0,0   0,0   1,8  17,4   11:39    NE
----------------------------------------------------------------------------------
     5,7  16,1    15     0,4     1   188,8   0,0  59,4   2,3  46,3    11       N

Max >=  30,0:  0
Max <=  20,0: 15
Min <=  20,0: 15
Min <=  15,0: 15
Max Rain: 39,7 on day 2
Days of Rain: 4 (>= 0,1 mm)  4 (>= 1,0 mm)  1 (>= 10,0 mm)
Heat Base: 18,3  Cool Base: 18,3  Method: Integration