Riassunti climatici stile NOAA



Report 2019 Agosto
´╗┐                   Monthly Climatological Summary for ago 2019

Name: www.meteoalbese.it   City: Albese con Cassano (CO)   State: Italia
Elevation: 410 m  Lat: N 46┬° 19' 60"   Lon: E 009┬° 15' 31"

                  Temperature (┬°C), Rain (mm), Wind Speed (km/h)

                                      Heat  Cool        Avg
    Mean                              Deg   Deg         Wind                 Dom
Day Temp  High   Time   Low    Time   Days  Days  Rain  Speed High   Time    Dir
----------------------------------------------------------------------------------
 1  24,5  30,7   16:24  19,5   05:35   0,0   6,2   0,0   3,0  19,3   00:34    NE
 2  21,5  27,1   11:57  16,2   14:07   0,2   3,3  18,9   3,6  34,8   13:41   NNE
 3  22,8  31,0   17:40  16,2   05:11   0,3   4,8   0,0   4,6  23,2   00:23   NNW
 4  23,7  29,7   16:09  19,0   04:24   0,0   5,4   0,0   3,7  21,2   07:02    NE
 5  24,7  30,7   16:37  19,9   06:17   0,0   6,4   0,0   3,3  19,3   00:04   NNW
 6  24,1  29,1   15:19  19,6   22:49   0,0   5,8  20,8   2,5  36,7   20:15     E
 7  19,9  24,6   14:47  17,7   23:39   0,0   1,7  52,2   3,2  30,8   00:07     E
 8  22,4  29,7   17:34  16,9   06:13   0,2   4,3   0,0   2,9  21,2   20:23   NNE
 9  24,9  31,2   16:44  20,4   05:11   0,0   6,6   0,0   3,3  19,3   04:11   NNW
10  26,0  31,7   18:14  22,2   05:53   0,0   7,7   0,0   2,6  21,2   00:14   NNW
11  25,8  30,5   16:34  22,4   04:53   0,0   7,5   0,3   3,6  25,1   12:35    SE
12  24,2  28,5   14:05  20,4   22:47   0,0   5,9   1,8   3,5  27,0   12:17   ESE
13  22,7  27,1   14:05  18,1   06:10   0,0   4,4   0,0   2,0  27,0   23:10   NNW
14  22,6  28,0   18:36  18,6   23:41   0,0   4,3   0,0   4,0  27,0   01:15     N
15  21,2  26,5   17:08  17,0   05:36   0,2   3,0   0,0   2,7  19,3   04:30   NNW
16  21,2  27,1   18:27  17,3   06:22   0,2   3,1   0,0   2,9  19,3   20:48   NNW
17  21,7  26,7   18:24  17,9   06:12   0,0   3,5   0,0   3,6  19,3   00:10   NNW
18  23,2  29,0   16:56  18,9   05:38   0,0   4,9   0,0   3,7  19,3   02:33     N
19  23,5  28,5   17:11  20,8   05:22   0,0   5,2   0,0   2,3  19,3   20:53   NNE
20  22,3  27,2   17:31  18,4   02:27   0,0   4,0  22,0   3,1  48,2   01:17   NNE
21  23,4  29,2   15:58  19,9   06:12   0,0   5,1   0,0   2,9  19,3   13:46   NNE
22  23,0  28,9   16:19  19,6   07:13   0,0   4,7   0,0   3,0  19,3   00:37   NNW
23  22,0  25,5   17:26  19,5   05:47   0,0   3,7   0,0   2,4  19,3   22:43     N
----------------------------------------------------------------------------------
    23,1  31,7    10    16,2     2     1,1 111,5 116,0   3,1  48,2    20     NNE

Max >=  30,0:  6
Max <=  20,0:  0
Min <=  20,0: 18
Min <=  15,0:  0
Max Rain: 52,2 on day 7
Days of Rain: 6 (>= 0,1 mm)  5 (>= 1,0 mm)  4 (>= 10,0 mm)
Heat Base: 18,3  Cool Base: 18,3  Method: Integration