Riassunti climatici stile NOAA



Report 2024 Gennaio
´╗┐                   Monthly Climatological Summary for gen 2024

Name: www.meteoalbese.it   City: Albese con Cassano (CO)   State: Italia
Elevation: 410 m  Lat: N 46┬° 19' 60"   Lon: E 009┬° 15' 31"

                  Temperature (┬°C), Rain (mm), Wind Speed (km/h)

                                      Heat  Cool        Avg
    Mean                              Deg   Deg         Wind                 Dom
Day Temp  High   Time   Low    Time   Days  Days  Rain  Speed High   Time    Dir
----------------------------------------------------------------------------------
 1   5,2   9,1   12:34   2,6   07:45  13,1   0,0   0,3   1,1  17,4   19:58   NNE
 2   5,2   7,7   11:26   2,7   08:14  13,1   0,0   0,0   0,9  15,5   00:40    NW
 3   6,8  11,1   16:00   4,6   06:34  11,5   0,0   0,0   1,1  15,5   18:56    NW
 4   6,8  12,2   15:31   3,0   07:46  11,5   0,0   0,0   1,4  17,4   09:11   WNW
 5   5,1   6,4   07:28   4,4   19:56  13,2   0,0  40,5   0,6  11,6   10:42     W
 6   5,7   8,2   23:59   4,3   01:39  12,6   0,0   3,1   0,5  11,6   23:51   SSW
 7   6,5   8,9   00:32   5,0   08:19  11,8   0,0   1,1   1,0  17,4   18:18   ESE
 8   6,6   7,9   10:48   5,3   04:35  11,7   0,0   0,2   0,4  15,5   23:34   NNW
 9   4,9   6,3   00:00   3,5   22:33  13,4   0,0   0,0   0,5  11,6   00:24    SE
10   2,9   3,7   14:39   2,1   08:41  15,4   0,0   0,9   0,2   7,7   23:06    NW
11   3,2   7,4   16:00   0,6   07:01  15,1   0,0   0,0   1,4  15,5   20:04   NNW
12   4,0   8,6   15:44   1,0   04:52  14,3   0,0   0,0   2,1  17,4   11:54   ENE
13   3,2   7,8   16:05   0,5   05:51  15,1   0,0   0,0   2,2  17,4   03:45   NNW
14   3,1   7,5   15:51   0,4   07:30  15,1   0,0   0,0   1,6  19,3   11:00     W
15   3,6   9,2   16:01   0,3   05:41  14,7   0,0   0,0   1,2  15,5   12:06   WNW
16   3,4   7,6   14:33   0,6   03:29  14,9   0,0   0,0   1,1  17,4   06:22   NNW
17   2,8   3,6   04:47   1,9   12:40  15,5   0,0   8,1   0,5   9,6   12:24   SSE
18   4,4   8,6   15:15   1,7   00:37  13,9   0,0   2,2   0,8   9,6   00:47   SSW
19   5,4  10,3   11:12   1,6   23:57  12,9   0,0   0,0   2,7  38,6   11:21   ESE
20   2,3   7,3   15:48  -0,9   07:16  16,0   0,0   0,0   1,7  15,5   18:03     N
21   2,0   5,6   16:20  -0,5   05:55  16,3   0,0   0,0   2,2  17,4   01:46     N
22   3,3   7,5   13:22  -0,9   04:54  15,0   0,0   0,0   1,5  17,4   13:41    NW
23   5,1   9,6   14:11   1,1   06:59  13,2   0,0   0,0   1,8  19,3   10:46   ESE
24   6,4  12,2   15:16   1,6   06:32  11,9   0,0   0,0   1,3  13,6   13:03    NW
25   7,5  13,0   11:44   4,5   04:00  10,8   0,0   0,0   1,9  17,4   12:03    SE
26   6,8  10,3   11:32   4,1   04:28  11,5   0,0   0,0   1,1  17,4   23:18   ESE
27  12,5  20,3   15:45   6,7   23:01   6,0   0,2   0,0   2,4  27,0   00:02   NNW
28   7,7  11,9   12:27   4,0   07:56  10,6   0,0   0,0   3,0  17,4   00:59   NNE
29   6,1  11,1   14:54   2,6   05:46  12,2   0,0   0,0   1,8  15,5   00:00    NW
30   6,4  11,6   15:44   2,4   07:05  11,9   0,0   0,0   1,3  13,6   04:38    NE
31   6,9  11,7   13:35   3,0   07:13  11,4   0,0   0,0   1,6  15,5   00:15   NNE
----------------------------------------------------------------------------------
     5,2  20,3    27    -0,9    20   405,6   0,2  56,4   1,4  38,6    19       N

Max >=  30,0:  0
Max <=  20,0: 30
Min <=  20,0: 31
Min <=  15,0: 31
Max Rain: 40,5 on day 5
Days of Rain: 8 (>= 0,1 mm)  5 (>= 1,0 mm)  1 (>= 10,0 mm)
Heat Base: 18,3  Cool Base: 18,3  Method: Integration