Riassunti climatici stile NOAA



Report 2023 Novembre
´╗┐                   Monthly Climatological Summary for nov 2023

Name: www.meteoalbese.it   City: Albese con Cassano (CO)   State: Italia
Elevation: 410 m  Lat: N 46┬° 19' 60"   Lon: E 009┬° 15' 31"

                  Temperature (┬°C), Rain (mm), Wind Speed (km/h)

                                      Heat  Cool        Avg
    Mean                              Deg   Deg         Wind                 Dom
Day Temp  High   Time   Low    Time   Days  Days  Rain  Speed High   Time    Dir
----------------------------------------------------------------------------------
 1  10,6  13,2   11:16   8,0   06:38   7,7   0,0   0,6   0,9  17,4   05:41    NE
 2  10,7  11,9   16:05  10,0   16:44   7,6   0,0  49,7   1,7  28,9   14:41    SE
 3  10,1  14,2   15:12   6,7   23:28   8,2   0,0  26,3   3,2  50,2   07:54   WNW
 4   7,7  10,6   13:59   5,2   06:05  10,6   0,0  16,2   1,2  19,3   03:40   NNE
 5   9,6  14,7   15:19   6,7   07:37   8,7   0,0   2,2   1,2  19,3   22:57    NW
 6  10,7  14,7   14:59   6,4   06:51   7,6   0,0   1,4   2,2  19,3   12:33   ENE
 7   9,7  13,4   15:22   6,9   23:38   8,6   0,0  34,3   1,7  17,4   13:12   ENE
 8   8,5  14,6   15:52   5,1   03:55   9,8   0,0   0,0   2,0  17,4   17:05     N
 9   7,5   9,3   10:48   6,0   03:26  10,8   0,0  11,6   0,9  17,4   00:38    NW
10   7,8  11,2   15:11   5,0   23:32  10,5   0,0   0,2   0,6  15,5   16:43   WNW
11   8,5  15,0   12:26   4,0   03:46   9,8   0,0   0,0   1,6  30,8   12:17    NW
12   7,4  11,4   15:22   5,0   23:49  10,9   0,0   0,0   1,1  15,5   00:39     N
13   8,8  13,5   15:13   4,9   04:19   9,5   0,0   0,0   0,8  15,5   02:55    NW
14  10,4  14,7   12:14   7,6   04:12   7,9   0,0   0,0   0,8  15,5   21:19    SW
15  13,2  19,0   15:06   7,7   05:36   5,1   0,1   0,0   2,1  28,9   14:34   NNW
16  10,5  13,5   12:16   8,1   21:48   7,8   0,0   0,0   0,7  15,5   03:24     E
17  12,6  15,7   11:14   6,1   03:45   5,7   0,0   0,0   5,6  52,2   08:39    NW
18  11,3  14,7   14:59   8,0   22:44   7,0   0,0   0,0   2,3  38,6   03:19    NW
19   9,3  14,8   15:11   5,4   07:26   9,0   0,0   0,0   0,8  15,5   19:11   NNW
20   8,9  13,5   15:01   5,2   07:27   9,4   0,0   0,0   0,9  15,5   00:52    NW
21   8,9  12,4   15:02   6,3   08:18   9,4   0,0   0,0   1,1  17,4   18:51     E
22   9,0  14,5   15:22   5,9   01:03   9,3   0,0   0,0   1,1  17,4   01:41     N
23   8,3  13,6   15:52   5,6   04:13  10,0   0,0   0,0   1,5  17,4   06:59   NNW
24  10,0  16,0   18:09   4,3   06:08   8,3   0,0   0,0   2,9  46,3   21:10    NW
25   7,1  10,0   00:00   4,1   20:44  11,2   0,0   0,0   3,7  52,2   14:37   WNW
26   7,7  12,4   15:29   4,3   22:41  10,6   0,0   0,0   2,8  48,2   08:30   WNW
27   4,6   6,7   13:13   2,5   07:15  13,7   0,0   0,0   0,1  15,5   01:26     N
28   6,6  13,4   15:33   1,1   07:13  11,7   0,0   0,0   1,8  34,8   20:33   WNW
29   6,0   9,0   11:57   3,2   08:04  12,3   0,0   0,0   1,2  32,9   03:06     N
30   3,4   4,7   03:20   2,2   10:15  14,9   0,0   3,4   0,1   7,7   00:14     W
----------------------------------------------------------------------------------
     8,8  19,0    15     1,1    28   283,6   0,1 145,9   1,6  52,2    17     NNW

Max >=  30,0:  0
Max <=  20,0: 30
Min <=  20,0: 30
Min <=  15,0: 30
Max Rain: 49,7 on day 2
Days of Rain: 10 (>= 0,1 mm)  8 (>= 1,0 mm)  5 (>= 10,0 mm)
Heat Base: 18,3  Cool Base: 18,3  Method: Integration