Riassunti climatici stile NOAA



Report 2023 Settembre
´╗┐                   Monthly Climatological Summary for set 2023

Name: www.meteoalbese.it   City: Albese con Cassano (CO)   State: Italia
Elevation: 410 m  Lat: N 46┬° 19' 60"   Lon: E 009┬° 15' 31"

                  Temperature (┬°C), Rain (mm), Wind Speed (km/h)

                                      Heat  Cool        Avg
    Mean                              Deg   Deg         Wind                 Dom
Day Temp  High   Time   Low    Time   Days  Days  Rain  Speed High   Time    Dir
----------------------------------------------------------------------------------
 1  20,4  25,9   15:54  16,2   04:58   0,4   2,5   0,0   2,2  19,3   00:51   NNW
 2  21,6  28,0   18:28  17,4   06:26   0,1   3,5   0,0   2,1  19,3   23:49   NNE
 3  22,8  28,5   16:46  18,3   07:18   0,0   4,5   0,0   2,9  21,2   22:05    NW
 4  23,1  27,4   14:24  19,6   06:29   0,0   4,8   0,0   2,4  21,2   21:03    NE
 5  20,8  24,1   18:00  17,7   23:48   0,1   2,5   0,0   1,6  19,3   22:23    NE
 6  21,3  27,9   17:03  16,7   06:48   0,4   3,3   0,0   2,5  19,3   21:21     N
 7  22,2  28,1   17:10  18,4   03:45   0,0   3,9   0,0   3,0  23,2   00:19     N
 8  22,4  28,5   16:14  18,4   05:14   0,0   4,1   0,0   2,9  21,2   01:19     N
 9  22,8  29,1   16:29  18,9   06:56   0,0   4,5   0,0   2,9  23,2   22:48     N
10  23,4  29,9   16:59  19,2   07:03   0,0   5,1   0,0   2,8  23,2   21:46   NNW
11  23,5  29,5   17:04  19,7   06:32   0,0   5,2   0,0   2,7  19,3   00:40    NW
12  23,2  28,3   17:10  20,0   06:32   0,0   4,9   0,0   2,4  19,3   00:37    NW
13  19,4  20,9   01:23  17,6   10:55   0,0   1,1  19,8   1,4  19,3   13:30   NNW
14  20,6  26,4   17:18  16,5   07:17   0,4   2,7  17,6   2,3  28,9   23:50     E
15  18,3  24,2   17:58  15,1   07:35   0,9   0,9 105,4   2,6  28,9   22:48    NW
16  20,2  24,4   16:13  17,9   00:54   0,0   2,0   0,6   1,9  17,4   03:18    NW
17  20,7  25,6   16:13  17,5   07:22   0,2   2,6  17,6   1,6  15,5   15:15    NW
18  20,2  23,0   13:41  17,8   22:43   0,0   1,9  22,9   2,9  40,6   17:50   NNE
19  20,4  26,0   16:57  16,6   06:36   0,4   2,5   0,3   2,4  19,3   21:24   NNW
20  20,0  23,3   16:06  17,0   23:54   0,1   1,8   1,4   1,7  19,3   12:37     E
21  18,2  21,1   13:40  16,8   06:26   0,5   0,4   8,0   1,7  15,5   11:25   ESE
22  17,2  18,5   01:34  15,7   23:56   1,1   0,0  32,7   2,8  23,2   01:39   ESE
23  17,1  21,2   14:32  14,6   08:08   1,5   0,3   0,0   3,0  25,1   04:59   ENE
24  17,3  22,9   16:08  12,3   07:24   2,0   1,0   0,0   2,3  23,2   01:42   NNW
25  17,0  24,0   16:28  12,0   06:26   2,5   1,1   0,0   2,8  19,3   21:55    NW
26  18,7  25,1   17:14  14,2   07:18   1,4   1,8   0,0   1,9  17,4   07:54     N
27  19,9  25,8   16:46  16,1   06:06   0,5   2,1   0,0   3,3  23,2   01:11    NW
28  20,2  26,2   16:58  16,7   05:23   0,3   2,2   0,0   2,8  19,3   00:11   NNW
29  20,1  25,9   17:08  16,2   07:22   0,5   2,2   0,0   2,9  21,2   04:08   NNW
30  20,5  26,3   16:25  16,7   06:42   0,3   2,6   0,0   2,4  19,3   03:52   NNW
----------------------------------------------------------------------------------
    20,5  29,9    10    12,0    25    13,6  78,0 226,3   2,4  40,6    18       N

Max >=  30,0:  0
Max <=  20,0:  1
Min <=  20,0: 30
Min <=  15,0:  4
Max Rain: 105,4 on day 15
Days of Rain: 10 (>= 0,1 mm)  8 (>= 1,0 mm)  6 (>= 10,0 mm)
Heat Base: 18,3  Cool Base: 18,3  Method: Integration