Riassunti climatici stile NOAA



Report 2023 Agosto
´╗┐                   Monthly Climatological Summary for ago 2023

Name: www.meteoalbese.it   City: Albese con Cassano (CO)   State: Italia
Elevation: 410 m  Lat: N 46┬° 19' 60"   Lon: E 009┬° 15' 31"

                  Temperature (┬°C), Rain (mm), Wind Speed (km/h)

                                      Heat  Cool        Avg
    Mean                              Deg   Deg         Wind                 Dom
Day Temp  High   Time   Low    Time   Days  Days  Rain  Speed High   Time    Dir
----------------------------------------------------------------------------------
 1  22,8  27,0   18:43  19,9   05:57   0,0   4,5  39,0   2,3  19,3   22:58    NW
 2  23,2  27,6   15:33  19,2   03:59   0,0   4,9   1,0   2,0  19,3   22:33     E
 3  23,4  28,9   16:20  20,1   23:46   0,0   5,1   0,2   2,2  21,2   18:08    NE
 4  21,5  25,0   16:30  19,5   07:12   0,0   3,2   0,0   2,0  21,2   17:07    NE
 5  21,4  26,8   16:16  16,9   02:38   0,2   3,3   0,0   3,4  25,1   03:02   SSE
 6  22,2  27,4   16:17  16,7   06:12   0,1   4,0   0,0   4,0  32,9   16:48   WNW
 7  21,2  25,7   18:30  17,2   06:29   0,1   3,0   0,0   4,3  32,9   15:47    NW
 8  20,9  26,7   18:31  17,4   07:20   0,1   2,7   0,0   2,7  32,9   15:29   NNW
 9  21,9  28,5   17:12  16,6   05:48   0,2   3,8   0,0   2,6  23,2   21:18    NW
10  22,6  28,9   16:09  17,4   06:02   0,1   4,4   0,0   2,7  19,3   14:51     N
11  23,6  30,3   17:38  19,1   04:50   0,0   5,3   0,0   2,5  21,2   22:35   NNW
12  24,6  30,4   17:15  19,6   05:13   0,0   6,3   0,0   2,5  21,2   21:34   NNW
13  25,5  32,0   16:15  20,6   06:37   0,0   7,2   0,0   2,9  19,3   15:16   NNW
14  26,2  32,0   16:34  21,6   05:38   0,0   7,9   0,4   3,0  21,2   23:57   NNW
15  26,2  32,1   17:09  21,4   05:43   0,0   7,9   0,0   3,2  21,2   22:56    NW
16  26,6  32,4   17:49  22,4   06:43   0,0   8,3   0,0   2,0  19,3   00:26   NNW
17  25,3  31,4   17:18  20,4   06:22   0,0   7,0   1,2   2,3  27,0   18:41   WNW
18  25,6  32,7   18:06  20,2   06:02   0,0   7,3   0,0   2,1  27,0   17:40   NNW
19  26,6  33,1   17:11  21,8   06:36   0,0   8,3   0,0   3,3  23,2   19:48   NNW
20  27,5  34,5   17:13  23,0   06:01   0,0   8,8   0,0   3,9  23,2   21:40   NNW
21  28,2  35,2   16:58  23,8   06:17   0,0   9,9   0,0   3,3  23,2   21:39   NNW
22  28,6  36,0   18:07  24,3   06:56   0,0  10,3   0,0   3,2  21,2   22:31   NNW
23  29,1  35,7   17:16  24,4   06:43   0,0  10,8   0,0   3,3  21,2   22:21   NNW
24  28,6  35,4   15:25  24,9   07:08   0,0  10,3   0,0   3,0  21,2   21:20   NNW
25  28,5  34,4   17:11  24,5   06:30   0,0  10,2   0,0   3,2  23,2   01:45    NE
26  24,4  29,4   13:41  20,9   04:45   0,0   6,1   6,1   1,9  30,8   03:09     N
27  20,9  23,1   09:10  18,5   22:08   0,0   2,6  41,4   2,4  30,8   02:08   ENE
28  17,9  21,4   05:50  14,9   12:13   0,9   0,5  47,5   4,0  48,2   13:55   NNW
29  19,9  24,8   13:22  15,5   22:51   0,5   2,1   0,4   2,6  48,2   12:54   NNE
30  18,8  24,9   17:41  14,9   04:53   1,3   1,8   0,0   2,5  36,7   05:11     N
31  19,2  24,2   14:23  14,9   05:36   1,0   1,9   0,0   2,2  21,2   21:07     N
----------------------------------------------------------------------------------
    24,0  36,0    22    14,9    28     4,5 179,7 137,2   2,8  48,2    28     NNW

Max >=  30,0: 15
Max <=  20,0:  0
Min <=  20,0: 16
Min <=  15,0:  3
Max Rain: 47,5 on day 28
Days of Rain: 9 (>= 0,1 mm)  6 (>= 1,0 mm)  3 (>= 10,0 mm)
Heat Base: 18,3  Cool Base: 18,3  Method: Integration