Riassunti climatici stile NOAA



Report 2023 Luglio
´╗┐                   Monthly Climatological Summary for lug 2023

Name: www.meteoalbese.it   City: Albese con Cassano (CO)   State: Italia
Elevation: 410 m  Lat: N 46┬° 19' 60"   Lon: E 009┬° 15' 31"

                  Temperature (┬°C), Rain (mm), Wind Speed (km/h)

                                      Heat  Cool        Avg
    Mean                              Deg   Deg         Wind                 Dom
Day Temp  High   Time   Low    Time   Days  Days  Rain  Speed High   Time    Dir
----------------------------------------------------------------------------------
 1  20,6  26,7   18:09  16,0   05:26   0,6   3,0   1,8   2,1  21,2   12:09    NW
 2  23,2  29,4   17:25  18,1   05:52   0,0   5,0   0,0   2,9  19,3   21:56   NNW
 3  23,6  29,3   16:36  19,2   05:34   0,0   5,3   9,7   2,0  19,3   11:10   WNW
 4  22,3  28,1   16:51  17,5   05:00   0,1   4,0  14,0   2,6  19,3   03:41   ESE
 5  21,2  27,3   14:59  16,5   04:44   0,3   3,2   8,9   2,7  23,2   02:40     N
 6  20,6  24,6   17:57  18,4   23:59   0,0   2,3   0,0   2,4  23,2   01:39     E
 7  22,5  29,6   17:42  16,6   05:47   0,3   4,5   0,0   2,5  19,3   13:51   ENE
 8  24,0  30,2   17:16  18,8   07:00   0,0   5,7   0,6   3,0  21,2   21:56    NW
 9  25,8  33,3   18:07  20,5   05:50   0,0   7,5   0,0   3,1  23,2   23:51   NNW
10  27,7  34,3   18:27  22,6   05:59   0,0   9,4   0,0   3,1  23,2   22:50   NNW
11  28,1  34,2   16:45  23,6   06:08   0,0   9,8   0,0   2,7  21,2   21:41     N
12  24,5  28,1   13:02  17,9   22:54   0,0   5,2  54,0   3,4  65,6   07:18     N
13  22,7  28,4   17:12  17,7   03:13   0,1   4,4   0,6   2,6  65,6   06:16    NE
14  22,8  27,2   18:39  20,1   02:29   0,0   4,5   0,0   1,9  19,3   00:14     N
15  25,5  31,2   16:50  21,5   05:10   0,0   7,2   0,0   2,0  19,3   23:16   NNE
16  26,6  32,6   16:44  22,0   06:01   0,0   8,3   0,0   3,1  23,2   21:18     N
17  27,3  34,1   16:22  22,0   05:50   0,0   9,0   0,0   2,5  23,2   20:17   NNE
18  27,2  31,9   18:33  22,7   06:15   0,0   8,9   0,0   2,5  19,3   20:05     E
19  27,4  33,1   15:24  23,6   06:06   0,0   9,1   1,8   2,5  17,4   08:41   NNW
20  26,4  32,8   15:50  21,6   05:29   0,0   7,7   0,0   2,7  19,3   21:37     N
21  23,2  28,4   17:17  19,4   11:38   0,0   4,9  17,4   2,4  23,2   20:26    NE
22  23,4  29,3   16:20  18,3   06:35   0,0   5,1   0,0   2,6  23,2   19:25     N
23  24,2  30,1   17:35  21,2   02:12   0,0   5,9   0,0   2,3  21,2   22:06   NNE
24  20,9  23,8   08:23  18,6   14:21   0,0   2,6  28,6   2,5  25,1   19:34   NNW
25  22,0  27,7   16:57  16,4   06:46   0,2   3,9   5,5   3,1  44,4   03:02   WNW
26  23,1  27,7   17:27  17,8   05:02   0,0   4,9   0,0   4,6  44,4   03:02    NW
27  21,2  26,8   18:32  16,4   04:31   0,3   3,2   0,0   3,0  34,8   08:33    NE
28  22,6  28,4   17:21  17,9   06:15   0,0   4,4   0,0   2,6  23,2   00:05    NW
29  23,4  28,7   16:12  18,7   05:06   0,0   5,1  19,0   2,3  32,9   22:38     N
30  22,7  29,2   17:57  17,2   04:59   0,1   4,5   1,4   2,4  32,9   21:37    NW
31  24,0  29,6   18:09  19,8   07:24   0,0   5,7  27,5   2,4  21,2   21:26   NNE
----------------------------------------------------------------------------------
    23,9  34,3    10    16,0     1     2,0 174,2 190,8   2,7  65,6    12       N

Max >=  30,0: 11
Max <=  20,0:  0
Min <=  20,0: 20
Min <=  15,0:  0
Max Rain: 54,0 on day 12
Days of Rain: 14 (>= 0,1 mm)  12 (>= 1,0 mm)  6 (>= 10,0 mm)
Heat Base: 18,3  Cool Base: 18,3  Method: Integration