Riassunti climatici stile NOAA



Report 2023 Aprile
´╗┐                   Monthly Climatological Summary for apr 2023

Name: www.meteoalbese.it   City: Albese con Cassano (CO)   State: Italia
Elevation: 410 m  Lat: N 46┬° 19' 60"   Lon: E 009┬° 15' 31"

                  Temperature (┬°C), Rain (mm), Wind Speed (km/h)

                                      Heat  Cool        Avg
    Mean                              Deg   Deg         Wind                 Dom
Day Temp  High   Time   Low    Time   Days  Days  Rain  Speed High   Time    Dir
----------------------------------------------------------------------------------
 1  11,9  19,3   18:35   5,5   06:12   6,5   0,0   0,0   3,6  25,1   12:51    NW
 2  12,6  17,7   15:20   7,7   06:43   5,7   0,0   0,0   4,1  21,2   03:46    NE
 3  12,3  17,2   15:38   8,1   06:39   6,0   0,0   0,0   7,9  23,2   08:57    SE
 4   8,4  12,3   17:45   4,7   06:22   9,7   0,0   0,0   4,3  21,2   14:28    SE
 5   7,0  11,7   15:59   2,9   06:55  11,3   0,0   0,0   3,6  19,3   11:19     E
 6   8,1  13,9   16:29   2,6   06:13  10,2   0,0   0,0   4,7  27,0   13:45    NW
 7   9,0  14,0   16:19   5,6   06:49   9,3   0,0   0,0   3,5  28,9   14:35   NNW
 8  11,2  17,4   15:17   5,6   06:47   7,1   0,0   0,0   3,1  25,1   21:03     N
 9  11,3  16,7   16:57   6,5   06:10   7,0   0,0   0,0   3,8  21,2   16:51   ESE
10  12,0  16,5   15:42   7,8   06:23   6,3   0,0   0,0   2,8  21,2   14:47    SE
11  13,8  19,2   16:26   9,1   06:49   4,5   0,1   0,0   3,5  23,2   18:31   WNW
12  12,2  14,9   15:37   9,2   23:12   6,1   0,0   6,7   1,8  21,2   19:37    SE
13   9,6  11,5   14:42   7,2   23:18   8,6   0,0  13,7   2,7  44,4   15:43    NW
14  11,9  18,2   16:54   5,4   05:32   6,4   0,0   0,0   3,4  30,8   14:04    NW
15  12,2  17,6   18:05   7,2   05:32   6,1   0,0   0,0   2,3  21,2   16:44    NW
16  13,4  19,8   16:08   6,6   07:07   5,0   0,1   0,0   2,8  28,9   19:28    SE
17  13,6  18,7   17:44   8,2   06:11   4,7   0,0   0,0   3,4  23,2   12:54   ENE
18  15,2  21,1   15:35  10,3   06:35   3,5   0,4   0,0   2,4  21,2   14:34     E
19  15,8  21,9   17:32  10,9   06:05   3,2   0,6   1,0   3,5  21,2   02:41     N
20  10,0  12,3   00:07   8,4   21:30   8,3   0,0  43,8   2,6  27,0   19:29    SE
21  10,6  15,1   15:42   7,5   05:16   7,7   0,0  32,4   2,2  17,4   15:06    NW
22  14,0  20,2   18:09   8,9   06:13   4,5   0,2   0,0   1,9  17,4   22:05    NW
23  15,4  19,9   16:22  12,4   02:05   3,1   0,2   0,6   2,5  17,4   15:32   NNE
24  14,9  21,5   16:50   8,8   07:06   3,9   0,6   5,8   2,8  25,1   13:39   WNW
25  13,4  19,0   15:57   8,9   23:53   4,9   0,0   0,2   3,3  27,0   19:02     N
26  13,8  19,7   15:46   7,8   03:13   4,7   0,3   0,0   2,8  23,2   23:33   NNE
27  14,9  21,0   18:04  10,0   05:06   3,8   0,4   0,0   3,7  19,3   01:53    NE
28  16,0  21,7   15:34  11,0   05:18   3,0   0,7   0,0   3,0  19,3   06:03    NW
29  16,2  19,9   19:19  13,2   06:00   2,4   0,3   0,0   1,4  15,5   10:02   SSE
30  16,0  19,0   13:35  13,6   23:46   2,3   0,0   0,0   1,8  19,3   14:10   ESE
----------------------------------------------------------------------------------
    12,6  21,9    19     2,6     6   175,8   3,9 104,2   3,2  44,4    13     NNE

Max >=  30,0:  0
Max <=  20,0: 24
Min <=  20,0: 30
Min <=  15,0: 30
Max Rain: 43,8 on day 20
Days of Rain: 8 (>= 0,1 mm)  6 (>= 1,0 mm)  3 (>= 10,0 mm)
Heat Base: 18,3  Cool Base: 18,3  Method: Integration