Riassunti climatici stile NOAA



Report 2023 Marzo
´╗┐                   Monthly Climatological Summary for mar 2023

Name: www.meteoalbese.it   City: Albese con Cassano (CO)   State: Italia
Elevation: 410 m  Lat: N 46┬° 19' 60"   Lon: E 009┬° 15' 31"

                  Temperature (┬°C), Rain (mm), Wind Speed (km/h)

                                      Heat  Cool        Avg
    Mean                              Deg   Deg         Wind                 Dom
Day Temp  High   Time   Low    Time   Days  Days  Rain  Speed High   Time    Dir
----------------------------------------------------------------------------------
 1   4,4   9,0   14:11   1,1   07:01  13,9   0,0   0,6   2,5  19,3   01:20    NW
 2   5,8  10,5   15:36   2,9   02:16  12,5   0,0   0,0   1,8  17,4   12:03   WNW
 3   8,3  13,8   15:17   4,0   05:14  10,0   0,0   0,0   2,5  17,4   18:52   NNE
 4   9,1  14,4   16:03   5,1   06:04   9,2   0,0   0,0   2,7  19,3   13:58   NNE
 5   9,3  14,6   15:21   4,6   07:22   9,0   0,0   0,0   3,1  19,3   06:10     N
 6   8,9  12,6   15:18   6,0   06:02   9,4   0,0   0,0   2,1  21,2   03:22   NNW
 7   8,3  11,6   16:33   5,7   03:43  10,0   0,0   0,2   1,7  17,4   23:07   NNW
 8   9,0  13,1   16:11   4,7   07:05   9,3   0,0   0,0   2,3  15,5   01:02   NNW
 9  11,9  18,9   16:34   7,1   07:20   6,4   0,0   1,6   1,8  19,3   14:03    NW
10  12,6  16,6   16:21   9,7   06:22   5,7   0,0   0,0   2,8  27,0   21:37   WNW
11  15,0  20,5   16:06   8,8   07:14   3,6   0,3   0,0   4,7  32,9   00:31    NW
12  11,3  16,8   16:03   6,9   07:00   7,0   0,0   0,0   2,6  19,3   04:44     E
13  10,6  15,1   14:57   7,2   02:23   7,7   0,0   3,4   1,5  15,5   00:34   ENE
14  11,0  14,6   15:38   8,4   06:04   7,3   0,0  25,9   3,8  42,5   21:33   WNW
15  10,5  13,7   15:24   7,4   23:57   7,8   0,0   0,0   5,3  48,2   01:08   NNW
16   9,0  14,0   16:22   4,6   06:40   9,3   0,0   0,0   2,9  19,3   11:58   ESE
17   8,9  13,9   15:26   4,4   06:38   9,4   0,0   0,0   3,5  17,4   01:25   NNE
18  10,2  15,5   15:10   5,9   05:18   8,1   0,0   0,0   3,2  17,4   02:10   NNE
19  10,7  14,8   13:52   6,6   07:00   7,6   0,0   0,0   2,1  17,4   00:29     N
20  10,9  16,5   15:51   6,7   04:43   7,4   0,0   0,0   3,2  15,5   01:05   NNE
21  12,9  18,5   16:13   7,8   05:46   5,4   0,0   0,0   2,9  15,5   00:17     N
22  14,4  20,5   15:32   9,4   07:24   4,2   0,3   0,0   3,6  17,4   00:05   NNE
23  14,2  19,3   15:52  10,2   05:22   4,2   0,1   0,0   3,3  19,3   22:59   WSW
24  12,1  14,0   15:56  10,1   02:49   6,2   0,0   0,0   1,1  11,6   20:45    NW
25  14,8  20,0   14:51   8,9   06:24   3,7   0,2   0,0   5,4  32,9   12:41   WNW
26  10,3  14,2   11:44   6,9   22:41   7,7   0,0   3,0   2,0  34,8   15:56   ESE
27  10,9  15,5   15:18   6,5   00:19   7,4   0,0   0,0   8,5  59,9   21:55    NW
28   9,8  16,3   15:35   3,7   07:20   8,5   0,0   0,0   3,5  32,9   01:45    NW
29  11,0  16,9   17:25   5,5   07:10   7,3   0,0   0,0   3,2  25,1   16:04    NW
30  11,0  12,3   17:38  10,2   02:24   7,3   0,0   3,4   1,3  21,2   13:36    NW
31  10,4  11,6   13:02   7,8   23:45   7,9   0,0   0,4   1,2  15,5   05:44    NW
----------------------------------------------------------------------------------
    10,6  20,5    11     1,1     1   240,4   0,9  38,5   3,0  59,9    27     NNW

Max >=  30,0:  0
Max <=  20,0: 29
Min <=  20,0: 31
Min <=  15,0: 31
Max Rain: 25,9 on day 14
Days of Rain: 8 (>= 0,1 mm)  5 (>= 1,0 mm)  1 (>= 10,0 mm)
Heat Base: 18,3  Cool Base: 18,3  Method: Integration