Riassunti climatici stile NOAA



Report 2023 Febbraio
´╗┐                   Monthly Climatological Summary for feb 2023

Name: www.meteoalbese.it   City: Albese con Cassano (CO)   State: Italia
Elevation: 410 m  Lat: N 46┬° 19' 60"   Lon: E 009┬° 15' 31"

                  Temperature (┬°C), Rain (mm), Wind Speed (km/h)

                                      Heat  Cool        Avg
    Mean                              Deg   Deg         Wind                 Dom
Day Temp  High   Time   Low    Time   Days  Days  Rain  Speed High   Time    Dir
----------------------------------------------------------------------------------
 1   7,6  13,7   15:27   2,1   06:43  10,7   0,0   0,0   2,7  23,2   20:05    NW
 2  11,1  15,2   12:51   6,3   06:46   7,2   0,0   0,0   4,8  30,8   12:23    NW
 3   9,8  15,4   15:51   5,6   05:41   8,5   0,0   0,0   2,5  21,2   14:58   NNW
 4  13,4  18,4   11:25   6,6   23:54   4,9   0,0   0,0   4,2  42,5   18:35    NW
 5   5,2   7,6   12:07   2,4   07:24  13,1   0,0   0,0   3,5  19,3   13:49   ESE
 6   3,2   4,5   13:19   0,4   23:49  15,1   0,0   0,0   2,1  23,2   22:25    SE
 7   1,6   6,6   15:54  -1,6   07:52  16,7   0,0   0,0   2,7  23,2   11:39    NW
 8   1,2   5,1   15:40  -1,2   06:18  17,1   0,0   0,0   2,7  17,4   14:27   NNE
 9   0,5   4,4   15:51  -1,4   04:22  17,8   0,0   0,0   3,7  25,1   11:03   WNW
10   1,7   7,4   16:04  -2,1   07:02  16,6   0,0   0,0   3,8  19,3   19:30   NNE
11   4,6  10,8   14:54  -0,6   07:56  13,7   0,0   0,0  ----  19,3   01:13   NNW
12   7,9  14,7   15:19   3,0   07:56  10,4   0,0   0,0  ----  19,3   21:28   ESE
13   7,5  12,9   15:31   3,8   02:34  10,8   0,0   0,0  ----  21,2   06:36     N
14   8,5  16,7   15:58   2,9   06:49   9,8   0,0   0,0  ----  15,5   14:49    NW
15  10,4  17,7   15:47   4,6   06:40   7,9   0,0   0,0  ----  19,3   19:58   NNE
16   9,4  13,9   14:52   5,5   08:05   8,9   0,0   0,0  ----  17,4   02:14     N
17   8,7  14,2   15:16   4,9   04:16   9,6   0,0   0,0  ----  17,4   12:01    NW
18   9,4  14,3   15:03   5,1   04:40   8,9   0,0   0,0  ----  23,2   11:57    NW
19   8,9  14,8   16:06   5,4   07:46   9,4   0,0   0,0   5,4  23,2   11:59    NW
20   8,4  12,6   15:26   5,5   03:22   9,8   0,0   0,0   1,5  15,5   14:57     E
21   9,6  12,9   15:47   5,7   03:06   8,7   0,0   0,0   2,9  21,2   11:02    NW
22  10,1  12,4   13:23   8,4   08:00   8,2   0,0   0,0   1,3  13,6   12:13     W
23   9,8  12,4   15:08   7,5   07:36   8,5   0,0   0,0   0,6  15,5   14:48    SE
24   9,3  11,0   15:11   8,1   23:58   9,0   0,0   2,8  ----  13,6   12:01    SW
25   9,3  14,7   14:12   6,0   07:47   9,0   0,0   0,0  ----  17,4   13:15   WNW
26   4,5   9,4   01:32   1,0   23:19  13,8   0,0   1,4  ----  28,9   05:34   ESE
27   2,3   4,2   15:00   0,7   05:05  16,0   0,0   1,9  ----   9,6   12:33   WNW
28   3,2   7,4   15:09   0,9   05:11  15,0   0,0   1,2   6,0  17,4   22:30   NNW
----------------------------------------------------------------------------------
     7,0  18,4     4    -2,1    10   315,1   0,0   7,3   3,0  42,5     4     NNW

Max >=  30,0:  0
Max <=  20,0: 28
Min <=  20,0: 28
Min <=  15,0: 28
Max Rain: 2,8 on day 24
Days of Rain: 4 (>= 0,1 mm)  4 (>= 1,0 mm)  0 (>= 10,0 mm)
Heat Base: 18,3  Cool Base: 18,3  Method: Integration