Riassunti climatici stile NOAA



Report 2023 Gennaio
´╗┐                   Monthly Climatological Summary for gen 2023

Name: www.meteoalbese.it   City: Albese con Cassano (CO)   State: Italia
Elevation: 410 m  Lat: N 46┬° 19' 60"   Lon: E 009┬° 15' 31"

                  Temperature (┬°C), Rain (mm), Wind Speed (km/h)

                                      Heat  Cool        Avg
    Mean                              Deg   Deg         Wind                 Dom
Day Temp  High   Time   Low    Time   Days  Days  Rain  Speed High   Time    Dir
----------------------------------------------------------------------------------
 1   8,6   9,7   13:01   7,6   04:37   9,7   0,0   5,5   0,1   7,7   03:50    SW
 2   8,9   9,3   14:01   8,5   07:34   9,4   0,0   3,6   0,1   9,6   09:45     S
 3   8,8   9,2   16:01   8,3   21:48   9,5   0,0   3,7   0,0   3,8   17:29    SW
 4   8,2  10,3   14:07   6,1   23:08  10,0   0,0   0,0   0,3   9,6   10:17   WSW
 5   8,2  13,8   15:40   5,6   07:39  10,1   0,0   0,2   1,1  17,4   16:02   WNW
 6   5,7   6,5   13:42   4,0   01:35  12,6   0,0   0,0  ----   9,6   05:14     N
 7   5,6   6,6   12:44   4,3   05:50  12,7   0,0   0,4  ----   9,6   16:24   WSW
 8   5,8   6,2   14:00   5,2   21:29  12,5   0,0  18,0  ----  11,6   20:04   WSW
 9   7,2  11,3   15:56   5,1   00:12  11,1   0,0   1,2  ----  30,8   21:49   WNW
10   8,9  12,3   15:26   4,4   23:56   9,4   0,0   0,0  ----  44,4   10:22    NW
11   5,8   9,1   15:27   3,5   02:34  12,5   0,0   0,0  ----  11,6   01:10    NW
12   5,8  10,6   14:44   2,4   06:57  12,5   0,0   0,0  ----  17,4   02:24   NNE
13   6,0  11,0   15:42   3,6   23:58  12,3   0,0   0,0  ----  17,4   05:23    NW
14   6,9  10,5   13:16   3,5   00:25  11,4   0,0   0,0  ----  19,3   03:02   ESE
15   5,2   6,2   11:42   2,9   22:31  13,1   0,0   0,0  ----  11,6   08:10    SW
16   3,1   5,1   10:03   1,5   08:09  15,2   0,0   4,6  ----  17,4   12:49   NNW
17   2,0   2,9   00:19   0,7   05:01  16,3   0,0   2,2  ----  11,6   16:18    NW
18   2,2   6,1   13:01   0,0   06:24  16,1   0,0   0,0  ----  17,4   10:18   ESE
19   1,5   2,8   15:52   0,1   00:28  16,7   0,0   0,6   2,1  30,8   11:41     E
20   2,9   7,1   15:35   0,2   07:58  15,4   0,0   0,0  ----  28,9   16:18   ESE
21   4,9   7,2   15:31   2,9   01:34  13,4   0,0   0,0  ----  34,8   12:20   NNW
22   4,0   7,1   15:06   1,4   23:49  14,3   0,0   0,0  ----  17,4   10:11   NNW
23   3,2   5,1   14:12   0,6   05:15  14,3   0,0   0,0  ----  17,4   15:29   NNW
25   5,4   8,4   15:49   3,1   07:52  12,9   0,0   0,0   1,0  15,5   12:39    NW
26   4,1   5,6   14:52   2,7   20:09  14,2   0,0   0,0   0,7  11,6   20:14   ESE
27   2,5   3,2   00:00   0,4   23:17  15,8   0,0   0,0   0,7   9,6   21:28    SE
28   2,5   7,5   15:40  -0,5   07:31  15,8   0,0   0,0   2,7  17,4   21:29     N
29   2,6   7,5   15:48   0,0   08:25  15,7   0,0   0,0   3,5  19,3   12:44   NNW
30   4,2  11,2   23:19  -0,1   06:47  14,1   0,0   0,0   3,2  36,7   23:15    NW
31   6,1  12,4   15:31   0,5   05:48  12,2   0,0   0,0   2,7  19,3   01:00    NW
----------------------------------------------------------------------------------
     5,2  13,8     5    -0,5    28   391,2   0,0  40,0   1,4  44,4    10     NNW

Max >=  30,0:  0
Max <=  20,0: 30
Min <=  20,0: 30
Min <=  15,0: 30
Max Rain: 18,0 on day 8
Days of Rain: 10 (>= 0,1 mm)  7 (>= 1,0 mm)  1 (>= 10,0 mm)
Heat Base: 18,3  Cool Base: 18,3  Method: Integration