Riassunti climatici stile NOAA



Report 2022 Ottobre
´╗┐                   Monthly Climatological Summary for ott 2022

Name: www.meteoalbese.it   City: Albese con Cassano (CO)   State: Italia
Elevation: 410 m  Lat: N 46┬° 19' 60"   Lon: E 009┬° 15' 31"

                  Temperature (┬°C), Rain (mm), Wind Speed (km/h)

                                      Heat  Cool        Avg
    Mean                              Deg   Deg         Wind                 Dom
Day Temp  High   Time   Low    Time   Days  Days  Rain  Speed High   Time    Dir
----------------------------------------------------------------------------------
 1  13,8  18,7   15:32  10,6   06:52   4,5   0,0   0,4   2,1  19,3   12:40    NW
 2  16,4  22,6   16:39  11,6   07:53   2,8   0,9   0,0   2,1  19,3   04:21   NNW
 3  17,6  23,5   16:05  12,9   06:51   1,7   1,1   0,0   2,5  23,2   03:28   NNE
 4  17,0  20,9   17:11  13,9   07:32   1,7   0,4   0,0   1,4  17,4   00:19   NNW
 5  17,2  21,0   15:06  15,0   23:32   1,5   0,4   0,0   1,5  19,3   19:46   NNE
 6  16,9  22,1   16:56  13,8   07:38   2,2   0,7   0,0   2,8  19,3   21:50   NNE
 7  17,7  24,1   16:16  14,0   06:22   1,8   1,2   0,0   3,5  25,1   21:50     N
 8  17,5  22,4   14:29  13,9   07:44   1,7   0,9   0,0   2,0  19,3   00:09   NNW
 9  15,1  16,6   00:00  14,1   10:07   3,2   0,0  45,7   0,7  15,5   04:42   NNW
10  15,2  18,2   14:03  13,0   23:45   3,1   0,0   0,0   1,4  17,4   21:21   NNW
11  15,4  21,0   15:42  12,5   06:34   3,2   0,4   0,0   2,8  23,2   22:03     N
12  16,0  20,3   16:24  13,4   07:31   2,6   0,3   0,0   2,7  21,2   01:46     N
13  15,8  19,2   16:12  13,4   06:12   2,6   0,1   0,0   1,9  19,3   00:06     N
14  15,4  19,0   14:24  12,6   06:20   3,0   0,0   0,0   1,9  17,4   20:29   NNE
15  15,8  21,0   16:15  12,9   06:04   2,8   0,4   0,0   2,7  19,3   22:05     N
16  16,3  20,8   16:27  13,9   03:29   2,3   0,3   0,0   2,8  19,3   04:57   NNW
17  16,9  21,9   16:20  13,9   07:53   2,0   0,6   0,0   2,2  19,3   00:06   NNW
18  17,3  22,8   16:27  14,0   07:30   1,9   0,9   0,0   2,4  17,4   13:20    NW
19  17,6  23,2   15:44  14,1   08:24   1,8   1,1   0,0   2,9  21,2   21:41   NNE
20  16,8  19,9   14:45  14,6   06:27   1,8   0,3   0,0   2,0  19,3   01:19     N
21  15,7  16,4   16:08  15,0   18:44   2,6   0,0  17,3   1,0  13,6   19:58   ESE
22  16,7  20,3   15:20  15,1   06:26   1,9   0,3   4,9   1,9  19,3   18:35   ESE
23  15,9  17,0   13:47  14,9   09:48   2,4   0,0   5,5   0,4  13,6   01:55   WNW
24  16,9  18,0   16:08  16,1   23:59   1,4   0,0  12,7   0,4  17,4   18:56     N
25  16,5  19,6   15:24  14,1   05:24   2,0   0,2   0,0   0,8  17,4   20:40     N
26  16,8  21,2   15:49  14,5   06:39   2,0   0,5   0,0   1,3  19,3   23:47   NNW
27  16,6  21,7   16:50  13,6   08:30   2,3   0,6   0,0   2,2  21,2   23:06     N
28  16,6  22,1   16:05  12,9   05:10   2,4   0,7   0,0   2,3  19,3   04:31   NNW
29  17,2  23,6   16:22  13,0   04:53   2,0   0,9   0,0   2,3  21,2   01:48     N
30  17,4  22,8   14:06  13,4   06:06   1,9   0,9   0,0   1,8  17,4   04:17   NNW
31  16,6  21,7   15:11  13,2   05:43   2,3   0,6   0,0   2,6  19,3   18:43   NNE
----------------------------------------------------------------------------------
    16,5  24,1     7    10,6     1    71,4  14,7  86,5   2,0  25,1     7       N

Max >=  30,0:  0
Max <=  20,0: 10
Min <=  20,0: 31
Min <=  15,0: 29
Max Rain: 45,7 on day 9
Days of Rain: 6 (>= 0,1 mm)  5 (>= 1,0 mm)  3 (>= 10,0 mm)
Heat Base: 18,3  Cool Base: 18,3  Method: Integration