Riassunti climatici stile NOAA



Report 2022 Settembre
´╗┐                   Monthly Climatological Summary for set 2022

Name: www.meteoalbese.it   City: Albese con Cassano (CO)   State: Italia
Elevation: 410 m  Lat: N 46┬° 19' 60"   Lon: E 009┬° 15' 31"

                  Temperature (┬°C), Rain (mm), Wind Speed (km/h)

                                      Heat  Cool        Avg
    Mean                              Deg   Deg         Wind                 Dom
Day Temp  High   Time   Low    Time   Days  Days  Rain  Speed High   Time    Dir
----------------------------------------------------------------------------------
 1  22,0  26,6   16:27  18,5   23:46   0,0   3,7   4,2   2,1  17,4   12:56   ESE
 2  20,4  26,2   16:50  15,5   06:29   0,5   2,6   0,6   2,6  19,3   07:05   NNE
 3  19,9  23,7   16:16  16,6   08:26   0,3   1,8   1,9   2,4  19,3   15:04    NE
 4  21,6  28,3   17:51  17,1   04:05   0,3   3,6   0,0   2,9  19,3   01:13     N
 5  22,6  28,3   17:24  19,3   06:39   0,0   4,3   0,0   3,0  17,4   00:21     N
 6  23,5  30,0   16:51  19,6   07:02   0,0   5,2   2,0   2,4  21,2   14:02   NNW
 7  22,1  25,6   15:00  19,2   01:18   0,0   3,8   1,0   1,9  23,2   01:45     E
 8  21,0  27,4   17:45  16,7   06:22   0,3   3,0  65,5   3,2  36,7   01:02     E
 9  20,4  26,4   16:41  15,5   05:43   0,4   2,5  62,2   2,4  36,7   05:31     N
10  19,8  26,3   15:40  14,7   06:13   0,9   2,4   0,0   3,1  23,2   19:44   NNW
11  20,7  27,4   16:36  15,7   07:09   0,5   2,9   0,0   3,1  23,2   22:15     N
12  20,7  27,2   17:30  16,3   07:29   0,5   2,9   0,0   3,2  23,2   01:43     N
13  21,3  26,9   16:41  17,1   06:52   0,2   3,2   0,0   2,6  21,2   00:09     N
14  21,7  25,6   15:57  19,2   07:09   0,0   3,4   0,0   1,3  17,4   11:52   NNE
15  22,6  29,1   17:25  18,1   07:08   0,0   4,3   0,0   2,7  21,2   20:24     N
16  22,4  28,0   15:54  17,8   06:45   0,0   4,1   0,0   2,5  30,8   23:35    NE
17  18,7  22,1   00:00  14,3   07:45   0,7   1,1   0,0   3,3  30,8   00:06   WNW
18  17,7  22,7   15:49  13,5   07:49   1,7   1,1   0,0   3,4  30,8   02:19   WNW
19  18,3  24,0   17:05  12,2   07:22   1,9   1,9   0,0   3,0  28,9   09:59   NNW
20  16,9  22,2   16:57  13,0   08:00   2,1   0,7   0,0   2,6  19,3   04:12     N
21  14,9  18,2   15:53  13,4   02:46   3,4   0,0   0,0   1,2  17,4   00:06   ENE
22  15,0  20,5   16:46  11,5   07:26   3,6   0,3   0,0   1,2  21,2   19:59     N
23  15,2  18,5   16:47  13,0   06:15   3,1   0,0   0,0   0,8  17,4   18:55     N
24  13,2  14,6   00:06  12,0   22:34   5,1   0,0   9,8   0,7  15,5   10:00     N
25  14,0  17,6   14:20  11,6   05:53   4,3   0,0   1,2   0,8  17,4   21:16   NNE
26  14,8  20,7   15:59   9,9   07:25   3,9   0,4   0,0   1,8  17,4   00:53   NNE
27  15,9  22,2   16:33  12,3   07:47   3,0   0,6   0,0   2,2  21,2   16:18    NW
28  14,4  17,2   15:13  11,6   05:18   3,9   0,0   0,0   1,9  21,2   02:40   ENE
29  13,8  17,0   16:23  11,1   23:34   4,5   0,0   9,1   2,0  23,2   19:22    NE
30  12,1  14,2   16:07  11,0   00:01   6,2   0,0  27,7   1,0  17,4   00:24   NNW
----------------------------------------------------------------------------------
    18,6  30,0     6     9,9    26    51,3  59,8 185,2   2,2  36,7     8       N

Max >=  30,0:  1
Max <=  20,0:  7
Min <=  20,0: 30
Min <=  15,0: 15
Max Rain: 65,5 on day 8
Days of Rain: 11 (>= 0,1 mm)  10 (>= 1,0 mm)  3 (>= 10,0 mm)
Heat Base: 18,3  Cool Base: 18,3  Method: Integration