Riassunti climatici stile NOAA



Report 2022 Agosto
´╗┐                   Monthly Climatological Summary for ago 2022

Name: www.meteoalbese.it   City: Albese con Cassano (CO)   State: Italia
Elevation: 410 m  Lat: N 46┬° 19' 60"   Lon: E 009┬° 15' 31"

                  Temperature (┬°C), Rain (mm), Wind Speed (km/h)

                                      Heat  Cool        Avg
    Mean                              Deg   Deg         Wind                 Dom
Day Temp  High   Time   Low    Time   Days  Days  Rain  Speed High   Time    Dir
----------------------------------------------------------------------------------
 1  27,0  34,0   18:17  21,0   06:08   0,0   8,7   0,0   2,7  21,2   20:56     N
 2  26,0  32,2   18:08  21,4   06:49   0,0   7,7   0,0   2,9  21,2   03:10   NNE
 3  26,4  33,3   17:13  21,1   06:10   0,0   8,1   0,0   3,8  21,2   01:51     N
 4  27,6  34,7   18:06  22,2   06:18   0,0   9,3   0,0   3,8  25,1   01:29     N
 5  28,6  35,6   17:19  23,4   06:15   0,0  10,3   0,0   3,3  23,2   16:09   NNW
 6  26,8  34,6   16:30  21,7   20:11   0,0   8,5   6,0   2,2  27,0   20:24    NE
 7  24,3  29,1   15:48  20,4   06:39   0,0   6,0   1,6   2,8  23,2   20:27    SE
 8  24,6  31,4   18:06  19,9   06:35   0,0   6,3   0,0   2,5  19,3   22:05     E
 9  25,5  31,6   18:07  20,8   06:19   0,0   7,2   0,0   2,8  23,2   02:43     N
10  25,2  30,6   17:21  21,5   03:59   0,0   6,9   0,0   3,1  19,3   13:47   ENE
11  25,3  30,8   17:04  21,5   05:15   0,0   7,0   0,0   2,4  17,4   14:13    NE
12  23,8  28,1   15:51  17,4   23:54   0,0   5,6   7,3   3,7  27,0   14:07   ESE
13  21,7  29,1   16:44  15,1   04:58   0,7   4,1   0,0   3,1  23,2   22:45     N
14  22,9  28,2   15:19  18,1   05:43   0,0   4,6   0,0   3,2  21,2   02:43   NNW
15  23,4  29,9   16:36  18,9   05:52   0,0   5,1   0,4   3,3  19,3   02:00    NE
16  23,6  30,4   18:01  18,6   06:47   0,0   5,3   0,0   2,5  30,8   23:53   NNE
17  22,9  27,9   14:35  18,7   03:49   0,0   4,6   4,2   2,8  27,0   00:00     E
18  19,7  21,6   00:11  17,4   23:17   0,1   1,4  17,0   1,5  23,2   07:41   NNW
19  21,0  27,1   17:31  16,8   02:07   0,4   3,1   0,0   2,7  21,2   04:29   NNW
20  25,7  31,9   16:57  18,6   07:29   0,0   7,4   0,0   2,7  25,1   20:05     N
21  25,1  31,9   17:15  19,9   06:12   0,0   6,8   0,0   2,3  21,2   22:43   NNE
22  24,8  31,6   17:10  19,9   06:19   0,0   6,5   0,0   3,2  21,2   01:28   NNW
23  24,4  30,4   16:11  19,7   06:04   0,0   6,1   0,0   3,4  21,2   16:11    NE
24  23,7  29,4   15:21  18,6   06:05   0,0   5,4   0,0   3,6  21,2   05:45    NE
25  25,0  32,0   18:04  19,8   07:07   0,0   6,7   0,0   3,2  21,2   04:56   NNW
26  25,0  30,3   16:57  20,9   06:33   0,0   6,7   0,0   3,0  25,1   15:42   NNW
27  23,9  28,7   15:28  20,3   07:54   0,0   5,6   0,0   2,2  23,2   17:39   ESE
28  23,9  30,2   18:22  18,6   06:55   0,0   5,6   1,0   2,0  17,4   21:07    NW
29  24,2  30,7   16:49  19,2   06:30   0,0   5,9   0,0   2,9  19,3   11:58   NNW
30  23,3  28,4   17:40  20,2   23:51   0,0   5,0   1,0   2,2  19,3   21:58   NNW
31  22,2  27,8   16:07  17,9   06:22   0,0   3,9   0,0   2,4  17,4   10:33     E
----------------------------------------------------------------------------------
    24,4  35,6     5    15,1    13     1,2 191,4  38,5   2,8  30,8    16     NNE

Max >=  30,0: 19
Max <=  20,0:  0
Min <=  20,0: 18
Min <=  15,0:  0
Max Rain: 17,0 on day 18
Days of Rain: 8 (>= 0,1 mm)  7 (>= 1,0 mm)  1 (>= 10,0 mm)
Heat Base: 18,3  Cool Base: 18,3  Method: Integration