Riassunti climatici stile NOAA



Report 2022 Giugno
´╗┐                   Monthly Climatological Summary for giu 2022

Name: www.meteoalbese.it   City: Albese con Cassano (CO)   State: Italia
Elevation: 410 m  Lat: N 46┬° 19' 60"   Lon: E 009┬° 15' 31"

                  Temperature (┬°C), Rain (mm), Wind Speed (km/h)

                                      Heat  Cool        Avg
    Mean                              Deg   Deg         Wind                 Dom
Day Temp  High   Time   Low    Time   Days  Days  Rain  Speed High   Time    Dir
----------------------------------------------------------------------------------
 1  19,9  25,1   14:59  15,2   05:29   0,8   2,4   0,0   2,3  19,3   12:06   NNW
 2  22,2  28,6   17:18  17,5   04:27   0,1   4,0   0,0   2,3  21,2   23:41     N
 3  20,2  23,2   09:25  17,0   23:42   0,1   2,0   4,9   1,6  21,2   22:37     N
 4  22,2  29,5   16:41  16,2   05:23   0,5   4,4   0,0   2,1  21,2   00:02   NNW
 5  22,2  27,9   13:40  18,0   17:00   0,0   3,7   6,4   3,8  54,1   15:53   ENE
 6  22,4  29,2   15:53  15,7   04:50   0,5   4,6   0,0   2,5  54,1   14:49   ENE
 7  20,7  25,6   17:43  17,0   23:00   0,1   2,5   7,1   2,5  23,2   11:01   ENE
 8  19,3  25,0   14:42  15,1   05:58   0,9   1,9   1,6   2,1  23,2   09:57   NNE
 9  20,2  26,2   16:26  13,8   06:09   1,2   3,1   0,0   3,8  36,7   14:13    NW
10  23,4  29,8   17:15  19,2   03:37   0,0   5,1   0,0   4,3  36,7   13:09   NNW
11  23,2  30,7   18:43  17,4   06:30   0,1   5,0   0,0   2,6  36,7   05:33     N
12  24,3  31,8   17:14  18,5   05:08   0,0   6,0   0,0   3,1  23,2   20:52   NNW
13  25,4  32,7   17:46  20,2   06:17   0,0   7,1   0,2   2,8  23,2   21:37   NNW
14  24,3  30,2   18:03  20,1   04:27   0,0   6,0   0,0   2,3  23,2   01:18    NE
15  24,3  29,4   17:50  19,3   04:09   0,0   6,0   0,0   2,2  21,2   12:27    NW
16  26,0  32,9   17:05  20,0   07:10   0,0   7,7   0,0   2,6  21,2   11:23    NW
17  26,5  34,4   16:34  21,0   05:55   0,0   8,2   0,0   2,9  21,2   20:31   NNW
18  25,9  31,7   16:37  21,2   05:55   0,0   7,6   0,0   2,7  21,2   19:27   ENE
19  25,9  32,7   17:18  20,4   05:19   0,0   7,6   0,0   2,7  19,3   19:42   NNE
20  26,6  32,9   17:50  21,6   05:23   0,0   8,3   0,0   1,9  19,3   01:37    NW
21  25,0  31,1   17:22  19,9   05:26   0,0   6,7   0,0   1,6  19,3   14:28    NW
22  22,3  25,2   13:46  20,1   10:52   0,0   4,0   5,2   1,1  19,3   13:55   NNW
23  22,4  28,9   13:54  18,6   05:50   0,0   4,1  33,6   2,3  42,5   20:23   NNW
24  21,0  26,7   14:28  17,4   23:54   0,1   2,7   7,6   2,5  42,5   19:19     N
25  21,7  28,5   17:51  15,2   06:37   0,6   4,0   0,0   2,3  30,8   14:44   ENE
26  23,6  30,7   17:24  18,5   02:08   0,0   5,3   2,4   2,9  23,2   20:12    NE
27  25,9  31,6   17:00  20,9   00:00   0,0   7,6   0,0   3,2  23,2   19:07   NNE
28  23,9  28,1   18:00  20,6   13:43   0,0   5,6   4,9   2,4  25,1   00:22     N
29  24,3  31,2   17:28  18,6   05:43   0,0   6,0   0,4   2,2  21,2   01:59    NW
30  25,0  30,7   18:39  20,2   02:09   0,0   6,4   0,0   3,8  21,2   12:08    NE
----------------------------------------------------------------------------------
    23,3  34,4    17    13,8     9     5,0 155,6  74,3   2,6  54,1     5       N

Max >=  30,0: 14
Max <=  20,0:  0
Min <=  20,0: 20
Min <=  15,0:  1
Max Rain: 33,6 on day 23
Days of Rain: 11 (>= 0,1 mm)  9 (>= 1,0 mm)  1 (>= 10,0 mm)
Heat Base: 18,3  Cool Base: 18,3  Method: Integration