Riassunti climatici stile NOAA



Report 2022 Maggio
´╗┐                   Monthly Climatological Summary for mag 2022

Name: www.meteoalbese.it   City: Albese con Cassano (CO)   State: Italia
Elevation: 410 m  Lat: N 46┬° 19' 60"   Lon: E 009┬° 15' 31"

                  Temperature (┬°C), Rain (mm), Wind Speed (km/h)

                                      Heat  Cool        Avg
    Mean                              Deg   Deg         Wind                 Dom
Day Temp  High   Time   Low    Time   Days  Days  Rain  Speed High   Time    Dir
----------------------------------------------------------------------------------
 1  15,4  19,7   16:36  10,5   07:20   3,1   0,2   0,2   1,7  21,2   14:10    SE
 2  15,1  20,4   14:07  10,0   06:25   3,6   0,4   0,0   1,9  21,2   13:05   ENE
 3  15,1  18,8   11:49  12,6   22:25   3,2   0,0   6,7   0,7  21,2   16:42   NNW
 4  15,0  19,4   18:22  12,6   03:15   3,3   0,1   0,4   1,0  19,3   13:52    SE
 5  13,6  16,5   13:48  11,1   23:02   4,7   0,0  10,9   0,5  17,4   14:24     W
 6  12,3  14,8   14:22  10,6   06:02   6,0   0,0   5,9   0,4  13,6   07:59     W
 7  13,4  17,9   14:31  10,6   06:07   4,9   0,0   6,4   0,5  13,6   12:47    SE
 8  15,0  18,7   17:23  12,0   05:48   3,3   0,0   3,6   1,3  17,4   06:00   NNW
 9  17,1  23,0   16:49  12,4   06:15   2,1   1,0   0,7   2,1  19,3   21:44     N
10  19,7  25,7   17:03  13,9   05:45   1,0   2,3   0,0   2,3  21,2   15:56    NW
11  20,7  27,2   18:11  15,5   06:20   0,7   3,1   0,0   2,0  21,2   14:52     N
12  20,6  27,4   17:04  14,4   06:52   1,0   3,3   0,0   1,5  19,3   20:28    NW
13  20,2  26,8   17:04  14,5   05:11   1,0   3,0   0,0   1,1  15,5   01:20   SSE
14  21,3  27,7   16:39  16,6   03:54   0,3   3,4   2,0   1,9  19,3   21:26   NNE
15  21,9  28,1   17:39  17,0   06:02   0,2   3,8   0,0   2,3  21,2   21:57   NNW
16  21,7  27,6   14:54  17,0   05:53   0,1   3,6   0,0   2,4  25,1   16:47    NW
17  22,4  30,0   16:36  15,9   06:05   0,4   4,5   0,0   2,2  25,1   15:43    NW
18  22,9  26,8   17:18  18,0   06:03   0,0   4,6   0,0   3,5  23,2   21:54   ESE
19  22,2  27,4   17:34  18,0   07:16   0,0   3,9   0,0   1,9  23,2   14:49   ENE
20  22,6  28,9   17:29  17,1   05:47   0,1   4,4   0,0   2,6  21,2   14:51    NW
21  23,0  29,0   15:59  16,9   05:48   0,2   4,9   0,0   2,0  21,2   13:46   WNW
22  23,2  27,6   17:38  19,1   03:33   0,0   4,9   0,0   1,5  21,2   21:45   WNW
23  22,0  26,1   16:48  19,0   22:24   0,0   3,7   0,0   1,7  21,2   20:41   NNE
24  20,4  25,1   17:01  15,0   23:59   0,2   2,3  22,0   1,9  21,2   15:41   NNE
25  18,1  24,2   17:24  14,6   09:11   1,5   1,3  20,4   2,6  21,2   14:37    NE
26  21,2  27,6   17:41  15,9   23:16   0,5   3,4   7,3   2,8  28,9   21:04    NE
27  22,6  29,7   17:26  16,0   00:00   0,3   4,7   0,0   3,3  28,9   21:04   NNW
28  23,1  30,3   17:17  16,6   23:38   0,1   4,9   0,0   3,3  27,0   18:08     E
29  14,5  18,8   16:35  11,9   07:57   3,9   0,0  31,7   1,5  27,0   17:04    SW
30  15,6  19,9   17:50  12,6   06:21   2,8   0,1   0,0   1,2  17,4   10:51   ENE
31  17,5  21,9   17:34  14,5   04:04   1,4   0,6   0,0   2,7  19,3   13:10     E
----------------------------------------------------------------------------------
    19,0  30,3    28    10,0     2    49,9  72,4 118,2   1,9  28,9    26     NNE

Max >=  30,0:  2
Max <=  20,0:  9
Min <=  20,0: 31
Min <=  15,0: 17
Max Rain: 31,7 on day 29
Days of Rain: 13 (>= 0,1 mm)  10 (>= 1,0 mm)  4 (>= 10,0 mm)
Heat Base: 18,3  Cool Base: 18,3  Method: Integration