Riassunti climatici stile NOAA



Report 2022 Aprile
´╗┐                   Monthly Climatological Summary for apr 2022

Name: www.meteoalbese.it   City: Albese con Cassano (CO)   State: Italia
Elevation: 410 m  Lat: N 46┬° 19' 60"   Lon: E 009┬° 15' 31"

                  Temperature (┬°C), Rain (mm), Wind Speed (km/h)

                                      Heat  Cool        Avg
    Mean                              Deg   Deg         Wind                 Dom
Day Temp  High   Time   Low    Time   Days  Days  Rain  Speed High   Time    Dir
----------------------------------------------------------------------------------
 1   8,4  12,6   15:13   4,2   19:11   9,9   0,0  16,1   2,9  52,2   18:44    SE
 2   5,3   8,9   17:25   2,0   06:40  13,0   0,0  10,7   2,2  52,2   17:40     E
 3   5,0   8,2   11:39   1,9   05:34  13,3   0,0   2,8   2,8  17,4   12:35   NNE
 4   6,7  11,5   16:31   4,1   01:46  11,6   0,0   1,2   1,6  17,4   05:40     N
 5   9,7  17,3   17:13   3,3   05:42   8,6   0,0   0,0   2,7  21,2   21:55   NNW
 6  11,3  15,7   15:19   6,8   05:52   7,0   0,0   0,0   2,8  21,2   20:51     E
 7  12,6  18,7   17:09   6,4   06:30   5,6   0,0   0,0   1,5  19,3   01:22     W
 8  14,1  20,0   15:53   8,6   07:19   4,3   0,1   0,0   2,2  19,3   13:33   ESE
 9  12,4  15,9   11:29   6,5   23:57   5,9   0,0   0,0   6,7  54,1   16:14    NW
10   9,3  16,4   16:41   2,2   04:25   9,0   0,0   0,0   2,8  54,1   15:10   WNW
11  11,5  17,4   16:53   6,6   06:31   6,8   0,0   0,0   2,6  28,9   16:35   NNW
12  12,6  18,7   15:43   7,1   05:42   5,7   0,0   0,0   2,1  19,3   11:14    NE
13  14,1  19,0   14:13   9,4   06:49   4,2   0,0   0,0   3,2  19,3   14:00   ENE
14  16,2  23,0   16:04  10,0   06:22   3,3   1,2   0,0   3,2  23,2   21:08    NE
15  17,9  24,9   16:32  12,5   07:02   2,1   1,7   0,0   2,8  23,2   20:04   NNE
16  17,0  23,6   14:24  11,8   07:18   2,5   1,2   0,0   3,8  25,1   17:37     E
17  12,3  16,9   16:36   8,7   07:22   6,0   0,0   0,0   2,3  25,1   16:33    SE
18  12,3  18,4   17:15   7,7   01:54   6,0   0,0   0,0   2,5  19,3   11:26   ENE
19  13,2  20,0   17:36   7,4   05:06   5,2   0,1   0,0   3,6  21,2   05:26    NW
20  11,6  13,5   17:49   9,9   07:08   6,7   0,0   0,0   1,8  21,2   04:22    SE
21  11,5  14,7   16:11   9,0   05:46   6,8   0,0   0,0   1,3  21,2   08:20    SE
22  11,8  15,5   15:34   8,6   01:42   6,5   0,0   0,0   1,7  23,2   13:51   WNW
23  11,7  13,0   12:50  10,6   04:29   6,6   0,0  19,0   2,1  30,8   23:42   ESE
24  10,9  14,4   16:09   8,1   05:11   7,4   0,0   0,8   1,7  30,8   22:38   ESE
25  12,8  18,7   15:10   7,7   04:31   5,5   0,0  34,4   1,2  23,2   21:06     E
26  12,2  17,1   17:54  10,2   00:04   6,1   0,0   7,7   1,1  23,2   20:01    NW
27  14,0  20,5   17:15   7,8   06:37   4,6   0,3   0,0   2,1  23,2   00:56   ENE
28  15,7  21,5   17:07  11,5   03:34   3,1   0,5   0,0   1,9  19,3   11:33   ESE
29  16,1  20,7   16:48  12,0   01:59   2,6   0,4   0,0   2,0  21,2   11:48     E
30  15,5  19,4   16:38  12,9   06:38   2,9   0,1   0,0   1,3  21,2   10:44    NW
----------------------------------------------------------------------------------
    12,2  24,9    15     1,9     3   188,8   5,6  92,7   2,4  54,1     9      NE

Max >=  30,0:  0
Max <=  20,0: 24
Min <=  20,0: 30
Min <=  15,0: 30
Max Rain: 34,4 on day 25
Days of Rain: 8 (>= 0,1 mm)  7 (>= 1,0 mm)  4 (>= 10,0 mm)
Heat Base: 18,3  Cool Base: 18,3  Method: Integration