Riassunti climatici stile NOAA



Report 2022 Marzo
´╗┐                   Monthly Climatological Summary for mar 2022

Name: www.meteoalbese.it   City: Albese con Cassano (CO)   State: Italia
Elevation: 410 m  Lat: N 46┬° 19' 60"   Lon: E 009┬° 15' 31"

                  Temperature (┬°C), Rain (mm), Wind Speed (km/h)

                                      Heat  Cool        Avg
    Mean                              Deg   Deg         Wind                 Dom
Day Temp  High   Time   Low    Time   Days  Days  Rain  Speed High   Time    Dir
----------------------------------------------------------------------------------
 1   4,7   9,3   16:09   2,4   23:38  13,6   0,0   0,0   3,6  28,9   20:30     W
 2   5,9  11,3   15:30   1,0   04:33  12,4   0,0   0,0   1,7  28,9   01:03   NNE
 3   7,5  12,7   15:55   3,1   07:14  10,8   0,0   0,0   1,5  19,3   04:26   ENE
 4   7,3  10,5   14:18   4,4   04:06  11,0   0,0   0,0   1,9  19,3   12:56   ESE
 5   4,6   8,5   16:02   2,4   03:21  13,7   0,0   0,0   2,2  21,2   11:45   ESE
 6   4,4   8,9   16:13   1,4   23:59  13,9   0,0   0,0   1,8  21,2   10:41     N
 7   4,2   9,6   16:44   0,1   06:07  14,1   0,0   0,0   2,8  19,3   21:10     N
 8   3,3   6,7   16:04   1,1   22:24  15,0   0,0   0,0   2,3  21,2   05:44   ENE
 9   5,4  12,9   15:50  -0,1   06:34  12,9   0,0   0,0   2,8  21,2   04:40     N
10   7,6  14,3   16:06   2,5   07:40  10,7   0,0   0,0   3,6  21,2   20:34   NNE
11   6,1   8,1   14:06   3,5   05:52  12,2   0,0   0,0   1,2  21,2   19:29   ESE
12   5,3   6,9   15:28   4,0   02:03  13,0   0,0   0,0   0,7  17,4   12:06   SSE
13   5,4   9,3   14:46   0,9   05:27  12,9   0,0   0,0   1,5  19,3   12:18     E
14   8,0  12,4   15:41   4,5   04:47  10,3   0,0   0,0   0,9  19,3   11:14   WNW
15   8,8  11,6   16:00   6,7   05:37   9,5   0,0   0,0   0,9  19,3   13:05   WNW
16  10,3  15,2   15:26   6,1   07:02   7,9   0,0   0,0   2,4  23,2   12:58   WNW
17  10,3  12,4   14:33   8,9   23:54   8,0   0,0   0,0   0,4  23,2   11:53   SSE
18  10,2  13,0   14:20   8,1   21:58   7,8   0,0   0,0   1,9  15,4   15:30   ESE
19   9,0  12,8   15:10   5,0   07:05   9,2   0,0   0,0   2,3  25,1   22:44    SE
20   7,7  12,9   15:03   3,9   07:00  10,6   0,0   0,0   4,1  25,1   21:40    NW
21   8,5  13,3   16:30   5,2   06:57   9,8   0,0   0,0   2,2  25,1   09:55    NE
22   8,7  14,9   15:23   4,0   05:38   9,6   0,0   0,0   3,1  21,2   15:51   NNE
23  11,3  19,4   16:14   4,4   05:53   7,0   0,1   0,0   2,1  21,2   14:48    NW
24  13,5  20,8   14:45   6,9   06:04   5,2   0,4   0,0   2,5  19,3   10:43   NNE
25  13,5  19,8   16:06   8,2   05:08   4,9   0,2   0,0   2,9  23,2   20:08    NE
26  13,8  19,6   15:13   8,6   05:49   4,7   0,2   0,0   3,6  23,2   19:04    NE
27  14,2  20,2   17:39   8,9   07:42   4,1   0,2   0,0   2,9  23,2   10:39   NNE
28  14,2  20,9   17:30   8,2   05:18   4,5   0,4   0,0   2,6  23,2   21:10   NNE
29  12,5  17,5   17:44   8,3   06:27   5,8   0,0   0,0   2,3  23,2   13:36   ENE
30   9,7  11,6   14:54   8,4   09:38   8,6   0,0   5,4   0,8  19,3   00:19   NNE
31   9,7  12,5   16:44   7,5   07:31   8,6   0,0   2,5   0,4  15,5   00:19   WNW
----------------------------------------------------------------------------------
     8,6  20,9    28    -0,1     9   302,3   1,5   7,9   2,1  28,9     1     NNE

Max >=  30,0:  0
Max <=  20,0: 28
Min <=  20,0: 31
Min <=  15,0: 31
Max Rain: 5,4 on day 30
Days of Rain: 2 (>= 0,1 mm)  2 (>= 1,0 mm)  0 (>= 10,0 mm)
Heat Base: 18,3  Cool Base: 18,3  Method: Integration