Riassunti climatici stile NOAA



Report 2022 Febbraio
´╗┐                   Monthly Climatological Summary for feb 2022

Name: www.meteoalbese.it   City: Albese con Cassano (CO)   State: Italia
Elevation: 410 m  Lat: N 46┬° 19' 60"   Lon: E 009┬° 15' 31"

                  Temperature (┬°C), Rain (mm), Wind Speed (km/h)

                                      Heat  Cool        Avg
    Mean                              Deg   Deg         Wind                 Dom
Day Temp  High   Time   Low    Time   Days  Days  Rain  Speed High   Time    Dir
----------------------------------------------------------------------------------
 1   9,5  13,0   16:08   6,1   01:56   8,8   0,0   0,0   5,5  56,0   05:41   WNW
 2  13,2  16,1   15:34   8,2   02:15   5,1   0,0   0,0   4,4  56,0   04:37    NW
 3   9,1  12,6   00:00   5,4   22:57   9,2   0,0   0,0   1,7  52,2   14:11   ESE
 4   7,0  11,7   15:57   4,4   02:46  11,3   0,0   0,0   1,0  21,2   00:55   NNE
 5   5,9  10,1   14:22   3,3   07:14  12,3   0,0   0,0   0,9  17,4   03:04     E
 6   5,7   9,7   15:42   2,4   07:35  12,6   0,0   0,0   1,1  19,3   23:24     N
 7   7,7  11,3   15:50   3,6   03:58  10,6   0,0   0,0   4,0  59,9   12:13   WNW
 8   7,8  14,2   16:00   3,0   05:41  10,5   0,0   0,0   2,0  59,9   11:09   NNW
 9   8,4  13,9   15:48   4,2   02:48   9,9   0,0   0,0   1,5  19,3   13:37    NW
10   8,0  13,1   14:27   4,1   07:12  10,3   0,0   0,0   0,6  19,3   10:33    NW
11   9,4  14,6   16:03   6,0   23:44   8,9   0,0   0,0   2,1  38,6   20:25    NW
12   5,8   9,8   15:38   3,2   05:53  12,5   0,0   0,0   2,0  38,6   19:22   ENE
13   4,3   8,8   15:56   1,0   07:37  14,0   0,0   0,0   2,0  21,2   11:00   NNE
14   2,5   4,7   13:32   0,7   20:34  15,8   0,0   6,1   0,7  17,4   18:49    NE
15   1,8   3,6   16:16   0,5   04:35  16,5   0,0  19,6   0,2  15,5   00:13   WSW
16   4,8  11,0   16:17   0,5   05:27  13,5   0,0   0,0   0,8  15,5   18:53   NNE
17   7,8  15,2   15:14   2,3   07:10  10,5   0,0   0,0   1,3  21,2   12:13   WNW
18   6,8   8,9   16:52   3,1   06:52  11,5   0,0   0,2   0,6  21,2   11:09    SE
19   9,1  13,2   14:31   6,7   01:20   9,2   0,0   0,4   0,2  17,4   01:53   WNW
20   9,2  15,0   14:34   4,2   07:54   9,1   0,0   0,0   1,6  19,3   20:18   NNW
21   9,4  14,2   13:30   7,2   06:25   8,9   0,0   0,0   2,9  42,5   13:34   WNW
22  10,9  16,5   16:12   5,4   04:42   7,3   0,0   0,0   3,1  42,5   12:30    NW
23   9,7  15,9   16:03   5,4   07:20   8,6   0,0   0,0   2,0  42,5   12:05   ENE
24   8,5  13,0   16:08   5,3   04:20   9,8   0,0   0,0   2,0  17,4   00:18   NNE
25   8,5  14,9   13:55   3,9   06:07   9,8   0,0   0,0   4,5  48,2   17:25   NNW
26   7,7  13,6   15:33   1,2   06:20  10,6   0,0   0,0   3,2  48,2   16:21    NW
27   5,2  10,6   16:30   1,3   06:59  13,0   0,0   0,0   2,8  34,8   13:50   NNW
28   6,0  12,4   15:48   1,2   05:51  12,3   0,0   0,0   2,5  28,9   21:34    NE
----------------------------------------------------------------------------------
     7,5  16,5    22     0,5    15   302,4   0,0  26,3   2,0  59,9     7     NNW

Max >=  30,0:  0
Max <=  20,0: 28
Min <=  20,0: 28
Min <=  15,0: 28
Max Rain: 19,6 on day 15
Days of Rain: 4 (>= 0,1 mm)  2 (>= 1,0 mm)  1 (>= 10,0 mm)
Heat Base: 18,3  Cool Base: 18,3  Method: Integration