Riassunti climatici stile NOAA



Report 2021 Dicembre
´╗┐                   Monthly Climatological Summary for dic 2021

Name: www.meteoalbese.it   City: Albese con Cassano (CO)   State: Italia
Elevation: 410 m  Lat: N 46┬° 19' 60"   Lon: E 009┬° 15' 31"

                  Temperature (┬°C), Rain (mm), Wind Speed (km/h)

                                      Heat  Cool        Avg
    Mean                              Deg   Deg         Wind                 Dom
Day Temp  High   Time   Low    Time   Days  Days  Rain  Speed High   Time    Dir
----------------------------------------------------------------------------------
 1   4,5   8,0   10:15   2,1   05:14  13,8   0,0   0,8   0,6  32,9   12:39   WSW
 2   4,9   8,3   15:30   2,9   21:05  13,4   0,0   0,0   0,6  23,2   23:52   ENE
 3   4,9   9,1   12:00   1,9   06:04  13,4   0,0   0,0   2,1  23,2   22:48   NNE
 4   3,4   7,1   13:29   1,0   23:00  14,9   0,0   0,0   1,1  21,2   17:54     N
 5   3,2   8,9   15:36   0,1   08:01  15,1   0,0   0,0   0,8  17,4   01:59   NNW
 6   4,1   9,7   14:19   0,0   07:17  14,2   0,0   0,0   1,0  23,2   15:43   NNE
 7   4,7  10,1   12:58   1,0   07:53  13,6   0,0   0,0   1,0  23,2   14:39   NNW
 8   1,2   3,2   00:00   0,2   11:40  17,1   0,0   0,7   0,2  17,4   00:06   WNW
 9   2,1   7,5   13:03   0,2   00:50  16,2   0,0  12,7   0,3  23,2   13:00    NW
10   1,1   2,5   10:50   0,1   01:43  17,2   0,0   2,2   0,3  23,2   11:56   NNE
11   4,9  10,8   15:27   0,2   02:03  12,8   0,0   8,5   1,7  28,9   12:08    NW
12   5,3   9,7   15:31   2,6   08:06  13,0   0,0   1,2   0,5  28,9   11:04     N
13   6,2  11,2   15:47   3,0   01:38  12,1   0,0   0,0   0,3  15,5   17:48   NNE
14   5,6   9,8   15:32   2,5   05:49  12,7   0,0   0,0   0,2  15,5   03:36     N
15   6,0   9,6   15:20   3,8   08:18  12,3   0,0   0,0   0,2  11,6   00:17   NNE
16   5,2   9,7   15:21   2,2   02:07  13,1   0,0   0,0   0,3  15,5   07:51   NNW
17   5,0  10,7   15:27   1,6   08:22  13,3   0,0   0,0   0,1  15,5   06:47   NNW
18   5,1   9,4   15:36   2,0   23:37  13,2   0,0   0,0   0,4  13,6   10:35   SSE
19   4,5  10,7   15:53   1,1   06:06  13,8   0,0   0,0   0,1  13,6   09:31   WNW
20   6,9  15,3   12:01   4,1   00:11  11,4   0,0   0,0   1,8  21,2   08:52     E
21   5,1   6,2   13:00   4,3   23:49  13,2   0,0   0,0   0,0  21,2   07:48   NNE
22   3,3   6,1   13:48   1,2   22:44  15,0   0,0   0,0   0,6  15,5   19:09     N
23   2,6   7,0   14:35   0,2   04:32  15,7   0,0   0,0   0,2  15,5   18:05    NW
24   3,6   5,0   10:04   2,0   20:59  14,7   0,0   0,0   0,1  15,5   04:25    SE
25   4,3   6,0   13:56   2,8   00:00  13,9   0,0   0,0   0,1  11,6   02:33   ESE
26   5,3   8,9   13:55   2,4   08:40  13,0   0,0   0,0   0,3  11,6   01:29    SE
27   5,5   7,0   13:29   4,7   05:14  12,8   0,0   1,2   0,1   9,6   09:58    SE
28   5,9   8,5   14:00   4,0   23:52  12,4   0,0   0,4   0,3  15,5   21:34   NNW
29   6,4  11,9   15:33   3,6   02:52  11,9   0,0   0,0   0,4  15,5   20:30   NNE
30   7,6  11,9   14:50   4,0   04:44  10,7   0,0   0,0   0,6  15,5   19:30   ESE
31   8,2  14,7   15:44   4,7   02:20  10,1   0,0   0,0   0,2  13,6   02:16   SSE
----------------------------------------------------------------------------------
     4,7  15,3    20     0,0     6   420,0   0,0  27,7   0,5  32,9     1     NNE

Max >=  30,0:  0
Max <=  20,0: 31
Min <=  20,0: 31
Min <=  15,0: 31
Max Rain: 12,7 on day 9
Days of Rain: 8 (>= 0,1 mm)  5 (>= 1,0 mm)  1 (>= 10,0 mm)
Heat Base: 18,3  Cool Base: 18,3  Method: Integration