Riassunti climatici stile NOAA



Report 2021 Agosto
´╗┐                   Monthly Climatological Summary for ago 2021

Name: www.meteoalbese.it   City: Albese con Cassano (CO)   State: Italia
Elevation: 410 m  Lat: N 46┬° 19' 60"   Lon: E 009┬° 15' 31"

                  Temperature (┬°C), Rain (mm), Wind Speed (km/h)

                                      Heat  Cool        Avg
    Mean                              Deg   Deg         Wind                 Dom
Day Temp  High   Time   Low    Time   Days  Days  Rain  Speed High   Time    Dir
----------------------------------------------------------------------------------
 1  19,5  23,1   12:02  16,5   23:21   0,3   1,5  15,2   2,2  27,0   20:31    NE
 2  19,9  26,3   18:09  14,9   06:26   1,0   2,5   0,0   2,6  23,2   00:05    NE
 3  19,9  23,4   16:03  17,5   07:06   0,1   1,7   0,0   2,4  19,3   20:06     E
 4  18,0  19,4   09:18  15,6   23:08   0,5   0,2 121,3   1,2  21,2   17:39   ENE
 5  20,0  27,6   17:04  13,9   05:20   1,4   3,1   1,2   3,3  23,2   15:05    NW
 6  21,2  28,1   18:34  16,5   07:00   0,3   3,1   0,0   3,0  23,2   14:02    NE
 7  21,2  24,5   14:09  17,6   06:26   0,1   3,0   0,0   1,8  23,2   19:50   NNE
 8  23,0  28,2   15:57  19,2   06:29   0,0   4,7   0,0   2,7  27,0   21:36     N
 9  22,7  28,7   18:16  18,0   06:12   0,0   4,4   0,0   2,7  27,0   20:32    NE
10  24,1  30,2   17:17  19,4   06:49   0,0   5,8   0,0   2,8  23,2   21:24     N
11  25,0  32,6   17:39  19,9   05:42   0,0   6,7   0,0   3,1  25,1   20:33   NNE
12  26,0  32,5   16:32  21,3   06:00   0,0   7,7   0,0   3,1  25,1   19:29   NNW
13  26,9  33,0   17:25  22,4   07:01   0,0   8,6   0,0   2,1  23,2   19:15   NNE
14  26,8  33,6   16:27  21,9   06:27   0,0   8,5   0,0   2,7  23,2   20:08   NNW
15  27,1  33,1   15:58  22,5   06:51   0,0   8,8   0,0   2,3  23,2   19:05     N
16  24,9  30,1   14:40  21,1   20:33   0,0   6,6   5,3   2,5  38,6   18:01   NNW
17  23,9  29,7   17:12  19,9   04:45   0,0   5,6   0,0   3,0  38,6   16:58    NE
18  21,7  26,7   17:29  17,8   06:11   0,0   3,4   0,0   2,5  36,7   10:27   NNE
19  21,8  27,4   17:12  17,7   04:46   0,0   3,5   0,0   2,5  23,2   23:53   NNE
20  22,6  28,3   16:30  18,4   06:46   0,0   4,3   0,0   2,9  23,2   22:49     N
21  23,6  29,6   16:55  19,3   06:27   0,0   5,3   0,0   2,7  23,2   22:38   NNW
22  24,2  29,6   16:41  20,6   06:22   0,0   5,9   0,0   1,5  23,2   21:34   NNW
23  22,5  26,9   17:33  18,6   05:56   0,0   4,2   0,0   2,4  27,0   17:55    SE
24  21,4  27,1   15:12  16,7   05:43   0,3   3,4   0,0   2,2  27,0   17:55    NE
25  20,3  25,8   17:09  16,4   05:10   0,4   2,3   1,4   2,5  21,2   23:01     N
26  21,2  27,3   16:20  16,2   05:10   0,4   3,3   0,0   3,1  21,2   21:58   NNW
27  19,3  21,6   12:26  16,4   06:24   0,2   1,2   0,0   2,9  21,2   22:43   ESE
28  18,7  25,1   16:45  13,9   07:10   1,3   1,7   0,0   2,4  21,2   14:23     N
29  18,7  25,5   15:44  13,3   07:01   1,5   2,0   0,0   3,0  25,1   17:01   NNW
30  19,7  25,7   17:36  15,4   03:57   0,8   2,2   0,0   2,3  25,1   15:57    NW
31  19,3  25,7   16:15  15,9   07:29   0,8   1,8   1,0   2,0  28,9   20:31     N
----------------------------------------------------------------------------------
    22,1  33,6    14    13,3    29     9,4 127,0 145,4   2,5  38,6    16     NNE

Max >=  30,0:  7
Max <=  20,0:  1
Min <=  20,0: 25
Min <=  15,0:  4
Max Rain: 121,3 on day 4
Days of Rain: 6 (>= 0,1 mm)  6 (>= 1,0 mm)  2 (>= 10,0 mm)
Heat Base: 18,3  Cool Base: 18,3  Method: Integration