Riassunti climatici stile NOAA



Report 2021 Luglio
´╗┐                   Monthly Climatological Summary for lug 2021

Name: www.meteoalbese.it   City: Albese con Cassano (CO)   State: Italia
Elevation: 410 m  Lat: N 46┬° 19' 60"   Lon: E 009┬° 15' 31"

                  Temperature (┬°C), Rain (mm), Wind Speed (km/h)

                                      Heat  Cool        Avg
    Mean                              Deg   Deg         Wind                 Dom
Day Temp  High   Time   Low    Time   Days  Days  Rain  Speed High   Time    Dir
----------------------------------------------------------------------------------
 1  22,8  30,1   17:25  16,5   06:23   0,3   4,8   0,0   2,8  30,8   14:36   NNW
 2  23,9  30,2   17:26  18,5   06:25   0,0   5,6   0,0   2,6  23,2   15:59    NW
 3  23,4  27,2   13:58  20,1   06:27   0,0   5,1   0,0   1,5  23,2   14:07   NNE
 4  18,9  22,2   12:03  15,5   22:59   0,6   1,1  22,0   1,2  19,3   12:35   ENE
 5  20,8  29,2   17:58  14,5   04:21   1,1   3,6   0,0   2,5  21,2   20:33   NNE
 6  24,1  29,2   15:28  19,0   05:41   0,0   5,8   0,0   2,9  23,2   00:32    NE
 7  23,7  29,6   15:38  18,9   21:02   0,0   5,4   3,2   2,7  42,5   19:32   NNE
 8  20,5  27,1   14:08  15,2   22:35   0,7   2,9  57,7   2,2  50,2   17:33    NE
 9  21,6  29,9   18:46  14,4   06:29   0,8   4,2   0,0   2,2  50,2   16:29    NW
10  23,1  29,1   16:25  17,8   05:55   0,0   4,8   3,2   3,4  25,1   23:51   NNE
11  22,7  30,0   16:19  16,5   06:53   0,3   4,7   1,9   2,4  34,8   02:35     N
12  24,0  28,4   17:07  18,8   04:46   0,0   5,7   0,0   3,0  34,8   01:31     E
13  21,6  26,5   16:27  15,4   23:46   0,4   3,7  23,4   4,0  40,6   15:29    SE
14  18,0  22,5   18:02  15,0   04:13   1,1   0,8   9,2   2,4  40,6   15:29    NE
15  18,9  22,7   12:43  15,4   04:04   0,8   1,4   4,0   2,1  19,3   01:49    NW
16  20,1  26,7   15:57  15,8   06:40   0,6   2,4   0,0   2,3  23,2   14:45    NE
17  23,4  30,5   17:28  16,7   06:01   0,2   5,3   0,0   2,1  23,2   13:41     N
18  24,6  30,8   17:18  20,1   05:14   0,0   6,3   0,0   2,0  23,2   15:59   NNE
19  25,2  31,9   17:25  19,5   05:54   0,0   6,9   0,0   3,0  23,2   05:50   NNE
20  25,9  32,5   17:20  21,1   03:53   0,0   7,6   0,0   2,8  23,2   04:47     N
21  25,5  31,9   18:16  20,4   06:37   0,0   7,2   0,0   2,6  21,2   00:44     N
22  25,6  31,0   18:22  21,7   05:16   0,0   7,3   0,0   2,0  19,3   18:41   NNE
23  25,5  30,7   18:42  21,1   06:28   0,0   7,2   0,0   2,3  19,3   05:15   NNE
24  24,9  28,4   15:15  22,6   06:34   0,0   6,6   0,0   1,7  19,3   04:12   ENE
25  21,5  24,8   11:22  16,4   17:35   0,0   3,0  67,9   2,4  54,1   16:46     E
26  20,8  26,0   17:47  16,8   06:33   0,2   2,8  30,7  ----  54,1   15:42     E
27  20,9  25,9   15:19  17,9   09:02   0,0   2,6   5,5  ----  34,8   02:34     E
28  21,1  25,2   18:06  18,7   02:11   0,0   2,8   7,7  ----  27,0   11:06    NE
29  22,9  29,6   15:58  17,6   06:31   0,0   4,7   0,0  ----  21,2   19:46     N
30  24,0  29,2   17:28  20,1   04:40   0,0   5,7   0,0  ----  21,2   18:42   NNE
31  22,7  28,1   14:54  17,5   23:21   0,0   4,4  31,9  ----  27,0   20:31     E
----------------------------------------------------------------------------------
    22,7  32,5    20    14,4     9     7,1 142,4 268,3   2,4  54,1    25     NNE

Max >=  30,0: 10
Max <=  20,0:  0
Min <=  20,0: 23
Min <=  15,0:  3
Max Rain: 67,9 on day 25
Days of Rain: 13 (>= 0,1 mm)  13 (>= 1,0 mm)  6 (>= 10,0 mm)
Heat Base: 18,3  Cool Base: 18,3  Method: Integration