Riassunti climatici stile NOAA



Report 2021 Giugno
´╗┐                   Monthly Climatological Summary for giu 2021

Name: www.meteoalbese.it   City: Albese con Cassano (CO)   State: Italia
Elevation: 410 m  Lat: N 46┬° 19' 60"   Lon: E 009┬° 15' 31"

                  Temperature (┬°C), Rain (mm), Wind Speed (km/h)

                                      Heat  Cool        Avg
    Mean                              Deg   Deg         Wind                 Dom
Day Temp  High   Time   Low    Time   Days  Days  Rain  Speed High   Time    Dir
----------------------------------------------------------------------------------
 1  19,2  24,9   16:18  14,7   01:02   1,1   2,0   0,0   2,1  19,3   22:05   ENE
 2  19,0  23,7   15:50  15,5   05:10   0,8   1,5   0,0   1,9  19,3   00:21   NNW
 3  21,3  27,4   17:10  16,8   05:35   0,3   3,3   0,0   1,7  19,3   16:38   NNW
 4  22,3  28,9   17:51  17,1   03:54   0,2   4,2   0,0   2,3  19,3   22:22     N
 5  20,6  25,2   15:40  16,6   23:43   0,1   2,4   1,0   1,8  19,3   20:22     N
 6  20,0  26,5   16:44  14,6   06:11   1,0   2,7   0,0   2,3  23,2   21:29   ESE
 7  19,1  22,5   10:06  16,7   02:33   0,4   1,2   5,8   1,3  23,2   20:25   NNE
 8  19,9  25,0   17:43  17,0   06:29   0,3   1,9   0,0   2,0  19,3   13:49     N
 9  20,8  28,5   15:31  16,9   04:11   0,2   2,7   0,8   2,5  23,2   16:50     N
10  22,2  28,2   17:37  16,7   05:25   0,3   4,2   0,0   2,6  23,2   15:47     E
11  22,0  27,9   14:17  18,4   05:57   0,0   3,7   2,2   3,0  23,2   18:35   NNE
12  23,2  29,3   18:17  17,3   05:31   0,1   5,0   0,0   2,9  23,2   17:31   NNW
13  27,7  34,2   17:44  22,0   00:10   0,0   9,4   0,0   3,2  25,1   07:33     N
14  24,7  30,1   16:29  20,5   04:08   0,0   6,4   0,0   2,1  25,1   06:30    NE
15  23,9  29,0   16:44  20,3   06:11   0,0   5,6   0,0   1,8  19,3   20:19   ESE
16  23,4  29,1   16:25  19,2   05:24   0,0   5,1   0,0   2,4  19,3   22:09    NE
17  24,7  30,2   17:04  20,5   03:42   0,0   6,4   0,0   2,3  19,3   00:20     N
18  25,3  30,9   16:47  21,1   04:50   0,0   7,0   0,0   2,3  19,3   21:42    NW
19  24,8  30,2   16:42  20,2   05:15   0,0   6,5   0,0   1,6  19,3   22:05   NNW
20  22,9  28,9   15:07  18,4   17:35   0,0   4,6   7,1   2,5  46,3   16:00    NE
21  23,7  28,9   15:44  19,9   01:51   0,0   5,4   0,0   2,5  46,3   16:00     N
22  22,0  29,1   16:06  18,0   04:18   0,0   3,7   0,6   2,7  23,2   17:59    NE
23  22,0  28,0   15:31  17,4   05:48   0,1   3,8   0,0   2,6  23,2   19:46     E
24  22,5  28,5   13:44  18,2   05:51   0,0   4,2   0,0   2,7  32,9   17:47    NE
25  21,8  28,7   18:17  15,4   05:46   0,6   4,1   0,0   2,2  32,9   16:43   NNW
26  22,9  28,6   17:45  16,9   04:55   0,2   4,7   0,0   2,4  21,2   18:53    NE
27  24,3  29,9   17:37  19,5   06:49   0,0   6,0   0,0   2,6  21,2   21:29     N
28  25,5  31,2   15:22  20,0   22:54   0,0   7,2   3,4   3,2  23,2   22:50   ENE
29  23,9  29,1   13:59  19,3   05:49   0,0   5,6   0,0   3,1  27,0   13:12    NE
30  22,5  27,6   15:35  18,5   03:57   0,0   4,2   0,0   2,8  30,8   14:36     E
----------------------------------------------------------------------------------
    22,6  34,2    13    14,6     6     5,7 134,7  20,9   2,4  46,3    20     NNE

Max >=  30,0:  6
Max <=  20,0:  0
Min <=  20,0: 24
Min <=  15,0:  2
Max Rain: 7,1 on day 20
Days of Rain: 7 (>= 0,1 mm)  5 (>= 1,0 mm)  0 (>= 10,0 mm)
Heat Base: 18,3  Cool Base: 18,3  Method: Integration