Riassunti climatici stile NOAA



Report 2021 Maggio
´╗┐                   Monthly Climatological Summary for mag 2021

Name: www.meteoalbese.it   City: Albese con Cassano (CO)   State: Italia
Elevation: 410 m  Lat: N 46┬° 19' 60"   Lon: E 009┬° 15' 31"

                  Temperature (┬°C), Rain (mm), Wind Speed (km/h)

                                      Heat  Cool        Avg
    Mean                              Deg   Deg         Wind                 Dom
Day Temp  High   Time   Low    Time   Days  Days  Rain  Speed High   Time    Dir
----------------------------------------------------------------------------------
 1  12,6  14,4   12:42  10,1   23:33   5,7   0,0  44,5   0,9  15,5   14:00   ESE
 2  14,0  20,0   14:50   8,6   06:46   4,5   0,2   2,4   2,0  25,1   12:39    NW
 3  13,4  19,0   16:59   8,0   06:45   4,9   0,0   0,0   2,8  25,1   11:52     E
 4  14,1  19,1   16:13   9,6   06:12   4,3   0,0   0,0   3,1  23,2   21:18   NNW
 5  13,8  20,2   17:53   9,3   03:26   4,6   0,2   0,4   1,6  21,2   16:03     W
 6  14,0  17,8   15:27   9,5   06:15   4,3   0,0   0,2   2,7  27,0   10:15    SE
 7  16,3  22,7   16:00  10,5   06:15   3,0   1,0   0,0   3,7  36,7   23:43    NW
 8  15,3  19,6   15:41  10,0   06:04   3,2   0,2   0,0   3,4  36,7   22:56   ENE
 9  16,1  21,6   14:58  11,1   06:20   2,7   0,6   0,0   2,1  36,7   00:21    NE
10  17,0  20,2   17:58  14,0   04:50   1,7   0,4   3,1   1,1  21,2   00:41     E
11  12,4  15,5   00:00  11,1   22:01   5,9   0,0  50,9   1,7  21,2   12:36    SE
12  13,6  20,1   17:36   8,9   05:47   4,9   0,2   5,5   2,3  21,2   11:49    SE
13  13,2  21,7   14:27   9,1   06:29   5,4   0,2  11,3   2,0  28,9   16:08   ENE
14  12,6  20,4   16:03   8,7   06:18   5,8   0,2   7,3   2,8  32,9   17:25   NNE
15  11,8  17,1   16:10   7,8   04:19   6,5   0,0   0,6   1,8  32,9   16:38   NNE
16  13,3  17,0   12:06   9,9   05:21   5,0   0,0  18,0   1,6  17,4   02:56    SE
17  16,0  22,2   19:05   9,1   06:17   3,2   1,0   2,0   2,6  23,2   15:16    NW
18  17,0  22,8   15:23  11,0   06:24   2,3   1,0   0,0   1,9  23,2   14:29   WNW
19  16,3  22,1   17:20  10,5   06:07   2,8   0,8   0,0   2,6  28,9   15:01   NNW
20  17,2  23,2   17:55  12,1   01:28   2,2   1,1   0,0   3,4  28,9   14:14    NW
21  15,8  20,5   14:09  11,7   03:44   2,8   0,3   0,4   3,2  28,9   09:38   NNW
22  13,7  17,9   18:16  10,4   07:20   4,6   0,0  18,0   1,2  23,2   11:39   ENE
23  16,9  23,4   17:29  12,4   07:20   2,5   1,1   0,0   2,4  21,2   12:51    NW
24  12,8  15,2   01:08  11,6   22:47   5,5   0,0  23,8   1,1  21,2   12:04    NE
25  15,3  22,1   17:16   9,6   05:48   3,8   0,8   0,0   4,2  34,8   12:26    NW
26  15,5  21,5   18:28  10,6   05:16   3,3   0,6   0,0   3,4  34,8   11:39   NNE
27  17,8  24,2   17:54  12,2   05:56   2,2   1,7   0,0   2,9  21,2   00:52     N
28  18,3  24,7   17:16  13,0   06:24   1,8   1,8   0,0   2,6  21,2   01:33     N
29  19,3  24,6   17:36  14,9   03:33   0,9   1,9   0,0   2,1  21,2   20:50   ENE
30  17,9  22,4   15:47  13,1   06:09   1,5   1,1   0,0   1,7  19,3   02:52     E
31  18,1  23,1   17:54  14,6   02:43   1,3   1,1   0,0   2,2  19,3   22:52   ESE
----------------------------------------------------------------------------------
    15,2  24,7    28     7,8    15   113,1  17,5 188,4   2,3  36,7     7     NNE

Max >=  30,0:  0
Max <=  20,0: 11
Min <=  20,0: 31
Min <=  15,0: 31
Max Rain: 50,9 on day 11
Days of Rain: 15 (>= 0,1 mm)  11 (>= 1,0 mm)  6 (>= 10,0 mm)
Heat Base: 18,3  Cool Base: 18,3  Method: Integration