Riassunti climatici stile NOAA



Report 2021 Marzo
´╗┐                   Monthly Climatological Summary for mar 2021

Name: www.meteoalbese.it   City: Albese con Cassano (CO)   State: Italia
Elevation: 410 m  Lat: N 46┬° 19' 60"   Lon: E 009┬° 15' 31"

                  Temperature (┬°C), Rain (mm), Wind Speed (km/h)

                                      Heat  Cool        Avg
    Mean                              Deg   Deg         Wind                 Dom
Day Temp  High   Time   Low    Time   Days  Days  Rain  Speed High   Time    Dir
----------------------------------------------------------------------------------
 1   9,2  16,4   16:37   4,1   02:58   8,8   0,0   0,0   3,0  19,3   01:14   NNE
 2   9,7  15,5   15:25   5,5   05:50   8,6   0,0   0,0   2,4  19,3   00:20    NE
 3   8,9  12,1   15:30   6,3   06:54   9,4   0,0   0,0   1,3  19,3   18:59     N
 4   8,7  13,2   16:07   5,2   06:49   9,6   0,0   0,0   1,0  19,3   18:49   NNW
 5   9,8  15,5   15:27   5,2   05:55   8,5   0,0   0,0   1,6  21,2   14:10   NNE
 6   6,0   8,7   02:44   4,0   08:33  12,3   0,0  20,4   2,2  23,2   06:28   ESE
 7   5,5  10,8   16:07   1,5   05:48  12,8   0,0   0,0   2,2  23,2   06:28   NNE
 8   6,3  11,2   14:35   2,4   05:42  12,0   0,0   0,0   2,4  17,4   20:58    NE
 9   7,0  11,3   15:34   3,4   04:31  11,3   0,0   0,0   2,3  17,4   00:16   NNE
10   7,6  13,3   16:34   3,1   07:15  10,7   0,0   0,0   3,0  21,2   04:20     N
11   8,5  12,4   15:09   5,5   07:03   9,8   0,0   0,0   1,3  21,2   03:34     N
12  10,1  15,9   16:52   5,5   06:38   8,2   0,0   0,0   1,9  19,3   00:38    NE
13   9,4  14,8   15:25   5,1   05:55   8,9   0,0   1,8   2,5  21,2   21:26    NE
14   9,5  12,9   14:37   5,3   23:57   8,8   0,0   0,6   4,3  52,2   11:49    NW
15   9,4  14,3   16:02   4,0   04:56   8,8   0,0   0,0   4,0  52,2   11:03    NW
16   8,8  12,5   13:44   4,4   23:07   9,5   0,0   0,0   3,6  73,4   10:40    NW
17   8,4  13,6   15:33   4,1   05:23   9,9   0,0   0,0   2,3  73,4   09:54     N
18   5,3   8,3   11:34   2,2   05:24  13,0   0,0   0,0   2,9  44,4   13:24     E
19   3,6   7,3   15:35   1,0   08:22  14,1   0,0   0,6   3,3  23,2   16:00   NNE
20   5,0  10,7   15:10   0,0   06:40  13,3   0,0   0,0   2,0  21,2   13:29     E
21   4,2   8,8   23:20  -0,1   06:23  14,1   0,0   0,0   2,2  23,2   23:15   NNW
22   8,1  15,2   15:28   1,9   06:10  10,2   0,0   0,0   2,1  23,2   22:29   ESE
23   8,3  13,5   17:09   3,6   05:19  10,0   0,0   0,0   2,8  23,2   08:10    NE
24  10,2  16,9   15:57   4,9   05:55   8,1   0,0   0,0   2,5  21,2   03:58   NNE
25  11,8  17,9   15:59   6,7   06:25   6,5   0,0   0,0   2,4  21,2   03:12    NE
26  11,6  17,0   14:26   6,4   04:52   6,7   0,0   0,0   1,1  21,2   19:16     N
27  11,2  13,9   15:33   8,7   23:33   7,1   0,0   0,0   0,6  15,5   11:46   NNW
28  12,1  17,8   18:10   7,0   05:43   6,0   0,0   0,0   2,0  19,3   13:18   NNW
29  14,5  21,4   15:33   8,9   06:19   4,3   0,5   0,0   2,3  21,2   21:21     N
30  16,6  23,9   17:20  10,4   08:06   3,0   1,2   0,0   2,9  21,2   20:34   NNE
31  17,4  24,0   17:29  12,6   06:44   2,3   1,4   0,0   3,0  21,2   03:27     N
----------------------------------------------------------------------------------
     9,1  24,0    31    -0,1    21   286,6   3,1  23,4   2,4  73,4    16     NNE

Max >=  30,0:  0
Max <=  20,0: 28
Min <=  20,0: 31
Min <=  15,0: 31
Max Rain: 20,4 on day 6
Days of Rain: 4 (>= 0,1 mm)  2 (>= 1,0 mm)  1 (>= 10,0 mm)
Heat Base: 18,3  Cool Base: 18,3  Method: Integration