Riassunti climatici stile NOAA



Report 2021 Febbraio
´╗┐                   Monthly Climatological Summary for feb 2021

Name: www.meteoalbese.it   City: Albese con Cassano (CO)   State: Italia
Elevation: 410 m  Lat: N 46┬° 19' 60"   Lon: E 009┬° 15' 31"

                  Temperature (┬°C), Rain (mm), Wind Speed (km/h)

                                      Heat  Cool        Avg
    Mean                              Deg   Deg         Wind                 Dom
Day Temp  High   Time   Low    Time   Days  Days  Rain  Speed High   Time    Dir
----------------------------------------------------------------------------------
 1   5,5   7,4   14:23   3,3   23:56  12,8   0,0   0,0   0,4  15,5   11:56     S
 2   5,3   9,5   14:23   2,6   07:37  13,0   0,0   0,0   0,9  15,5   04:33     E
 3   5,1   5,5   13:43   4,3   00:00  13,2   0,0   4,6   0,2  15,5   04:33   ESE
 4   7,7  11,5   12:24   5,2   02:10  10,6   0,0   0,4   0,3   7,7   02:47   WSW
 5   7,6   9,0   15:01   6,4   06:16  10,7   0,0   0,8   0,1   7,7   02:47     W
 6   7,4   7,9   15:14   7,1   05:10  10,9   0,0   2,2   0,2  13,6   22:04    SE
 7   6,2   7,4   00:00   5,1   23:59  12,1   0,0  56,0   0,6  13,6   21:16   SSE
 8   6,1  10,6   16:12   3,0   08:12  12,2   0,0   3,4   1,8  23,2   20:25    NE
 9   6,8  10,0   16:36   4,8   05:54  11,5   0,0   1,0   0,6  23,2   19:39   ENE
10   5,5   7,1   15:44   3,4   23:13  12,8   0,0  19,6   0,6  15,5   18:39     N
11   7,0  12,6   15:53   2,7   05:13  11,3   0,0   0,0   2,1  28,9   10:53     E
12   2,3   4,9   00:00  -2,5   23:39  16,0   0,0   0,0   2,4  28,9   10:07    SE
13  -1,9   0,2   15:18  -3,6   23:47  20,0   0,0   0,0   1,3  19,3   15:43   WNW
14   0,1   5,6   15:28  -4,0   04:46  18,2   0,0   0,0   1,5  25,1   16:12   WNW
15   1,8   6,1   16:20  -2,0   05:33  16,5   0,0   0,0   1,4  25,1   15:26    NW
16   4,6   9,3   14:07  -0,3   03:05  13,7   0,0   0,0   1,2  21,2   17:19    NW
17   8,1  13,7   15:16   4,7   08:04  10,2   0,0   0,0   1,6  21,2   16:33   NNW
18   7,1   9,7   14:17   4,5   06:41  11,2   0,0   0,0   0,4  21,2   20:34   WNW
19   8,0  10,2   13:47   6,4   07:23  10,2   0,0   1,2   0,2  13,6   10:21    NE
20   9,0  11,9   13:55   7,1   05:59   9,3   0,0   0,0   0,4  13,6   23:17   NNE
21   8,6  11,9   14:30   4,9   05:59   9,7   0,0   0,0   0,8  15,5   07:01     E
22   9,5  13,7   15:03   6,5   07:20   8,8   0,0   0,0   1,5  19,3   00:40     N
23  10,7  16,9   15:42   6,0   06:37   7,6   0,0   0,0   1,4  17,4   20:41    NE
24  13,4  21,1   15:32   7,7   06:05   5,3   0,4   0,0   1,6  21,2   20:09   NNE
25  13,5  20,9   15:53   8,1   06:34   5,1   0,3   0,0   1,4  21,2   19:23   NNE
26  13,0  19,7   15:46   7,8   07:10   5,4   0,1   0,0   1,7  21,2   22:21    NE
27  13,1  18,9   14:16   8,8   07:03   5,2   0,0   0,0   2,1  30,8   15:44     E
28   9,2  13,4   15:58   5,2   23:57   9,1   0,0   0,0   2,3  30,8   14:58     E
----------------------------------------------------------------------------------
     7,2  21,1    24    -4,0    14   312,6   0,8  89,2   1,1  30,8    27      NE

Max >=  30,0:  0
Max <=  20,0: 26
Min <=  20,0: 28
Min <=  15,0: 28
Max Rain: 56,0 on day 7
Days of Rain: 9 (>= 0,1 mm)  7 (>= 1,0 mm)  2 (>= 10,0 mm)
Heat Base: 18,3  Cool Base: 18,3  Method: Integration