Riassunti climatici stile NOAA



Report 2020 Dicembre
´╗┐                   Monthly Climatological Summary for dic 2020

Name: www.meteoalbese.it   City: Albese con Cassano (CO)   State: Italia
Elevation: 410 m  Lat: N 46┬° 19' 60"   Lon: E 009┬° 15' 31"

                  Temperature (┬°C), Rain (mm), Wind Speed (km/h)

                                      Heat  Cool        Avg
    Mean                              Deg   Deg         Wind                 Dom
Day Temp  High   Time   Low    Time   Days  Days  Rain  Speed High   Time    Dir
----------------------------------------------------------------------------------
 1   4,1   5,0   09:28   2,7   23:02  14,2   0,0   2,2   0,2   7,7   18:30   SSE
 2   1,4   2,9   00:00   0,1   15:05  16,9   0,0   3,7   0,6  11,6   08:09   WSW
 3   2,0   4,6   11:10  -1,4   06:09  16,3   0,0   3,4   1,0  15,5   11:34    SE
 4   2,0   5,1   22:59   0,4   10:04  16,3   0,0  73,1   1,0  21,2   22:57    SE
 5   4,2   5,6   08:22   2,6   00:42  14,1   0,0  25,0   0,6  13,6   01:10   WNW
 6   4,7   5,7   13:09   3,8   04:42  13,6   0,0  15,2   0,7  15,5   03:20    SE
 7   4,3   5,0   08:16   3,4   11:40  14,0   0,0   4,3   1,2  19,3   08:22    SE
 8   3,9   4,5   00:00   2,4   04:52  14,4   0,0  13,1   0,1   5,8   04:43   ENE
 9   4,5   4,9   15:03   4,1   09:21  13,8   0,0   2,5   0,4  11,6   12:42    SE
10   5,4   8,5   15:23   3,9   04:01  12,9   0,0   0,2   0,5  13,6   14:07   ENE
11   4,6   6,1   13:34   3,4   06:09  13,7   0,0   0,0   0,3   9,6   03:14    NE
12   4,1   6,5   14:10   2,0   23:21  14,2   0,0   0,0   0,8  21,2   21:44   NNE
13   5,2   9,9   15:47   1,6   07:09  13,1   0,0   0,0   0,9  17,4   22:24    NE
14   5,9   9,2   14:40   3,5   03:45  12,3   0,0   0,0   1,2  17,4   07:39    NE
15   6,2   8,2   13:31   4,2   05:58  12,1   0,0   0,0   0,3  11,6   06:20     N
16   7,0   8,7   12:20   5,5   06:28  11,3   0,0   0,6   0,3   9,6   14:33   NNW
17   7,2  10,4   13:58   5,2   22:02  11,1   0,0   0,0   0,4  13,6   14:53   SSE
18   6,9  10,0   15:47   5,7   00:00  11,4   0,0   0,0   0,2   9,6   14:33     N
19   7,3   9,5   14:36   6,1   06:20  11,0   0,0   0,6   0,2  13,6   09:40   WNW
20   6,7   7,2   14:43   5,9   07:43  11,6   0,0   5,5   0,1   7,7   07:16   SSE
21   7,3   8,1   15:20   6,6   05:37  11,0   0,0   0,0   0,0   1,9   00:00     S
22   6,9  10,2   15:24   5,0   07:49  11,4   0,0   0,0   0,6  17,4   18:24   NNE
23   7,3   8,5   12:59   5,9   00:00  11,0   0,0   0,2  ----   9,6   05:15   WNW
24   7,4   8,1   14:20   6,5   23:52  10,9   0,0   6,1  ----   9,6   23:50     S
25   6,1   8,1   09:37   3,3   23:55  12,2   0,0   0,0  ----  42,5   12:23   ENE
26   4,1   9,4   12:02   0,6   04:27  14,2   0,0   0,0  ----  28,9   08:12    NE
27   1,1   3,1   11:54  -0,5   06:07  17,2   0,0   0,0  ----  21,2   02:09   NNE
28  -0,2   0,6   14:40  -1,4   21:18  18,5   0,0   0,0  ----  15,5   23:49    NW
29   1,6   2,4   14:44  -0,5   00:00  16,7   0,0  13,8  ----  19,3   00:54   NNW
30   1,9   4,3   14:25   0,4   23:23  16,4   0,0   9,7  ----  17,4   18:57   NNE
31   1,8   4,6   13:35  -0,6   06:26  16,5   0,0   3,4  ----  19,3   05:02   ENE
----------------------------------------------------------------------------------
     4,6  10,4    17    -1,4     3   424,3   0,0 182,6   0,5  42,5    25       E

Max >=  30,0:  0
Max <=  20,0: 31
Min <=  20,0: 31
Min <=  15,0: 31
Max Rain: 73,1 on day 4
Days of Rain: 18 (>= 0,1 mm)  14 (>= 1,0 mm)  5 (>= 10,0 mm)
Heat Base: 18,3  Cool Base: 18,3  Method: Integration