Riassunti climatici stile NOAA



Report 2020 Novembre
´╗┐                   Monthly Climatological Summary for nov 2020

Name: www.meteoalbese.it   City: Albese con Cassano (CO)   State: Italia
Elevation: 410 m  Lat: N 46┬° 19' 60"   Lon: E 009┬° 15' 31"

                  Temperature (┬°C), Rain (mm), Wind Speed (km/h)

                                      Heat  Cool        Avg
    Mean                              Deg   Deg         Wind                 Dom
Day Temp  High   Time   Low    Time   Days  Days  Rain  Speed High   Time    Dir
----------------------------------------------------------------------------------
 1  11,9  16,4   15:22   8,9   06:06   6,4   0,0   0,0   2,4  19,3   14:19     N
 2  12,6  16,6   13:11   9,2   06:43   5,7   0,0   0,0   1,9  21,2   12:59   WNW
 3  12,7  15,4   14:58  11,2   00:00   5,6   0,0   0,0   0,2   7,7   14:19   WNW
 4  13,2  15,5   15:57  11,6   02:45   5,1   0,0   0,0   0,7  11,6   12:44    NW
 5  13,5  17,0   13:11  10,0   06:23   4,8   0,0   0,0   1,2  19,3   04:48    NE
 6  13,0  16,5   15:17  10,8   23:16   5,3   0,0   0,0   1,7  15,5   14:55     N
 7  12,3  17,8   15:25   9,4   07:40   6,0   0,0   0,0   2,5  17,4   00:35    NE
 8  12,1  17,4   15:21   8,9   05:26   6,2   0,0   0,0   1,9  17,4   20:22     N
 9  11,9  17,0   15:07   8,4   06:31   6,4   0,0   0,0   1,9  19,3   01:33     N
10  11,8  16,4   13:33   8,5   07:15   6,5   0,0   0,0   2,0  17,4   00:04   NNE
11   9,9  13,7   13:04   8,1   07:23   8,4   0,0   0,0   1,4  13,6   18:35   ESE
12  10,2  13,1   14:14   7,9   23:29   8,1   0,0   0,0   1,1  17,4   23:35   NNE
13   9,4  11,7   14:14   7,7   23:04   8,9   0,0   0,0   1,2  17,4   00:41    NE
14   9,1  11,9   14:57   6,7   06:50   9,2   0,0   0,0   0,8  15,5   21:05    NE
15   9,8  11,7   15:18   8,8   08:39   8,5   0,0   0,0   0,8  15,5   11:41   WNW
16   9,5  13,5   15:34   6,2   23:45   8,8   0,0   4,8   1,1  15,5   10:51   SSE
17  10,0  14,1   15:35   6,5   00:00   8,3   0,0   0,0   3,4  19,3   04:49    NE
18   9,7  14,0   13:45   6,6   07:41   8,6   0,0   0,0   1,7  17,4   01:40   NNE
19   9,4  15,0   15:40   5,7   07:40   8,9   0,0   0,0   1,1  15,5   01:05     E
20   9,6  12,8   01:15   5,9   23:01   8,7   0,0   0,0   1,8  32,9   02:31   SSW
21   6,3   9,7   15:21   2,9   23:20  12,0   0,0   0,0   2,5  21,2   01:17   NNW
22   4,8   9,5   15:22   1,9   07:06  13,5   0,0   0,0   2,8  17,4   00:12     N
23   5,6   9,3   14:10   2,6   06:34  12,7   0,0   0,0   1,4  15,5   02:41     E
24   6,5  11,6   15:14   3,1   04:39  11,8   0,0   0,0   1,7  19,3   18:12     N
25   6,3  10,7   15:31   3,2   07:45  12,0   0,0   0,0   1,9  15,5   00:03    NE
26   6,0  10,4   15:24   3,3   07:39  12,3   0,0   0,0   1,6  15,5   03:18    NE
27   5,7   8,7   13:07   2,8   07:27  12,6   0,0   0,0   1,0  15,5   01:25    NE
28   6,1   9,9   12:32   3,4   07:07  12,2   0,0   0,0   0,8  17,4   18:27   ENE
29   6,2   8,8   15:23   4,1   22:02  12,1   0,0   0,0   0,6  11,6   20:20    NE
30   4,6   5,6   15:16   3,5   04:23  13,7   0,0   0,0   1,0  15,5   02:11    NE
----------------------------------------------------------------------------------
     9,3  17,8     7     1,9    22   269,3   0,0   4,8   1,5  32,9    20     NNE

Max >=  30,0:  0
Max <=  20,0: 30
Min <=  20,0: 30
Min <=  15,0: 30
Max Rain: 4,8 on day 16
Days of Rain: 1 (>= 0,1 mm)  1 (>= 1,0 mm)  0 (>= 10,0 mm)
Heat Base: 18,3  Cool Base: 18,3  Method: Integration