Riassunti climatici stile NOAA



Report 2020 Ottobre
´╗┐                   Monthly Climatological Summary for ott 2020

Name: www.meteoalbese.it   City: Albese con Cassano (CO)   State: Italia
Elevation: 410 m  Lat: N 46┬° 19' 60"   Lon: E 009┬° 15' 31"

                  Temperature (┬°C), Rain (mm), Wind Speed (km/h)

                                      Heat  Cool        Avg
    Mean                              Deg   Deg         Wind                 Dom
Day Temp  High   Time   Low    Time   Days  Days  Rain  Speed High   Time    Dir
----------------------------------------------------------------------------------
 1  15,2  18,9   15:16  13,0   01:29   3,1   0,0   0,0   2,2  17,4   00:00   NNE
 2  14,3  15,7   21:30  13,1   00:41   4,0   0,0  58,8   5,5  38,6   21:11    SE
 3  14,7  18,6   17:05  12,4   23:42   3,6   0,0  41,5   5,3  38,6   04:38   ESE
 4  13,6  17,9   14:44  11,1   21:02   4,7   0,0  22,2   3,0  27,0   13:12   ESE
 5  11,9  15,4   15:53   9,6   05:40   6,4   0,0  25,9   2,1  21,2   20:47   NNE
 6  12,6  16,3   15:04   9,6   04:37   5,7   0,0   0,0   2,2  21,2   03:33     N
 7  14,5  21,3   16:57  10,1   07:00   4,2   0,4   0,0   3,2  27,0   18:20     N
 8  14,8  20,6   16:15  10,4   07:41   3,8   0,3   0,0   3,2  25,1   00:43     N
 9  14,1  18,5   15:30  11,2   07:28   4,2   0,0   0,0   2,6  21,2   03:50   NNE
10  14,3  19,2   16:19  10,7   06:30   4,1   0,0   0,0   3,0  23,2   02:41   NNW
11  11,4  14,2   14:57   8,8   08:05   6,9   0,0   0,0   1,4  17,4   01:03     N
12  11,3  17,1   15:09   5,3   06:52   7,0   0,0   0,0   2,5  28,9   19:17   NNW
13  10,8  16,4   16:34   6,4   07:02   7,5   0,0   0,0   2,1  21,2   13:27     N
14   9,9  14,0   16:05   7,4   07:06   8,4   0,0   0,0   2,3  23,2   00:08   NNE
15   8,8   9,4   00:49   8,0   10:35   9,5   0,0   9,5   1,3  17,4   00:03   NNW
16   9,5  14,1   16:00   7,4   06:08   8,8   0,0   3,6   2,4  19,3   21:36   NNW
17  10,2  16,2   16:45   6,8   07:59   8,1   0,0   0,0   3,7  21,2   05:37    NE
18  10,7  15,3   16:07   7,9   05:24   7,6   0,0   0,0   3,0  21,2   03:56   NNE
19  10,7  14,6   14:42   8,4   03:13   7,6   0,0   0,0   3,1  23,2   03:36   NNE
20  10,7  14,7   15:26   7,9   06:38   7,6   0,0   0,0   2,7  21,2   00:10   NNE
21  11,8  13,7   16:15   9,9   07:48   6,5   0,0   0,0   1,3  17,4   05:46     N
22  12,4  13,6   13:32  11,5   04:10   5,9   0,0   1,6   0,8  13,6   14:39     W
23  12,1  12,5   17:48  11,6   04:36   6,2   0,0  28,9   0,5   9,6   13:38     S
24  12,5  15,5   16:08  10,5   07:01   5,8   0,0   6,1   0,6  11,6   16:09    SE
25  12,3  16,4   12:47   8,5   06:31   6,2   0,0   1,2   1,3  15,5   01:08    NE
26  11,8  12,7   05:07   9,6   23:54   6,5   0,0 111,2   2,0  21,2   06:01    SE
27  10,1  14,6   15:21   7,7   04:54   8,2   0,0  13,8   3,6  48,2   04:15    NE
28  11,0  16,4   14:54   7,6   06:41   7,3   0,0   0,0   2,8  23,2   21:41     N
29  11,1  16,2   15:15   8,3   07:38   7,2   0,0   0,0   2,8  21,2   06:48     N
30  12,4  18,0   15:04   8,4   07:05   5,9   0,0   0,0   1,5  19,3   18:18   NNE
31  11,7  16,4   15:37   8,1   07:12   6,6   0,0   0,0   1,8  17,4   19:52   ENE
----------------------------------------------------------------------------------
    12,0  21,3     7     5,3    12   195,1   0,7 324,3   2,4  48,2    27     NNE

Max >=  30,0:  0
Max <=  20,0: 29
Min <=  20,0: 31
Min <=  15,0: 31
Max Rain: 111,2 on day 26
Days of Rain: 12 (>= 0,1 mm)  12 (>= 1,0 mm)  7 (>= 10,0 mm)
Heat Base: 18,3  Cool Base: 18,3  Method: Integration