Riassunti climatici stile NOAA



Report 2020 Settembre
´╗┐                   Monthly Climatological Summary for set 2020

Name: www.meteoalbese.it   City: Albese con Cassano (CO)   State: Italia
Elevation: 410 m  Lat: N 46┬° 19' 60"   Lon: E 009┬° 15' 31"

                  Temperature (┬°C), Rain (mm), Wind Speed (km/h)

                                      Heat  Cool        Avg
    Mean                              Deg   Deg         Wind                 Dom
Day Temp  High   Time   Low    Time   Days  Days  Rain  Speed High   Time    Dir
----------------------------------------------------------------------------------
 1  17,4  25,4   17:10  11,8   06:02   2,5   1,6   0,0   3,7  25,1   19:39     N
 2  17,0  22,1   17:32  13,8   10:36   1,8   0,5   2,8   3,3  21,2   19:39    NE
 3  18,7  25,6   17:45  13,8   07:21   1,5   1,8   0,0   4,1  25,1   20:35     N
 4  20,3  26,6   17:01  15,9   06:13   0,7   2,7   0,0   3,8  23,2   20:54     N
 5  21,5  28,4   17:55  17,1   06:45   0,2   3,4   0,0   3,8  25,1   22:13     N
 6  21,0  26,2   15:55  18,0   06:31   0,0   2,7   1,2   3,6  21,2   20:00    NE
 7  17,4  20,9   12:24  14,9   05:27   1,3   0,4  37,2   3,2  28,9   03:29     N
 8  20,0  25,7   18:27  16,6   05:16   0,4   2,1   0,0   3,0  23,2   21:16     N
 9  21,0  26,8   18:07  17,1   06:35   0,2   2,9   0,0   4,0  21,2   00:14     N
10  21,2  26,7   15:11  17,5   05:44   0,1   3,0   0,0   3,6  23,2   20:37   NNE
11  21,5  25,5   13:15  18,9   23:59   0,0   3,2   0,0   3,7  19,3   00:01   NNW
12  22,4  28,5   16:32  18,4   05:07   0,0   4,1   0,0   3,4  21,2   20:07   NNE
13  23,3  29,3   16:25  19,8   07:02   0,0   5,0   0,0   4,4  25,1   23:25   NNE
14  23,3  28,5   16:21  20,6   04:26   0,0   5,0   0,0   4,5  25,1   21:08   NNE
15  22,5  28,0   16:30  18,9   06:45   0,0   4,2   0,0   5,5  25,1   03:31   NNE
16  23,2  28,5   16:00  19,4   07:41   0,0   4,9   0,0   3,7  23,2   20:20     N
17  22,7  29,8   17:14  18,5   06:42   0,0   4,4   0,0   4,0  25,1   21:40   NNE
18  22,4  27,7   15:05  18,5   07:09   0,0   4,1   0,0   4,2  23,2   07:01     N
19  19,8  23,3   17:01  16,9   05:45   0,3   1,7   0,0   2,5  19,3   00:40   NNE
20  18,8  23,4   17:17  16,5   01:45   0,6   1,1   0,0   2,9  19,3   01:30   NNE
21  19,0  23,2   17:40  16,0   06:35   0,6   1,3   0,0   2,2  19,3   00:13     N
22  17,3  20,2   15:34  15,6   07:06   1,3   0,3  34,1   2,0  19,3   01:54   ESE
23  17,7  23,0   16:58  14,2   05:45   1,7   1,0   1,6   2,4  21,2   23:12     N
24  17,0  19,2   17:31  15,2   05:03   1,4   0,1  17,0   2,9  19,3   01:30   ENE
25  14,2  16,6   10:24   9,8   13:32   4,1   0,0  45,7   5,3  59,9   14:08   NNW
26  14,0  16,3   15:51   9,4   23:34   4,3   0,0   0,0   5,7  69,5   00:00    NW
27  11,5  16,8   16:36   7,4   07:05   6,8   0,0   0,0   3,3  23,2   07:44     E
28  12,6  20,1   16:14   7,4   06:54   5,8   0,2   0,0   2,6  25,1   19:05    NE
29  14,1  20,1   16:05  10,4   03:00   4,3   0,1   0,0   2,8  21,2   00:00     N
30  15,4  21,0   15:25  11,6   06:59   3,3   0,4   0,0   2,7  21,2   23:47     N
----------------------------------------------------------------------------------
    18,9  29,8    17     7,4    27    43,2  62,2 139,6   3,6  69,5    26       N

Max >=  30,0:  0
Max <=  20,0:  4
Min <=  20,0: 29
Min <=  15,0: 11
Max Rain: 45,7 on day 25
Days of Rain: 7 (>= 0,1 mm)  7 (>= 1,0 mm)  4 (>= 10,0 mm)
Heat Base: 18,3  Cool Base: 18,3  Method: Integration