Riassunti climatici stile NOAA



Report 2020 Agosto
´╗┐                   Monthly Climatological Summary for ago 2020

Name: www.meteoalbese.it   City: Albese con Cassano (CO)   State: Italia
Elevation: 410 m  Lat: N 46┬° 19' 60"   Lon: E 009┬° 15' 31"

                  Temperature (┬°C), Rain (mm), Wind Speed (km/h)

                                      Heat  Cool        Avg
    Mean                              Deg   Deg         Wind                 Dom
Day Temp  High   Time   Low    Time   Days  Days  Rain  Speed High   Time    Dir
----------------------------------------------------------------------------------
 1  28,4  35,6   16:49  23,1   06:42   0,0  10,1   0,0   2,7  25,1   00:48   NNE
 2  25,7  31,1   16:26  18,7   23:41   0,0   7,4  44,8   2,8  34,8   21:28     E
 3  18,6  24,4   11:49  15,6   21:16   0,9   1,2  30,2   2,3  23,2   15:11    NE
 4  20,6  26,6   17:30  14,5   02:43   0,8   3,1   0,8   4,9  36,7   16:34   NNW
 5  21,7  27,7   16:23  15,4   06:38   0,3   3,7   0,0   3,8  25,1   21:33    NE
 6  22,4  29,7   18:10  16,8   06:28   0,3   4,4   0,0   4,5  25,1   00:34     N
 7  24,4  30,5   16:54  19,4   06:57   0,0   6,1   0,0   3,0  19,3   00:03    NE
 8  25,8  32,1   18:19  20,9   05:54   0,0   7,5   0,0   5,1  27,0   06:46   NNE
 9  26,3  32,6   16:26  22,0   06:45   0,0   8,0   0,0   4,8  25,1   06:04   NNE
10  26,1  32,0   15:52  21,7   06:21   0,0   7,8   0,0   3,7  25,1   00:38     N
11  25,9  32,0   15:45  21,0   06:16   0,0   7,6   0,0   2,7  23,2   00:42     N
12  25,8  31,5   15:42  21,4   06:39   0,0   7,5   0,4   2,8  21,2   06:38   NNE
13  24,2  29,7   17:20  19,3   06:32   0,0   5,9   1,2   2,8  25,1   04:43     N
14  24,5  30,2   17:33  21,1   06:41   0,0   6,2   0,0   2,8  23,2   12:24     E
15  24,0  30,1   17:27  19,2   06:26   0,0   5,7   0,0   4,0  21,2   20:24    NE
16  22,2  28,2   17:01  17,6   09:58   0,0   3,9  33,8   4,2  32,9   08:51   NNE
17  21,7  27,0   15:29  18,0   02:53   0,0   3,4  27,5   4,5  28,9   02:03   NNW
18  22,3  28,2   18:05  18,4   05:12   0,0   4,0   0,0   3,5  23,2   20:37   NNE
19  23,0  29,4   18:06  18,9   05:38   0,0   4,7   0,0   3,4  23,2   20:35     N
20  24,1  30,4   18:16  19,2   06:48   0,0   5,8   0,0   4,5  23,2   21:18   NNE
21  25,4  31,5   17:16  21,2   06:53   0,0   7,1   0,0   4,1  25,1   02:42     N
22  25,6  31,6   17:00  22,1   06:25   0,0   7,3   0,0   2,9  21,2   00:29     N
23  23,6  28,9   18:30  19,9   06:20   0,0   5,3   0,0   3,1  21,2   06:15   NNE
24  21,7  26,9   15:59  18,7   05:49   0,0   3,4   0,0   3,4  25,1   21:31    NE
25  22,2  28,1   16:44  18,4   05:38   0,0   3,9   0,6   2,9  23,2   20:49     N
26  22,8  28,1   16:40  19,2   07:04   0,0   4,5   0,0   2,8  23,2   22:06     N
27  23,4  29,9   16:47  19,2   05:44   0,0   5,1   0,0   3,5  25,1   21:03   NNE
28  21,5  23,8   13:43  19,0   23:47   0,0   3,2  12,1   2,2  21,2   18:45     E
29  19,8  23,4   16:23  17,5   23:01   0,1   1,5   8,9   2,6  27,0   14:49   ESE
30  18,6  23,1   15:57  15,6   12:19   0,5   0,9  25,3   3,7  38,6   11:31   ESE
31  17,1  22,5   16:59  13,9   06:48   1,7   0,6   0,6   2,4  25,1   07:07   NNE
----------------------------------------------------------------------------------
    23,2  35,6     1    13,9    31     4,6 156,8 186,2   3,4  38,6    30     NNE

Max >=  30,0: 13
Max <=  20,0:  0
Min <=  20,0: 22
Min <=  15,0:  2
Max Rain: 44,8 on day 2
Days of Rain: 12 (>= 0,1 mm)  8 (>= 1,0 mm)  6 (>= 10,0 mm)
Heat Base: 18,3  Cool Base: 18,3  Method: Integration