Riassunti climatici stile NOAA



Report 2020 Luglio
´╗┐                   Monthly Climatological Summary for lug 2020

Name: www.meteoalbese.it   City: Albese con Cassano (CO)   State: Italia
Elevation: 410 m  Lat: N 46┬° 19' 60"   Lon: E 009┬° 15' 31"

                  Temperature (┬°C), Rain (mm), Wind Speed (km/h)

                                      Heat  Cool        Avg
    Mean                              Deg   Deg         Wind                 Dom
Day Temp  High   Time   Low    Time   Days  Days  Rain  Speed High   Time    Dir
----------------------------------------------------------------------------------
 1  24,1  28,7   14:33  21,1   04:29   0,0   5,8   0,0   2,8  19,3   11:54     N
 2  24,0  30,7   16:34  18,9   06:29   0,0   5,7  15,0   3,2  36,7   21:20   NNW
 3  20,8  28,1   15:08  16,6   21:54   0,4   2,9  18,8   3,6  25,1   18:03   NNE
 4  21,7  27,7   17:21  15,7   05:38   0,6   4,0   3,1   3,2  21,2   00:15    NW
 5  23,5  30,2   18:51  18,1   05:43   0,0   5,2   0,0   5,5  25,1   22:25   NNE
 6  24,7  30,7   17:14  20,0   05:59   0,0   6,4   0,2   3,7  32,9   23:52    NE
 7  21,9  25,3   17:19  17,6   23:14   0,0   3,6   0,4   5,6  42,5   02:24   ESE
 8  21,8  28,0   19:23  16,7   05:44   0,2   3,7   0,0   4,0  23,2   20:32   NNE
 9  23,2  29,9   17:36  17,8   05:37   0,0   4,9   0,0   4,7  23,2   03:53   NNE
10  24,2  30,5   16:04  19,5   06:03   0,0   5,9   0,6   4,3  23,2   02:03     N
11  21,9  27,7   18:31  17,7   23:42   0,0   3,6  26,2   5,1  28,9   02:25   NNE
12  21,3  27,5   17:09  15,9   06:00   0,5   3,5   0,0   3,7  23,2   05:35   NNE
13  21,0  24,6   16:40  18,3   06:42   0,0   2,7   0,0   3,1  19,3   12:59     E
14  20,0  24,5   16:33  16,4   07:41   0,2   1,9   0,0   3,7  21,2   05:32   NNE
15  20,3  25,6   14:43  17,2   04:43   0,2   2,3   0,0   4,0  21,2   17:07   NNE
16  21,7  27,5   18:13  16,5   05:32   0,4   3,8   0,0   4,5  23,2   16:17   NNW
17  22,3  27,0   16:26  17,8   06:50   0,0   4,0   0,0   3,9  21,2   00:20     E
18  21,7  26,9   17:41  17,9   06:14   0,0   3,4   0,0   2,4  21,2   01:07   ESE
19  22,3  28,7   18:09  17,1   06:07   0,2   4,1   0,0   3,8  23,2   00:18     N
20  24,0  30,4   16:29  18,7   05:48   0,0   5,7   0,0   2,9  25,1   22:25   NNW
21  24,6  30,7   17:31  19,8   03:33   0,0   6,3   0,6   2,6  19,3   16:40   NNW
22  24,9  31,7   15:40  19,6   06:07   0,0   6,6   0,4   1,9  25,1   22:32    NW
23  24,5  31,4   18:08  18,9   06:33   0,0   6,2   0,0   2,7  23,2   21:08   NNE
24  19,0  22,7   00:19  15,0   06:28   0,9   1,6  30,1   3,0  30,8   06:15     N
25  22,0  29,9   16:15  15,8   06:11   0,4   4,2   0,0   4,1  27,0   01:18     N
26  23,5  29,6   18:38  19,5   01:00   0,0   5,2   0,0   4,0  23,2   00:53     N
27  24,1  30,4   16:33  19,1   03:25   0,0   5,7   0,0   5,2  23,2   17:00   NNE
28  25,7  31,5   17:17  20,9   06:25   0,0   7,4   0,4   3,0  23,2   00:47     N
29  26,1  32,1   15:54  21,4   06:29   0,0   7,8   0,0   3,0  21,2   23:37    NE
30  27,4  33,4   16:33  23,1   06:21   0,0   9,1   0,0   3,7  23,2   00:42     N
31  27,7  34,6   18:07  22,6   06:00   0,0   9,4   0,0   3,4  25,1   22:48     N
----------------------------------------------------------------------------------
    23,1  34,6    31    15,0    24     4,0 152,6  95,8   3,7  42,5     7     NNE

Max >=  30,0: 13
Max <=  20,0:  0
Min <=  20,0: 26
Min <=  15,0:  1
Max Rain: 30,1 on day 24
Days of Rain: 11 (>= 0,1 mm)  5 (>= 1,0 mm)  4 (>= 10,0 mm)
Heat Base: 18,3  Cool Base: 18,3  Method: Integration