Riassunti climatici stile NOAA



Report 2020 Giugno
´╗┐                   Monthly Climatological Summary for giu 2020

Name: www.meteoalbese.it   City: Albese con Cassano (CO)   State: Italia
Elevation: 410 m  Lat: N 46┬° 19' 60"   Lon: E 009┬° 15' 31"

                  Temperature (┬°C), Rain (mm), Wind Speed (km/h)

                                      Heat  Cool        Avg
    Mean                              Deg   Deg         Wind                 Dom
Day Temp  High   Time   Low    Time   Days  Days  Rain  Speed High   Time    Dir
----------------------------------------------------------------------------------
 1  19,3  26,2   17:13  13,4   06:04   1,4   2,4   0,0   4,2  21,2   00:02     N
 2  19,8  27,9   16:52  14,0   23:40   1,2   2,7   8,7   5,7  27,0   19:31     N
 3  18,1  26,1   16:13  13,6   04:37   2,2   2,0  27,4   3,7  27,0   20:06     N
 4  14,0  15,0   06:06  13,1   23:49   4,3   0,0  51,7   2,0  19,3   00:08   ESE
 5  17,6  24,4   18:27  11,1   05:45   2,5   1,7   2,2   5,0  27,0   21:28   NNW
 6  18,9  24,4   15:21  14,1   06:06   1,3   1,9   8,7   3,7  23,2   00:08    NE
 7  15,2  16,6   00:00  13,0   22:36   3,1   0,0  31,9   2,6  38,6   15:53   ESE
 8  14,9  20,2   16:26  11,5   03:42   3,6   0,2   5,8   2,5  27,0   18:51   NNE
 9  15,6  21,4   16:22  12,4   03:54   3,0   0,3   0,9   2,9  21,2   23:21   NNW
10  15,0  19,1   11:09  12,2   05:09   3,3   0,0   4,7   3,3  19,3   00:11     N
11  14,5  17,8   17:55  12,2   06:14   3,8   0,0  12,0   1,6  17,4   21:20     E
12  17,4  22,8   17:14  13,7   00:00   1,8   0,9   0,0   3,5  19,3   21:21   NNW
13  18,7  25,3   15:17  14,9   22:33   1,4   1,9   6,7   3,9  36,7   18:23    NW
14  19,1  26,1   18:02  14,1   04:13   1,4   2,2   0,2   2,6  19,3   00:04     N
15  19,5  25,4   15:28  15,1   06:26   0,6   1,7   4,0   3,6  23,2   02:41   NNE
16  18,9  24,0   15:13  16,2   06:26   0,7   1,2   0,6   3,3  25,1   23:35    NE
17  16,9  21,9   18:48  13,9   07:47   1,7   0,3  20,8   4,2  25,1   06:51     N
18  17,5  25,2   15:59  13,1   05:42   2,3   1,5  13,7   4,0  27,0   19:44   NNW
19  17,6  24,2   15:24  12,9   05:54   1,9   1,2  14,0   4,3  25,1   20:25   NNW
20  20,1  27,2   17:03  13,0   06:26   1,4   3,2   0,0   3,4  23,2   07:04     N
21  23,8  28,9   16:47  18,0   00:50   0,0   5,5   0,0   2,9  30,8   10:44   NNW
22  25,2  30,9   17:25  19,3   03:02   0,0   6,9   0,0   3,0  21,2   06:23   NNW
23  24,3  31,1   17:52  19,5   05:17   0,0   6,0   0,0   4,2  27,0   20:57   NNW
24  24,2  29,3   17:22  20,0   04:23   0,0   5,9   0,0   4,2  25,1   01:27    NE
25  22,4  26,2   17:31  18,0   06:27   0,0   4,1   0,2   4,0  23,2   07:06   ENE
26  22,2  28,2   17:22  17,7   06:23   0,0   3,9   2,5   3,3  21,2   21:36   NNE
27  23,5  29,8   15:34  19,1   05:57   0,0   5,2   0,0   3,9  27,0   20:50     N
28  24,3  30,6   18:47  19,2   05:19   0,0   6,0   0,0   4,5  27,0   22:38   NNE
29  24,8  30,7   17:22  19,1   04:42   0,0   6,5   0,0   3,3  21,2   15:58   NNW
30  24,2  29,5   18:08  20,7   09:34   0,0   5,9   0,2   3,1  23,2   21:48   ENE
----------------------------------------------------------------------------------
    19,6  31,1    23    11,1     5    42,9  81,2 216,9   3,5  38,6     7       N

Max >=  30,0:  4
Max <=  20,0:  4
Min <=  20,0: 29
Min <=  15,0: 18
Max Rain: 51,7 on day 4
Days of Rain: 20 (>= 0,1 mm)  15 (>= 1,0 mm)  7 (>= 10,0 mm)
Heat Base: 18,3  Cool Base: 18,3  Method: Integration