Riassunti climatici stile NOAA



Report 2020 Maggio
´╗┐                   Monthly Climatological Summary for mag 2020

Name: www.meteoalbese.it   City: Albese con Cassano (CO)   State: Italia
Elevation: 410 m  Lat: N 46┬° 19' 60"   Lon: E 009┬° 15' 31"

                  Temperature (┬°C), Rain (mm), Wind Speed (km/h)

                                      Heat  Cool        Avg
    Mean                              Deg   Deg         Wind                 Dom
Day Temp  High   Time   Low    Time   Days  Days  Rain  Speed High   Time    Dir
----------------------------------------------------------------------------------
 1  13,2  17,1   13:59   9,9   02:46   5,1   0,0   0,3   2,7  23,2   23:55    NE
 2  16,7  23,4   16:32   9,4   05:17   2,9   1,3   0,0   4,5  28,9   13:09   WNW
 3  18,1  22,3   16:27  13,8   07:19   1,2   1,0   0,0   4,2  32,9   00:13   ESE
 4  16,6  22,8   18:22  11,2   05:32   2,7   1,0   0,0   4,5  25,1   23:00   NNE
 5  16,8  22,9   18:17  12,0   06:07   2,4   0,9   0,0   3,2  23,2   00:12     N
 6  15,9  19,8   17:26  12,2   06:13   2,6   0,2   0,0   3,4  21,2   13:54   ESE
 7  17,2  23,6   18:59  12,1   06:29   2,2   1,2   0,0   4,2  27,0   23:35   NNE
 8  18,7  25,1   17:06  13,1   05:56   1,6   2,0   0,0   4,8  25,1   02:09     N
 9  19,2  25,3   16:50  13,5   06:15   1,2   2,1   0,0   2,9  23,2   05:44   NNW
10  17,8  22,8   16:17  13,7   05:15   1,6   1,1   3,6   2,5  17,4   05:16     N
11  13,0  15,3   01:27  10,9   22:50   5,3   0,0  53,0   3,6  23,2   05:43    SE
12  15,4  21,4   16:51  10,2   06:40   3,3   0,4   0,3   1,8  17,4   05:32     E
13  13,0  15,2   00:00  12,4   10:47   5,3   0,0  13,6   1,9  17,4   03:09    SE
14  16,7  21,8   15:06  12,6   02:12   2,4   0,9  13,2   2,2  19,3   20:36     E
15  15,0  18,7   16:15  12,2   06:43   3,3   0,0  38,8   3,1  28,9   03:12   ESE
16  16,2  20,0   15:03  13,7   06:19   2,2   0,1   0,6   2,0  23,2   11:44   ESE
17  16,9  22,1   14:56  13,2   06:46   2,2   0,8   4,2   2,5  23,2   21:47   NNE
18  20,0  26,5   17:38  15,5   22:33   0,9   2,6   7,8   3,1  27,0   21:59   NNW
19  18,2  23,6   13:45  14,5   04:28   1,2   1,1   4,5   3,3  23,2   02:51   ENE
20  19,8  27,3   18:26  13,6   05:21   1,4   2,9   0,0   2,6  17,4   04:33   NNE
21  19,9  26,3   16:38  14,4   05:42   1,1   2,7   0,0   5,3  27,0   21:43     N
22  20,5  25,6   17:18  15,7   05:35   0,6   2,8   0,0   5,1  25,1   00:50     N
23  20,0  25,1   14:06  14,7   23:41   0,5   2,1   3,9   2,9  25,1   20:02   NNE
24  19,7  24,9   18:39  14,6   01:37   0,7   2,2   0,0   5,5  36,7   07:50   ENE
25  19,5  26,0   16:42  13,5   05:23   1,3   2,5   0,0   5,9  23,2   01:35   NNW
26  18,9  23,0   17:38  14,0   06:55   0,8   1,5   0,0   4,9  34,8   01:45    NE
27  17,9  24,4   16:55  12,5   05:27   2,0   1,6   0,0   5,5  27,0   03:27     N
28  18,5  25,1   17:40  13,1   05:33   1,7   1,9   0,0   5,3  27,0   04:30     N
29  16,9  21,1   16:59  13,7   07:56   1,9   0,5   0,0   3,8  28,9   00:11   ESE
30  17,5  21,7   15:13  13,6   03:57   1,8   0,9   0,6   3,2  19,3   00:07   NNW
31  16,9  22,1   15:29  12,6   06:04   2,1   0,7   0,6   2,8  19,3   14:32     N
----------------------------------------------------------------------------------
    17,4  27,3    20     9,4     2    65,5  39,0 145,0   3,7  36,7    24     NNE

Max >=  30,0:  0
Max <=  20,0:  6
Min <=  20,0: 31
Min <=  15,0: 29
Max Rain: 53,0 on day 11
Days of Rain: 14 (>= 0,1 mm)  9 (>= 1,0 mm)  4 (>= 10,0 mm)
Heat Base: 18,3  Cool Base: 18,3  Method: Integration