Riassunti climatici stile NOAA



Report 2020 Aprile
´╗┐                   Monthly Climatological Summary for apr 2020

Name: www.meteoalbese.it   City: Albese con Cassano (CO)   State: Italia
Elevation: 410 m  Lat: N 46┬° 19' 60"   Lon: E 009┬° 15' 31"

                  Temperature (┬°C), Rain (mm), Wind Speed (km/h)

                                      Heat  Cool        Avg
    Mean                              Deg   Deg         Wind                 Dom
Day Temp  High   Time   Low    Time   Days  Days  Rain  Speed High   Time    Dir
----------------------------------------------------------------------------------
 1   4,5   8,7   17:43   1,7   01:06  13,8   0,0   0,0   4,9  23,2   00:00   NNE
 2   6,4  12,9   17:09   1,3   07:11  11,9   0,0   0,0   4,5  21,2   01:38   NNE
 3   9,4  16,1   16:57   4,1   06:35   8,9   0,0   0,0   4,8  21,2   01:23   NNE
 4  11,3  17,2   16:10   6,0   06:55   7,0   0,0   0,0   5,1  23,2   01:52    NE
 5  12,8  18,6   17:51   8,9   03:31   5,5   0,0   0,0   4,1  23,2   00:23   NNE
 6  13,9  20,1   16:34   9,0   06:54   4,6   0,2   0,0   4,5  25,1   00:39     N
 7  14,9  21,4   16:26   9,1   06:39   4,0   0,6   0,0   4,0  23,2   03:03   NNE
 8  15,1  21,4   16:01   9,3   07:43   3,8   0,6   0,0   4,7  25,1   03:02   NNE
 9  15,9  22,6   16:56   9,5   06:59   3,4   1,0   0,0   4,8  25,1   03:10     N
10  17,4  24,0   16:50  11,1   06:59   2,5   1,6   0,0   4,3  25,1   01:46   NNE
11  17,8  25,1   16:44  11,0   06:03   2,3   1,8   0,0   3,4  25,1   01:29   NNE
12  16,9  22,7   15:12  11,5   06:45   2,5   1,1   0,0   3,1  23,2   03:33     N
13  15,8  20,4   15:58  11,7   07:19   2,8   0,3   0,0   3,1  23,2   15:28    NW
14  15,1  21,9   16:33   9,4   06:12   4,1   0,9   0,0   5,2  36,7   12:06    SE
15  11,0  16,8   17:18   7,8   06:50   7,3   0,0   0,0   3,4  21,2   22:59   ESE
16  13,2  19,9   18:33   7,5   04:17   5,3   0,2   0,0   3,6  21,2   00:38     N
17  15,3  21,6   17:13   9,9   04:44   3,6   0,6   0,0   3,0  21,2   04:15   NNE
18  16,4  22,2   18:00  11,2   05:48   2,7   0,9   0,0   3,2  21,2   21:39   NNE
19  16,2  20,7   16:22  11,1   06:58   2,6   0,5   0,0   2,1  15,5   08:38     E
20  12,3  14,7   00:00  10,4   23:47   6,0   0,0  16,5   0,9  13,6   05:33   NNW
21  10,3  12,2   17:36   8,9   06:13   8,0   0,0   4,4   1,7  13,6   23:02    NW
22  13,5  19,8   17:17   8,2   07:06   4,9   0,2   0,0   5,4  23,2   04:44     N
23  14,5  20,7   17:12   9,4   06:43   4,1   0,3   0,0   5,8  25,1   02:50   NNE
24  16,2  22,5   16:24  10,5   07:04   3,0   1,0   0,0   5,0  23,2   00:18   NNW
25  16,7  22,9   16:54  10,1   06:39   2,7   1,1   0,0   3,5  25,1   14:58   WNW
26  16,2  21,7   18:03  12,0   06:36   2,6   0,6   0,0   2,3  17,4   15:20   WNW
27  15,9  19,5   17:09  13,1   07:22   2,5   0,1   0,0   1,8  15,5   21:43   SSW
28  14,5  17,5   13:17  12,0   23:43   3,8   0,0   8,7   2,3  30,8   15:19    NW
29  14,6  22,4   17:11   9,6   05:30   4,3   0,6   3,6   4,2  23,2   13:06    NW
30  13,7  17,6   14:22  11,2   22:22   4,6   0,0  24,9   3,1  21,2   12:25   ENE
----------------------------------------------------------------------------------
    13,9  25,1    11     1,3     2   145,1  14,2  58,1   3,7  36,7    14     NNE

Max >=  30,0:  0
Max <=  20,0: 13
Min <=  20,0: 30
Min <=  15,0: 30
Max Rain: 24,9 on day 30
Days of Rain: 5 (>= 0,1 mm)  5 (>= 1,0 mm)  2 (>= 10,0 mm)
Heat Base: 18,3  Cool Base: 18,3  Method: Integration