Riassunti climatici stile NOAA



Report 2019 Dicembre
´╗┐                   Monthly Climatological Summary for dic 2019

Name: www.meteoalbese.it   City: Albese con Cassano (CO)   State: Italia
Elevation: 410 m  Lat: N 46┬° 19' 60"   Lon: E 009┬° 15' 31"

                  Temperature (┬°C), Rain (mm), Wind Speed (km/h)

                                      Heat  Cool        Avg
    Mean                              Deg   Deg         Wind                 Dom
Day Temp  High   Time   Low    Time   Days  Days  Rain  Speed High   Time    Dir
----------------------------------------------------------------------------------
 1   5,8   7,1   01:49   4,9   21:54  12,4   0,0  21,6   0,8   9,6   12:44   WNW
 2   6,0  10,1   15:48   3,7   07:36  12,3   0,0   2,0   1,0  11,6   19:16   NNE
 3   6,7   8,5   15:37   4,7   17:44  11,6   0,0   0,0   0,8   9,6   05:56     N
 4   4,5   6,9   15:19   1,7   20:37  13,8   0,0   0,0   1,1  15,5   18:05   NNW
 5   3,8   7,4   11:59   1,0   07:50  14,5   0,0   0,0   1,6  15,5   20:50    NE
 6   3,8   6,9   13:22   1,2   05:24  14,5   0,0   0,0   1,3  13,6   08:06   NNE
 7   5,6  10,9   15:15   2,6   07:26  12,7   0,0   0,0   0,9  13,6   13:37    NW
 8   5,9  10,1   15:27   2,1   08:06  12,4   0,0   0,0   1,0  15,5   05:50   NNW
 9   6,2  10,1   22:03   4,0   21:09  12,1   0,0   0,0   1,4  21,2   22:01   ESE
10   8,5  12,2   15:25   4,5   23:32   9,8   0,0   0,0   3,5  32,9   09:15   NNW
11   4,3   6,3   13:16   2,2   07:02  14,0   0,0   0,0   1,7  19,3   04:19   NNE
12   1,2   3,5   00:00  -0,3   23:28  17,1   0,0   3,9   1,5  15,5   14:53    NW
13   1,5   8,2   22:11   0,1   00:00  16,8   0,0   4,0   2,1  36,7   22:01    NW
14   5,7  10,1   15:20   2,1   06:22  12,6   0,0   4,0   2,1  21,2   00:38   NNW
15   5,3   7,3   14:19   2,5   01:46  13,0   0,0   0,8   0,4   9,6   13:05    NW
16   6,4   7,0   12:21   5,6   00:00  11,9   0,0   5,6   0,5  13,6   03:12   WNW
17   7,8   9,3   23:01   6,7   00:00  10,5   0,0  21,6   0,4  11,6   15:24   SSW
18   8,9   9,8   15:06   7,7   22:30   9,4   0,0  12,8   0,5  13,6   06:02   SSE
19   8,8   9,5   17:01   7,9   02:49   9,5   0,0  13,8   0,3   9,6   04:53   WNW
20   9,1   9,4   12:08   8,6   17:17   9,2   0,0  45,5   2,7  27,0   19:10    SE
21   8,3  10,5   15:27   6,3   20:25  10,0   0,0  16,2   1,6  17,4   14:49   WNW
22   8,7  12,6   16:41   5,7   08:03   9,6   0,0   5,3   2,8  23,2   22:51    NW
23  11,0  13,9   14:02   7,8   07:51   7,3   0,0   0,0   6,6  38,6   06:09    NW
24   8,0  12,0   00:12   4,7   22:51  10,3   0,0   0,0   1,6  40,6   00:40   NNW
25  12,1  15,5   10:54   6,2   00:00   6,2   0,0   0,0   3,0  38,6   18:55   NNW
26   7,8  11,4   00:32   5,0   23:26  10,5   0,0   0,0   1,7  27,0   00:50     N
27   5,4   9,4   15:59   3,2   21:26  12,9   0,0   0,0   1,3  15,5   22:54   NNE
28   5,2   8,2   11:17   2,8   23:56  13,1   0,0   0,0   3,7  19,3   03:07   NNE
29   3,8   6,5   14:43   2,0   07:58  14,5   0,0   0,0   1,8  17,4   01:50   NNE
30   3,2   7,2   15:33   1,6   08:39  15,1   0,0   0,0   1,4  15,5   18:03     N
31   4,6  10,6   15:51   0,6   02:24  13,7   0,0   0,0   0,8  17,4   18:13    NW
----------------------------------------------------------------------------------
     6,3  15,5    25    -0,3    12   373,3   0,0 157,1   1,7  40,6    24     NNW

Max >=  30,0:  0
Max <=  20,0: 31
Min <=  20,0: 31
Min <=  15,0: 31
Max Rain: 45,5 on day 20
Days of Rain: 13 (>= 0,1 mm)  12 (>= 1,0 mm)  6 (>= 10,0 mm)
Heat Base: 18,3  Cool Base: 18,3  Method: Integration