Riassunti climatici stile NOAA



Report 2019 Novembre
´╗┐                   Monthly Climatological Summary for nov 2019

Name: www.meteoalbese.it   City: Albese con Cassano (CO)   State: Italia
Elevation: 410 m  Lat: N 46┬° 19' 60"   Lon: E 009┬° 15' 31"

                  Temperature (┬°C), Rain (mm), Wind Speed (km/h)

                                      Heat  Cool        Avg
    Mean                              Deg   Deg         Wind                 Dom
Day Temp  High   Time   Low    Time   Days  Days  Rain  Speed High   Time    Dir
----------------------------------------------------------------------------------
 1  10,3  12,3   14:23   9,3   04:14   8,0   0,0   0,0   0,3   9,6   12:58   NNE
 2   9,5  10,7   14:25   8,5   06:44   8,8   0,0   2,8   0,3   9,6   13:32     S
 3   9,6  11,1   13:49   8,5   05:46   8,6   0,0  42,4   1,5  13,6   04:55    SE
 4  11,2  16,9   16:10   6,9   06:26   7,1   0,0   3,9   2,3  19,3   10:38    NE
 5  11,3  14,7   13:34   8,4   22:54   7,0   0,0  14,3   2,3  19,3   18:59    NE
 6   8,5  10,1   14:56   6,7   21:44   9,8   0,0   1,1   1,6  19,3   03:42   NNE
 7   7,9  10,1   08:51   5,4   05:58  10,4   0,0  14,0   1,6  17,4   01:57   NNE
 8   8,0   9,2   13:18   6,6   22:20  10,3   0,0  18,9   2,2  19,3   04:49   ESE
 9   7,6  13,0   15:37   4,8   07:37  10,7   0,0   0,2   2,0  17,4   06:20     N
10   7,3  11,6   15:19   4,4   07:10  11,0   0,0   0,0   2,4  17,4   19:34   NNW
11   6,4   8,5   12:46   5,4   23:01  11,9   0,0  17,9   0,9  17,4   02:10   NNW
12   6,8   9,5   15:46   5,0   23:43  11,5   0,0  12,0   0,3   9,6   20:08     E
13   7,3  12,5   15:17   3,7   07:33  11,0   0,0   0,0   2,7  27,0   10:17   NNW
14   6,1   9,5   21:33   2,7   05:57  12,2   0,0   6,9   1,9  21,2   21:17   NNE
15   7,8   9,8   06:11   5,7   17:25  10,5   0,0  31,8   2,4  38,6   04:54   ESE
16   6,8   8,2   14:06   5,9   03:51  11,5   0,0   5,4   0,7  15,5   19:01   ESE
17   5,8   6,7   00:00   5,1   20:55  12,5   0,0  25,6   1,5  17,4   21:26   NNW
18   6,2   8,4   12:52   4,5   03:00  12,1   0,0   3,4   0,8  13,6   02:25     E
19   6,6   7,7   21:02   5,3   00:07  11,7   0,0  32,7   0,4  11,6   01:58   WNW
20   8,8  12,0   15:14   7,3   23:31   9,5   0,0   5,1   1,2  17,4   13:34   WNW
21   8,9  11,2   14:38   7,1   00:30   9,4   0,0   2,5   0,6  11,6   08:56    SE
22   8,3   8,9   16:53   7,6   05:41  10,0   0,0  22,6   1,4  15,5   14:38    SE
23   9,7  10,9   23:35   8,4   05:03   8,6   0,0  22,9   4,4  23,2   23:25    SE
24  10,1  11,5   01:14   9,4   09:42   8,2   0,0   9,2   1,8  23,2   01:19   SSE
25  11,0  15,0   13:06   8,7   23:49   7,3   0,0   0,3   1,5  15,5   14:26    NW
26  10,1  13,4   10:22   7,8   05:56   8,2   0,0   0,0   1,0  15,5   00:07   NNE
27   8,8   9,6   14:12   8,1   21:58   9,5   0,0  34,9   1,2  15,5   07:29    SE
28   7,8  11,2   15:14   5,8   23:56  10,5   0,0   0,0   0,6  15,5   15:19   NNW
29   7,6  12,4   15:27   4,9   04:13  10,7   0,0   0,0   1,2  17,4   21:47     N
30   7,8  12,0   10:44   5,1   21:03  10,5   0,0   0,0   1,2  17,4   10:30     E
----------------------------------------------------------------------------------
     8,3  16,9     4     2,7    14   299,0   0,0 330,8   1,5  38,6    15      NE

Max >=  30,0:  0
Max <=  20,0: 30
Min <=  20,0: 30
Min <=  15,0: 30
Max Rain: 42,4 on day 3
Days of Rain: 23 (>= 0,1 mm)  21 (>= 1,0 mm)  12 (>= 10,0 mm)
Heat Base: 18,3  Cool Base: 18,3  Method: Integration