Riassunti climatici stile NOAA



Report 2019 Settembre
´╗┐                   Monthly Climatological Summary for set 2019

Name: www.meteoalbese.it   City: Albese con Cassano (CO)   State: Italia
Elevation: 410 m  Lat: N 46┬° 19' 60"   Lon: E 009┬° 15' 31"

                  Temperature (┬°C), Rain (mm), Wind Speed (km/h)

                                      Heat  Cool        Avg
    Mean                              Deg   Deg         Wind                 Dom
Day Temp  High   Time   Low    Time   Days  Days  Rain  Speed High   Time    Dir
----------------------------------------------------------------------------------
 1  24,0  30,5   17:56  19,5   05:18   0,0   5,7   0,0   2,4  17,4   12:23    NW
 2  22,4  27,9   17:38  17,9   07:32   0,0   4,1   2,2   2,3  19,3   20:47   NNE
 3  21,5  27,1   18:28  17,5   06:46   0,0   3,3   0,0   3,2  19,3   10:31     N
 4  20,5  25,5   16:53  17,5   04:21   0,1   2,3   0,0   2,6  21,2   23:01    NE
 5  19,5  25,0   15:30  13,6   23:58   0,9   2,1  13,5   4,5  48,2   20:43   NNW
 6  15,3  18,7   17:55  13,0   00:29   3,0   0,0  15,6   2,3  38,6   00:11   NNE
 7  17,0  23,2   18:01  11,8   06:38   2,2   0,9   0,0   2,3  17,4   20:28   NNE
 8  14,9  18,4   16:17  11,3   07:58   3,4   0,0  45,0   4,6  46,3   06:58   ENE
 9  15,9  23,2   15:02  10,4   04:33   3,5   1,1   0,0   3,4  21,2   21:54   NNW
10  16,8  21,1   16:45  13,5   06:53   2,0   0,5   0,0   2,7  23,2   00:05     N
11  19,0  25,7   16:39  14,2   07:25   1,2   1,9   0,0   2,7  19,3   01:10   NNW
12  20,4  27,3   16:34  15,1   07:38   0,8   2,8   0,0   3,1  19,3   06:22   NNE
13  21,1  27,5   17:28  17,1   06:01   0,2   3,0   0,0   3,4  19,3   05:31     N
14  21,5  27,2   16:44  17,5   07:19   0,0   3,3   0,0   2,8  21,2   23:52   NNE
15  22,0  26,9   17:11  19,0   00:57   0,0   3,7   0,0   2,4  21,2   14:11     N
16  22,2  27,7   16:23  18,1   07:13   0,0   3,9   0,0   3,1  17,4   15:24   NNW
17  22,9  28,4   17:07  18,9   07:17   0,0   4,6   0,0   2,7  19,3   15:53    NW
18  20,7  24,8   17:50  17,5   23:33   0,1   2,5  27,1   1,7  27,0   20:10   ENE
19  17,0  21,5   17:45  14,8   10:38   1,7   0,4   1,9   2,1  17,4   17:49     N
20  15,9  19,1   17:26  13,7   23:59   2,4   0,0   0,0   3,1  19,3   13:34   ENE
21  14,9  20,8   15:35  10,5   06:33   3,7   0,3   0,0   3,6  19,3   16:06   NNE
22  15,0  17,2   15:35  13,4   03:53   3,3   0,0   0,3   1,4  11,6   02:11   NNE
23  15,1  20,7   17:58  12,6   23:54   3,4   0,2   3,6   1,8  19,3   20:17     N
24  15,8  21,8   17:57  11,7   04:43   3,0   0,5   0,0   3,2  19,3   19:25   NNE
25  17,2  23,5   17:07  13,6   05:49   2,2   1,1   0,0   2,8  19,3   00:41   NNE
26  17,8  23,4   16:34  14,6   01:01   1,6   1,0   0,0   2,3  19,3   00:05     N
27  18,1  21,5   15:53  15,7   02:27   1,0   0,8   0,0   1,8  15,5   00:42   NNE
28  19,2  23,8   17:33  17,0   05:56   0,5   1,4   0,0   2,1  21,2   22:01     N
29  18,6  22,5   16:10  15,5   07:25   0,9   1,2   0,0   2,3  17,4   19:07     N
30  19,8  26,8   17:13  15,5   06:30   0,8   2,3   0,0   2,9  21,2   14:15    NW
----------------------------------------------------------------------------------
    18,7  30,5     1    10,4     9    41,9  54,9 109,2   2,7  48,2     5       N

Max >=  30,0:  1
Max <=  20,0:  4
Min <=  20,0: 30
Min <=  15,0: 15
Max Rain: 45,0 on day 8
Days of Rain: 8 (>= 0,1 mm)  7 (>= 1,0 mm)  4 (>= 10,0 mm)
Heat Base: 18,3  Cool Base: 18,3  Method: Integration