Riassunti climatici stile NOAA



Report 2019 Giugno
´╗┐                   Monthly Climatological Summary for giu 2019

Name: www.meteoalbese.it   City: Albese con Cassano (CO)   State: Italia
Elevation: 410 m  Lat: N 46┬° 19' 60"   Lon: E 009┬° 15' 31"

                  Temperature (┬°C), Rain (mm), Wind Speed (km/h)

                                      Heat  Cool        Avg
    Mean                              Deg   Deg         Wind                 Dom
Day Temp  High   Time   Low    Time   Days  Days  Rain  Speed High   Time    Dir
----------------------------------------------------------------------------------
 1  20,3  27,3   15:49  14,1   06:01   1,1   3,2   0,0   4,0  19,3   01:44   NNW
 2  22,6  29,3   15:54  16,3   05:47   0,3   4,6   0,0   3,2  19,3   21:12   NNW
 3  23,7  30,6   17:53  17,9   06:40   0,0   5,4   0,0   3,3  19,3   00:35   NNW
 4  24,1  30,6   16:38  19,5   06:19   0,0   5,8   0,0   2,8  19,3   13:43   ENE
 5  23,3  28,7   16:12  17,7   06:26   0,0   5,0   0,0   3,2  19,3   23:45     E
 6  19,7  23,4   15:12  17,1   23:58   0,1   1,5   0,5   3,5  19,3   09:18   ENE
 7  19,9  25,2   17:23  15,2   05:47   0,8   2,3   0,0   3,0  21,2   12:28   ENE
 8  22,2  27,2   16:56  18,7   23:48   0,0   3,9   0,0   3,3  21,2   21:44     E
 9  20,6  24,4   14:36  18,4   05:04   0,0   2,3   2,2   2,9  27,0   18:57   NNW
10  21,4  26,3   12:28  18,3   03:15   0,0   3,1   3,3   2,3  19,3   15:53   ESE
11  21,4  26,1   14:48  17,8   23:56   0,0   3,1   5,2   2,8  27,0   21:04    NW
12  21,3  27,7   17:16  15,6   23:55   0,3   3,2  13,4   3,2  28,9   11:47    NW
13  19,6  26,9   19:10  12,6   05:20   1,4   2,7   0,0   5,8  23,2   22:38     E
14  22,8  29,2   15:22  17,0   06:42   0,2   4,7   0,3   3,0  27,0   20:53     E
15  23,6  28,5   18:12  18,7   06:52   0,0   5,3   0,0   2,8  21,2   01:19     N
16  23,6  31,3   17:56  16,8   06:16   0,2   5,5   0,0   2,7  19,3   20:34     N
17  24,6  30,7   17:08  18,9   05:55   0,0   6,3   0,0   3,0  19,3   13:41     N
18  24,7  29,9   17:23  19,8   06:22   0,0   6,4   0,0   2,9  19,3   00:27    NW
19  24,4  30,6   15:07  20,0   06:03   0,0   6,1   0,0   2,2  17,4   00:28   NNE
20  23,0  28,2   13:49  18,4   05:57   0,0   4,7   0,0   3,1  19,3   21:52   NNW
21  22,9  28,5   15:49  18,4   05:34   0,0   4,6   0,0   2,8  19,3   09:34     E
22  20,2  25,3   17:53  15,4   11:00   0,4   2,4  29,1   2,5  25,1   09:12   ENE
23  22,1  29,3   17:43  15,6   06:09   0,6   4,4   0,0   3,0  19,3   22:04     N
24  25,0  32,1   18:11  19,2   05:15   0,0   6,7   0,0   3,8  21,2   00:36     N
25  26,3  32,8   17:56  21,1   05:40   0,0   8,0   0,0   3,7  23,2   01:38     N
26  28,2  34,1   15:34  24,0   00:14   0,0   9,9   0,0   3,4  21,2   23:25   NNE
27  29,4  36,5   17:21  24,0   05:34   0,0  11,1   0,0   5,3  25,1   21:05   NNW
28  30,3  34,6   16:32  26,5   23:52   0,0  12,0   0,0   4,6  25,1   00:11   ENE
29  27,5  33,0   16:37  23,6   23:57   0,0   9,2   0,0   2,9  19,3   21:55   ENE
30  26,7  34,0   17:37  21,2   05:17   0,0   8,4   0,0   4,2  21,2   21:06     N
----------------------------------------------------------------------------------
    23,5  36,5    27    12,6    13     5,4 161,8  54,0   3,3  28,9    12     NNE

Max >=  30,0: 12
Max <=  20,0:  0
Min <=  20,0: 24
Min <=  15,0:  2
Max Rain: 29,1 on day 22
Days of Rain: 7 (>= 0,1 mm)  5 (>= 1,0 mm)  2 (>= 10,0 mm)
Heat Base: 18,3  Cool Base: 18,3  Method: Integration