Riassunti climatici stile NOAA



Report 2019 Aprile
´╗┐                   Monthly Climatological Summary for apr 2019

Name: www.meteoalbese.it   City: Albese con Cassano (CO)   State: Italia
Elevation: 410 m  Lat: N 46┬° 19' 60"   Lon: E 009┬° 15' 31"

                  Temperature (┬°C), Rain (mm), Wind Speed (km/h)

                                      Heat  Cool        Avg
    Mean                              Deg   Deg         Wind                 Dom
Day Temp  High   Time   Low    Time   Days  Days  Rain  Speed High   Time    Dir
----------------------------------------------------------------------------------
 1  15,1  21,3   16:18   9,7   08:10   3,7   0,5   0,0   2,9  17,4   00:17   NNE
 2  15,1  20,1   14:33  10,8   05:33   3,3   0,1   3,6   3,0  23,2   13:15     E
 3   9,9  11,6   11:14   8,6   15:12   8,4   0,0  12,6   2,2  17,4   10:19   ESE
 4   8,7  10,6   05:17   5,9   23:03   9,6   0,0  32,1   5,6  48,2   05:52    SE
 5   9,2  13,7   18:02   4,7   06:55   9,1   0,0   0,3   1,6  17,4   00:10   ESE
 6  10,6  12,9   15:01   9,0   07:38   7,7   0,0   0,0   2,0  25,1   15:12    SE
 7   9,4  12,0   13:05   7,7   22:55   8,9   0,0   4,3   1,7  17,4   15:23   NNW
 8  11,8  19,0   16:57   5,9   06:13   6,6   0,0   0,0   2,3  21,2   14:48   NNW
 9  12,6  18,8   14:16   8,7   19:59   5,7   0,0  20,1   2,6  27,0   19:25   NNE
10  11,2  15,2   17:27   8,0   06:05   7,0   0,0   1,8   3,1  21,2   18:36   NNE
11  10,0  10,9   15:44   9,2   10:23   8,3   0,0   2,8   1,0  13,6   05:32     E
12  11,2  15,2   17:43   9,1   07:18   7,1   0,0   2,2   1,0  17,4   15:20    SE
13   9,7  12,3   15:04   7,1   23:56   8,6   0,0   4,6   2,5  23,2   23:26    SE
14   6,5   8,2   17:52   4,6   05:39  11,8   0,0   7,5   1,5  15,5   15:39   ESE
15  10,3  18,1   15:45   5,1   06:45   8,0   0,0   0,2   2,2  19,3   19:13     N
16  12,1  16,8   15:11   9,3   04:54   6,2   0,0   0,3   2,7  17,4   20:45   NNE
17  14,5  21,3   17:07   8,7   05:34   4,4   0,5   0,0   2,9  19,3   15:01   NNE
18  15,2  19,8   16:21  11,6   04:46   3,2   0,1   0,0   3,9  25,1   14:49     E
19  15,7  21,2   15:11  11,6   06:02   3,1   0,5   0,0   2,9  21,2   11:29    NE
20  16,4  22,7   16:54  10,7   06:38   2,9   1,0   0,0   3,2  21,2   13:18   ENE
21  17,1  22,7   15:34  12,3   06:02   2,2   1,0   0,0   3,1  21,2   13:40    NE
22  15,2  18,6   14:04  12,8   06:07   3,1   0,0   0,0   2,9  23,2   13:53   ESE
23  11,8  13,7   00:00  10,7   06:23   6,5   0,0  22,2   1,0  15,5   22:32    NW
24  13,1  14,8   12:44  12,2   00:48   5,2   0,0  23,5   2,0  21,2   15:46    SE
25  13,2  16,9   12:36  10,8   06:15   5,1   0,0   5,8   2,3  23,2   14:11   ESE
26  12,4  14,9   12:42   9,1   22:04   5,9   0,0  12,0   3,7  32,9   10:50    SE
27  13,9  20,4   16:16   7,8   07:12   4,6   0,2   0,0   3,4  21,2   11:36    NW
28  14,3  17,8   16:33  11,6   06:50   4,0   0,0   0,0   5,1  38,6   21:03    NW
29  11,5  15,9   17:12   7,2   06:44   6,8   0,0   0,0   2,5  19,3   00:12   WNW
30  14,9  23,3   17:08   6,8   06:17   4,5   1,1   0,0   2,7  23,2   18:35   NNE
----------------------------------------------------------------------------------
    12,4  23,3    30     4,6    14   181,5   5,0 155,9   2,7  48,2     4     ENE

Max >=  30,0:  0
Max <=  20,0: 22
Min <=  20,0: 30
Min <=  15,0: 30
Max Rain: 32,1 on day 4
Days of Rain: 17 (>= 0,1 mm)  14 (>= 1,0 mm)  6 (>= 10,0 mm)
Heat Base: 18,3  Cool Base: 18,3  Method: Integration