Riassunti climatici stile NOAA



Report 2019 Marzo
´╗┐                   Monthly Climatological Summary for mar 2019

Name: www.meteoalbese.it   City: Albese con Cassano (CO)   State: Italia
Elevation: 410 m  Lat: N 46┬° 19' 60"   Lon: E 009┬° 15' 31"

                  Temperature (┬°C), Rain (mm), Wind Speed (km/h)

                                      Heat  Cool        Avg
    Mean                              Deg   Deg         Wind                 Dom
Day Temp  High   Time   Low    Time   Days  Days  Rain  Speed High   Time    Dir
----------------------------------------------------------------------------------
 1  11,4  18,6   16:53   6,7   06:27   6,9   0,0   0,0   2,6  23,2   23:21    NW
 2  12,1  16,1   15:07   7,8   07:15   6,2   0,0   0,0   2,4  25,1   00:11     N
 3  11,2  17,6   15:26   6,3   06:30   7,1   0,0   0,0   2,0  19,3   13:12   NNW
 4   7,8   9,8   00:06   3,9   23:55  10,5   0,0   7,5   1,3  17,4   22:47     N
 5   8,9  16,3   15:06   3,0   04:08   9,4   0,0   0,0   2,6  21,2   14:09   NNW
 6   9,4  12,2   11:18   5,7   04:44   8,9   0,0   0,0   1,3  15,5   05:26     N
 7   9,5  11,3   16:42   7,9   04:39   8,8   0,0  18,9   1,7  28,9   08:52   ESE
 8  10,7  15,9   16:06   7,4   06:14   7,6   0,0   0,0   1,5  19,3   20:55    NW
 9  11,2  16,8   16:17   6,4   06:47   7,1   0,0   0,0   2,4  21,2   23:07    NW
10  11,2  16,1   15:12   6,3   05:44   7,1   0,0   0,0   2,1  27,0   23:58    NW
11  11,1  15,4   00:02   5,3   23:36   7,2   0,0   0,0   8,2  46,3   16:08    NW
12   7,8  12,9   15:03   2,6   06:38  10,5   0,0   0,0   4,1  25,1   11:36    NW
13   8,5  15,6   15:33   3,6   05:38   9,8   0,0   0,0   2,7  27,0   17:37   NNW
14   8,9  13,9   14:34   3,2   03:49   9,4   0,0   0,0   2,4  25,1   15:37   WNW
15  13,9  19,3   15:28   7,6   02:39   4,5   0,1   0,0   5,0  32,9   06:46   WNW
16  16,1  22,4   15:32  11,3   00:29   2,9   0,8   0,0   3,1  23,2   06:13   WNW
17  11,0  12,8   00:02   9,0   23:51   7,3   0,0   3,2   2,3  19,3   00:56    NW
18   9,7  13,7   14:17   5,2   23:58   8,6   0,0  11,6   5,8  40,6   01:39    NW
19   7,4  12,8   15:02   2,3   06:46  10,9   0,0   0,0   3,0  19,3   10:33     E
20   7,7  13,9   16:56   3,0   06:07  10,6   0,0   0,0   3,2  19,3   09:52   NNW
21   8,7  16,3   15:41   3,6   05:38   9,6   0,0   0,0   3,8  21,2   02:23   NNW
22  11,8  20,1   16:35   5,2   05:27   6,6   0,1   0,0   2,8  17,4   19:32   NNE
23  14,3  21,8   14:30   7,3   06:25   4,7   0,7   0,0   3,1  19,3   22:31    NE
24  15,9  23,2   16:21   9,7   07:18   3,4   1,0   0,0   3,7  19,3   14:15    NW
25  14,5  21,6   13:48   9,5   05:45   4,4   0,6   0,0   6,7  90,7   20:47    NW
26  10,2  16,6   16:04   5,0   06:30   8,1   0,0   0,0   3,9  52,2   00:05     E
27   9,3  14,5   15:14   5,3   03:18   9,0   0,0   0,0   2,9  21,2   10:04   ENE
28   9,4  15,2   16:07   4,6   06:17   8,9   0,0   0,0   2,2  19,3   03:18     N
29  11,0  17,4   15:39   6,2   04:55   7,3   0,0   0,0   2,9  19,3   12:40   NNW
30  12,9  20,1   15:30   6,7   05:18   5,6   0,2   0,0   2,5  19,3   21:57    NE
31  14,2  21,6   17:45   7,9   07:36   4,5   0,5   0,0   2,9  19,3   05:40   NNE
----------------------------------------------------------------------------------
    10,9  23,2    24     2,3    19   233,4   4,0  41,2   3,1  90,7    25     NNW

Max >=  30,0:  0
Max <=  20,0: 24
Min <=  20,0: 31
Min <=  15,0: 31
Max Rain: 18,9 on day 7
Days of Rain: 4 (>= 0,1 mm)  4 (>= 1,0 mm)  2 (>= 10,0 mm)
Heat Base: 18,3  Cool Base: 18,3  Method: Integration