Riassunti climatici stile NOAA



Report 2019 Gennaio
´╗┐                   Monthly Climatological Summary for gen 2019

Name: www.meteoalbese.it   City: Albese con Cassano (CO)   State: Italia
Elevation: 410 m  Lat: N 46┬° 19' 60"   Lon: E 009┬° 15' 31"

                  Temperature (┬°C), Rain (mm), Wind Speed (km/h)

                                      Heat  Cool        Avg
    Mean                              Deg   Deg         Wind                 Dom
Day Temp  High   Time   Low    Time   Days  Days  Rain  Speed High   Time    Dir
----------------------------------------------------------------------------------
 1   4,7   8,3   15:44   1,8   23:20  13,6   0,0   0,0   2,1  15,5   03:59    NW
 2   8,2  13,0   04:16   1,6   01:32  10,1   0,0   0,0   6,7  61,8   08:32    NW
 3   4,4   8,3   11:29   1,4   06:17  13,9   0,0   0,0   3,3  30,8   00:23    NE
 4   1,6   4,7   11:19  -0,4   06:08  16,7   0,0   0,0   2,4  17,4   13:05    NE
 5   4,3  11,8   18:02  -1,4   03:44  14,0   0,0   0,0   3,4  25,1   15:53    NW
 6  11,7  15,0   14:04   8,0   06:05   6,6   0,0   0,0   5,0  38,6   14:55    NW
 7   6,2  10,8   00:00   2,7   23:54  12,1   0,0   0,0   2,9  23,2   01:51   ESE
 8   5,2  10,9   20:16   0,9   07:34  13,1   0,0   0,0   2,9  38,6   20:12   WNW
 9   6,0   8,3   13:57  -1,4   01:18  12,3   0,0   0,0   4,7  34,8   19:46    NW
10   6,5   9,4   12:38   2,3   08:25  11,7   0,0   0,0   6,9  34,8   19:47   NNW
11   4,3   7,4   12:10   1,1   22:51  14,0   0,0   0,0   2,6  28,9   00:55    NE
12   2,8   8,8   15:45  -0,8   04:46  15,5   0,0   0,0   0,8  13,6   02:05     E
13   5,5  10,1   12:31   0,6   08:49  12,8   0,0   0,0   1,8  17,4   12:55   WNW
14  10,7  13,4   03:24   5,9   00:00   7,5   0,0   0,0   5,3  40,6   07:10    NW
15   7,9  12,4   14:58   4,2   05:53  10,4   0,0   0,0   3,6  38,6   02:48    NW
16   6,9  10,7   13:28   2,7   05:30  11,4   0,0   1,9   1,9  23,2   01:19    NW
17   5,9   6,7   00:03   3,6   23:36  12,4   0,0   3,8   0,7   9,6   21:21    SE
18   5,8  10,3   11:56   1,6   03:42  12,5   0,0   0,0   2,8  28,9   09:51    SE
19   2,7   3,8   02:33   0,6   23:53  15,6   0,0   0,3   0,8  11,6   22:58     N
20   1,6   5,4   15:55  -0,6   07:54  16,7   0,0   0,0   2,1  15,5   12:56    NE
21   2,0   7,8   16:07  -1,4   06:08  16,3   0,0   0,0   1,7  13,6   02:27   NNW
22   1,6   5,4   15:30  -1,3   05:30  16,7   0,0   0,0   1,8  17,4   02:24   NNW
23   0,0   1,2   15:37  -1,5   06:37  18,3   0,0   0,0   1,2  15,5   10:56     E
24   1,7   6,8   16:15  -1,6   07:49  16,6   0,0   0,0   1,4  17,4   20:40   NNE
25   2,5   6,9   14:14  -0,9   08:06  15,8   0,0   0,0   1,8  17,4   18:12     E
26   2,8   7,9   15:18  -0,6   05:36  15,5   0,0   0,0   1,8  17,4   11:39   ESE
27   0,7   1,9   06:21  -0,3   03:32  17,6   0,0   1,1   0,8  15,5   07:28    SE
28   4,3   9,4   15:40   0,1   01:43  14,0   0,0   3,0   2,7  25,1   10:48   NNW
29   4,0   8,9   11:51   0,6   07:19  14,3   0,0   0,0   3,0  21,2   11:14   ENE
30   1,7   3,1   00:19  -0,2   23:57  16,6   0,0   2,2   1,6  15,5   04:16   WNW
----------------------------------------------------------------------------------
     4,5  15,0     6    -1,6    24   414,6   0,0  12,3   2,7  61,8     2     NNW

Max >=  30,0:  0
Max <=  20,0: 30
Min <=  20,0: 30
Min <=  15,0: 30
Max Rain: 3,8 on day 17
Days of Rain: 6 (>= 0,1 mm)  5 (>= 1,0 mm)  0 (>= 10,0 mm)
Heat Base: 18,3  Cool Base: 18,3  Method: Integration