Riassunti climatici stile NOAA



Report 2018 Ottobre
´╗┐                   Monthly Climatological Summary for ott 2018

Name: www.meteoalbese.it   City: Albese con Cassano (CO)   State: Italia
Elevation: 410 m  Lat: N 46┬° 19' 60"   Lon: E 009┬° 15' 31"

                  Temperature (┬°C), Rain (mm), Wind Speed (km/h)

                                      Heat  Cool        Avg
    Mean                              Deg   Deg         Wind                 Dom
Day Temp  High   Time   Low    Time   Days  Days  Rain  Speed High   Time    Dir
----------------------------------------------------------------------------------
 1  12,5  15,4   00:19   9,3   21:47   5,8   0,0  15,3   1,7  50,2   17:04     E
 2  12,8  18,8   15:57   8,2   07:08   5,5   0,0   0,0   2,3  21,2   00:03    NE
 3  14,3  20,9   16:43   9,7   07:19   4,3   0,4   0,0   3,0  21,2   05:09   NNE
 4  16,2  22,5   16:12  12,1   05:33   3,1   1,0   0,0   3,2  19,3   21:00   NNE
 5  16,0  21,4   15:52  12,2   06:30   2,9   0,6   0,0   2,7  17,4   04:15   NNE
 6  15,1  17,6   12:47  12,7   23:58   3,2   0,0   1,1   1,1  17,4   00:54     N
 7  15,8  22,1   16:59  11,6   06:58   3,1   0,6   0,0   2,3  15,5   10:51     N
 8  17,7  23,5   16:34  14,3   01:44   1,7   1,1   0,0   2,2  17,4   20:29   NNE
 9  17,7  22,7   15:59  14,3   07:06   1,7   1,1   0,0   2,3  17,4   01:13     N
10  17,5  20,5   16:32  14,9   06:51   1,2   0,5  10,7   1,6  19,3   02:29     N
11  15,1  17,6   02:43  14,0   18:31   3,2   0,0   6,4   1,5  17,4   22:24   NNW
12  17,5  22,7   15:07  14,4   00:37   1,8   1,0   0,0   1,7  15,5   21:07   NNW
13  17,0  21,3   14:45  14,2   07:47   2,0   0,7   0,0   3,0  17,4   04:50    NE
14  16,2  21,4   15:37  12,9   07:35   2,7   0,5   0,0   3,2  19,3   20:29     N
15  16,2  20,7   13:52  12,7   06:59   2,4   0,3   0,0   2,4  19,3   15:44     N
16  16,0  21,5   15:08  13,3   01:40   2,8   0,5   0,0   2,1  17,4   19:52   NNE
17  16,2  20,3   13:25  12,9   06:56   2,4   0,3   0,0   2,0  15,5   01:07    NE
18  16,8  23,0   16:05  13,3   04:32   2,4   0,9   0,0   2,6  17,4   07:33     N
19  17,4  22,8   15:22  14,1   06:24   1,9   1,0   0,0   2,5  19,3   22:23   NNE
20  17,0  22,1   15:39  14,4   23:38   1,9   0,7   0,0   2,7  17,4   21:46   NNE
21  14,8  18,3   12:29  11,1   23:03   3,5   0,0   0,0   3,7  36,7   19:41   ESE
22  12,4  16,8   15:46   8,6   08:04   5,9   0,0   0,0   2,4  17,4   08:29   NNW
23  13,0  18,5   14:39   9,1   07:17   5,3   0,0   0,0   2,4  17,4   06:50   NNW
24  21,6  29,0   14:35  14,8   07:08   0,7   4,0   0,0   3,3  25,1   14:11    NW
25  18,6  23,6   05:17  14,6   08:23   1,1   1,4   0,0   5,6  36,7   04:12    NE
26  15,1  16,8   14:28  13,8   22:53   3,2   0,0   2,5   1,5   9,7   10:30   ESE
27  13,6  14,3   11:36  12,9   21:40   4,7   0,0  44,2   2,2  25,1   18:18    SE
28  13,6  14,6   16:50  12,8   13:15   4,9   0,0  69,7   3,0  23,2   01:00    SE
29  13,4  15,6   19:42  11,3   23:51   4,9   0,0  60,4   7,6  52,2   19:41    SE
30  10,6  11,8   15:17   9,4   12:39   7,7   0,0   5,2   4,9  46,3   00:09    SE
31  10,8  13,4   11:56   9,4   05:55   7,5   0,0   4,4   1,5  17,4   18:13   ESE
----------------------------------------------------------------------------------
    15,4  29,0    24     8,2     2   105,4  16,6 219,9   2,7  52,2    29      NE

Max >=  30,0:  0
Max <=  20,0: 13
Min <=  20,0: 31
Min <=  15,0: 31
Max Rain: 69,7 on day 28
Days of Rain: 10 (>= 0,1 mm)  10 (>= 1,0 mm)  5 (>= 10,0 mm)
Heat Base: 18,3  Cool Base: 18,3  Method: Integration