Riassunti climatici stile NOAA



Report 2018 Settembre
´╗┐                   Monthly Climatological Summary for set 2018

Name: www.meteoalbese.it   City: Albese con Cassano (CO)   State: Italia
Elevation: 410 m  Lat: N 46┬° 19' 60"   Lon: E 009┬° 15' 31"

                  Temperature (┬°C), Rain (mm), Wind Speed (km/h)

                                      Heat  Cool        Avg
    Mean                              Deg   Deg         Wind                 Dom
Day Temp  High   Time   Low    Time   Days  Days  Rain  Speed High   Time    Dir
----------------------------------------------------------------------------------
 1  15,6  19,2   17:32  14,3   07:00   2,8   0,1  16,7   1,6  17,4   20:26   NNW
 2  16,8  20,2   15:49  13,6   06:19   1,8   0,4   0,0   2,6  19,3   14:40     E
 3  17,9  25,1   16:18  14,3   06:20   1,7   1,3   1,7   2,4  21,2   20:48     N
 4  19,6  27,2   17:21  13,8   06:36   1,3   2,6   0,0   2,6  17,4   02:20   NNW
 5  21,1  27,2   18:33  16,7   06:31   0,4   3,2   0,0   3,1  21,2   23:06     N
 6  21,5  27,2   16:00  17,8   06:31   0,0   3,2   0,0   3,4  28,9   20:12    NW
 7  19,6  24,5   17:53  15,9   07:03   0,6   1,8   1,1   1,9  19,3   03:40   NNE
 8  21,4  27,5   18:23  16,7   06:56   0,3   3,4   0,0   2,6  17,4   12:00   NNE
 9  21,8  28,0   16:13  17,5   07:22   0,0   3,6   0,0   3,0  21,2   16:16   NNW
10  22,7  28,7   17:30  18,6   06:57   0,0   4,4   0,0   3,2  19,3   04:58   NNW
11  23,6  30,1   17:02  19,3   06:54   0,0   5,3   0,0   2,7  19,3   22:56   NNW
12  23,7  29,7   16:53  19,7   06:50   0,0   5,4   0,0   2,9  19,3   01:19   NNW
13  22,2  28,5   15:40  18,0   20:09   0,0   3,9   7,7   2,5  28,9   17:56     N
14  21,5  28,2   16:17  17,2   03:32   0,2   3,4   0,0   1,9  15,5   01:34   NNW
15  21,3  26,2   17:38  18,8   06:33   0,0   3,0   0,0   2,9  19,3   21:30   ENE
16  21,5  25,2   15:42  19,2   23:31   0,0   3,2   0,0   2,4  17,4   00:27    NE
17  21,8  27,6   16:15  18,1   07:51   0,0   3,5   1,6   2,5  19,3   02:37   NNW
18  20,6  26,4   16:28  18,1   02:17   0,0   2,3   0,0   2,9  19,3   02:30    NE
19  21,8  27,6   15:34  17,6   07:21   0,1   3,5   0,0   2,7  21,2   20:34   NNE
20  22,2  28,4   16:44  18,6   07:37   0,0   3,9   0,0   2,9  19,3   01:42     N
21  22,4  28,4   15:41  18,8   07:50   0,0   4,1   0,0   2,7  17,4   12:43   NNW
22  22,3  27,6   15:53  18,8   07:07   0,0   4,0   0,0   2,7  17,4   12:01   ENE
23  22,3  27,8   17:02  17,7   07:11   0,0   4,0   0,0   2,1  19,3   23:21   NNW
24  21,6  25,7   16:44  17,1   23:52   0,1   3,4   0,0   4,9  38,6   07:05   NNW
25  16,1  19,4   15:49  13,4   21:28   2,3   0,1   0,0   2,4  21,2   12:04   ESE
26  14,2  18,7   17:53  11,1   21:57   4,2   0,0   0,0   2,3  19,3   20:09   ENE
27  15,1  22,8   17:58   9,8   06:25   4,0   0,8   0,0   3,3  23,2   19:04    NE
28  18,0  26,3   17:42  13,0   04:50   2,1   1,8   0,0   3,8  19,3   20:21     N
29  19,3  24,9   16:40  15,5   07:40   1,1   2,0   0,0   6,9  19,3   00:47   NNE
30  15,6  19,9   17:02  13,2   05:23   2,8   0,2   0,0   2,3  17,4   13:48   ENE
----------------------------------------------------------------------------------
    20,2  30,1    11     9,8    27    25,8  81,8  28,8   2,9  38,6    24       N

Max >=  30,0:  1
Max <=  20,0:  4
Min <=  20,0: 30
Min <=  15,0:  9
Max Rain: 16,7 on day 1
Days of Rain: 5 (>= 0,1 mm)  5 (>= 1,0 mm)  1 (>= 10,0 mm)
Heat Base: 18,3  Cool Base: 18,3  Method: Integration