Riassunti climatici stile NOAA



Report 2018 Agosto
´╗┐                   Monthly Climatological Summary for ago 2018

Name: www.meteoalbese.it   City: Albese con Cassano (CO)   State: Italia
Elevation: 410 m  Lat: N 46┬° 19' 60"   Lon: E 009┬° 15' 31"

                  Temperature (┬°C), Rain (mm), Wind Speed (km/h)

                                      Heat  Cool        Avg
    Mean                              Deg   Deg         Wind                 Dom
Day Temp  High   Time   Low    Time   Days  Days  Rain  Speed High   Time    Dir
----------------------------------------------------------------------------------
 1  27,6  34,9   17:12  20,7   21:35   0,0   9,3   6,3   3,7  32,9   20:02   NNE
 2  26,4  31,9   17:48  21,7   05:02   0,0   8,1   0,0   2,9  32,9   00:27   ENE
 3  27,2  32,5   18:15  23,0   06:10   0,0   8,9   0,0   2,9  19,3   01:19     E
 4  26,9  33,2   16:42  21,6   06:20   0,0   8,6   5,2   2,8  17,4   03:37   ENE
 5  27,0  33,3   15:48  20,3   02:11   0,0   8,7   4,8   3,0  25,1   00:35     E
 6  27,0  32,9   15:00  19,3   23:07   0,0   8,7  27,1   3,2  48,2   21:37     N
 7  25,2  32,2   18:02  19,0   05:37   0,0   6,9   5,2   3,9  44,4   00:33   NNE
 8  26,4  32,0   16:56  22,1   06:41   0,0   8,1   0,0   2,6  17,4   13:12   ENE
 9  24,2  30,4   16:37  19,8   20:33   0,0   5,9   3,3   3,5  40,6   18:23   ENE
10  23,7  29,6   17:11  19,2   05:56   0,0   5,4   1,6   2,4  19,3   21:38    NE
11  24,6  29,9   14:34  20,9   03:29   0,0   6,3   0,0   2,7  17,4   15:15   NNE
12  23,7  27,4   17:48  21,1   23:32   0,0   5,4   0,0   2,5  19,3   16:53   NNE
13  20,9  25,8   14:02  17,8   23:35   0,0   2,7  14,8   2,7  32,9   14:55     N
14  21,5  26,7   15:37  17,5   01:36   0,2   3,3   0,3   2,2  15,5   01:46   ENE
15  22,6  29,1   17:21  17,0   06:11   0,1   4,4   0,0   3,2  17,4   00:22   NNW
16  23,3  29,2   17:36  18,9   06:06   0,0   5,0   0,0   3,3  23,2   22:11   NNE
17  24,1  30,2   16:07  19,8   06:44   0,0   5,8   0,0   3,5  21,2   15:30   NNW
18  24,4  30,2   14:38  20,5   06:45   0,0   6,1   0,2   3,1  25,1   15:24   NNE
19  24,5  30,8   14:58  20,6   01:23   0,0   6,2   0,0   3,0  25,1   00:25     N
20  26,2  32,6   17:49  21,7   06:44   0,0   7,9   0,0   2,6  19,3   19:51   NNE
21  26,1  32,6   15:44  22,1   07:01   0,0   7,8   0,0   2,6  19,3   21:38   NNW
22  26,2  32,4   16:44  21,5   06:40   0,0   7,9   0,0   2,9  17,4   02:03   NNE
23  25,7  31,7   15:29  21,3   07:12   0,0   7,4   0,0   2,5  19,3   10:37    NE
24  24,1  30,4   17:36  19,0   05:42   0,0   5,8   1,4   2,9  30,8   00:19   NNW
25  21,0  24,3   11:20  18,3   22:30   0,0   2,7   0,0   2,6  19,3   11:59    SE
26  20,9  25,8   17:07  16,3   23:57   0,2   2,8   0,0   3,6  36,7   07:23    SE
27  19,0  26,2   17:59  13,5   06:56   1,5   2,2   0,0   3,5  25,1   15:29   NNW
28  21,5  28,4   15:54  16,3   05:51   0,5   3,6   0,0   3,8  23,2   12:54   ENE
29  22,7  29,0   17:04  18,3   05:59   0,0   4,4   0,0   3,2  23,2   02:36     N
30  23,3  28,6   14:51  19,3   07:37   0,0   5,0   0,0   2,9  19,3   16:34   ENE
31  18,5  22,9   02:19  15,5   23:50   0,7   0,9  32,6   2,0  23,2   04:32    NE
----------------------------------------------------------------------------------
    24,1  34,9     1    13,5    27     3,2 182,2 102,8   3,0  48,2     6      NE

Max >=  30,0: 17
Max <=  20,0:  0
Min <=  20,0: 17
Min <=  15,0:  1
Max Rain: 32,6 on day 31
Days of Rain: 12 (>= 0,1 mm)  10 (>= 1,0 mm)  3 (>= 10,0 mm)
Heat Base: 18,3  Cool Base: 18,3  Method: Integration