Riassunti climatici stile NOAA



Report 2018 Luglio
´╗┐                   Monthly Climatological Summary for lug 2018

Name: www.meteoalbese.it   City: Albese con Cassano (CO)   State: Italia
Elevation: 410 m  Lat: N 46┬° 19' 60"   Lon: E 009┬° 15' 31"

                  Temperature (┬°C), Rain (mm), Wind Speed (km/h)

                                      Heat  Cool        Avg
    Mean                              Deg   Deg         Wind                 Dom
Day Temp  High   Time   Low    Time   Days  Days  Rain  Speed High   Time    Dir
----------------------------------------------------------------------------------
 1  25,6  31,0   15:17  20,7   06:12   0,0   7,3   0,0   3,1  21,2   17:43   ESE
 2  24,7  29,7   16:17  21,7   03:10   0,0   6,4   0,0   3,4  21,2   01:17    SE
 3  25,2  31,3   16:13  19,6   23:56   0,0   6,9   9,5   3,2  19,3   15:30   WNW
 4  23,6  30,2   16:49  18,1   06:35   0,0   5,3   0,0   2,7  17,4   00:15   NNE
 5  21,9  27,3   16:50  17,2   05:15   0,1   3,7  28,0   2,8  52,2   01:57     N
 6  23,4  31,7   18:13  17,6   03:43   0,1   5,2   0,0   2,7  27,0   18:22    NE
 7  24,5  31,5   17:56  18,4   05:52   0,0   6,2   0,0   3,1  21,2   16:13     N
 8  24,4  30,2   19:02  19,6   06:25   0,0   6,1   0,0   3,5  25,1   00:52   NNE
 9  24,6  30,4   17:30  19,2   05:57   0,0   6,3   0,0   3,5  19,3   00:30     N
10  24,2  28,6   16:06  20,0   23:58   0,0   5,9   8,0   4,6  21,2   14:04   ESE
11  21,1  25,2   18:04  18,4   03:52   0,0   2,8   0,5   2,7  19,3   03:51    SE
12  22,2  26,4   16:22  19,1   02:45   0,0   3,9   0,5   2,7  19,3   12:03    SE
13  23,8  30,1   17:16  19,6   01:50   0,0   5,5   0,0   3,0  21,2   01:00     N
14  23,8  30,5   15:23  20,3   05:36   0,0   5,5   1,1   3,2  30,8   17:30     N
15  23,5  29,7   17:30  17,8   04:50   0,0   5,3   0,3   2,9  19,3   02:35     N
16  21,5  26,7   13:51  17,7   08:00   0,0   3,2  15,9   2,4  58,0   07:52   ENE
17  23,5  32,5   18:32  15,8   05:34   0,5   5,7   0,0   3,1  23,2   13:31   NNW
18  26,3  32,3   18:01  20,6   06:16   0,0   8,0   0,0   3,0  27,0   16:29    NW
19  25,5  32,1   16:57  20,6   02:56   0,0   7,2   0,0   3,5  19,3   15:00   NNE
20  24,4  30,8   14:40  19,6   22:02   0,0   6,1   3,0   3,3  23,2   20:29     N
21  19,2  24,1   17:26  16,8   04:15   0,4   1,2  37,0   2,8  19,3   00:22   ENE
22  21,9  29,4   16:19  16,4   05:08   0,4   4,0   0,0   3,1  19,3   03:34     N
23  24,0  30,8   18:01  17,8   07:02   0,0   5,7   0,0   3,1  23,2   02:39   NNW
24  25,3  31,4   17:01  20,6   04:55   0,0   7,0   0,0   3,0  19,3   02:35     N
25  25,5  31,3   16:26  20,8   05:57   0,0   7,2   0,0   2,9  19,3   21:41   NNE
26  25,2  30,2   16:09  18,2   21:53   0,0   6,9  25,5   4,2  44,4   21:29   ESE
27  23,8  30,9   17:38  17,9   06:12   0,0   5,5   9,6   3,0  21,2   00:12     N
28  24,2  30,7   14:23  20,7   23:14   0,0   5,9   0,3   3,2  28,9   17:06   NNW
29  24,4  31,7   18:13  18,8   05:48   0,0   6,1   0,0   3,3  19,3   23:29   ENE
30  26,7  33,9   17:31  21,8   05:27   0,0   8,4   0,0   3,2  19,3   01:56     N
31  27,9  34,0   17:12  23,1   06:19   0,0   9,6   0,0   3,5  21,2   16:00    NW
----------------------------------------------------------------------------------
    24,1  34,0    31    15,8    17     1,5 180,0 139,2   3,1  58,0    16     NNE

Max >=  30,0: 22
Max <=  20,0:  0
Min <=  20,0: 21
Min <=  15,0:  0
Max Rain: 37,0 on day 21
Days of Rain: 13 (>= 0,1 mm)  9 (>= 1,0 mm)  4 (>= 10,0 mm)
Heat Base: 18,3  Cool Base: 18,3  Method: Integration