Riassunti climatici stile NOAA



Report 2018 Aprile
´╗┐                   Monthly Climatological Summary for apr 2018

Name: www.meteoalbese.it   City: Albese con Cassano (CO)   State: Italia
Elevation: 410 m  Lat: N 46┬° 19' 60"   Lon: E 009┬° 15' 31"

                  Temperature (┬°C), Rain (mm), Wind Speed (km/h)

                                      Heat  Cool        Avg
    Mean                              Deg   Deg         Wind                 Dom
Day Temp  High   Time   Low    Time   Days  Days  Rain  Speed High   Time    Dir
----------------------------------------------------------------------------------
 1  11,3  17,7   17:32   5,2   00:29   7,0   0,0   0,0   4,2  34,8   23:12   NNW
 2  11,3  15,9   14:55   5,8   06:42   7,0   0,0   0,0   3,3  19,3   00:35    NW
 3  10,0  11,8   15:41   8,3   23:49   8,2   0,0   2,7   1,7  13,6   10:44    NW
 4   8,4   9,4   23:30   7,6   04:41   9,9   0,0  22,2   1,0  19,3   17:23    SE
 5  12,0  17,7   18:24   8,2   06:07   6,3   0,0   1,1   2,5  21,2   18:00    NW
 6  13,5  19,8   17:51   7,7   06:36   4,9   0,1   0,0   3,2  19,3   00:03   ENE
 7  12,9  17,3   18:15   9,2   06:17   5,4   0,0   0,0   2,3  17,4   00:28     N
 8  14,2  18,3   15:53  11,2   06:29   4,1   0,0   0,0   2,2  15,5   00:08   ESE
 9  11,3  13,9   16:27   9,3   08:51   7,0   0,0   6,9   2,0  15,5   05:06    NW
10  10,1  13,4   11:05   7,3   22:21   8,2   0,0   9,1   2,1  19,3   13:40   ESE
11   9,2  12,8   13:26   6,4   06:07   9,1   0,0  22,7   2,1  19,3   11:55   ENE
12  10,3  14,6   15:04   7,7   23:51   8,0   0,0  50,8   2,8  32,9   22:26    SE
13   9,5  13,7   17:49   6,9   05:13   8,8   0,0   3,9   2,3  17,4   16:50    NE
14  13,1  19,8   14:58   7,4   04:08   5,2   0,1   0,0   2,3  17,4   13:03   NNW
15  13,8  18,9   14:20  10,3   05:25   4,6   0,0   0,0   1,5  23,2   11:06    NW
16  16,4  23,1   16:41  11,0   07:07   2,9   1,0   0,0   2,1  17,4   09:52     N
17  17,7  23,4   16:16  11,9   06:53   2,0   1,5   0,0   3,1  21,2   00:48   ENE
18  18,8  25,4   16:33  13,5   06:04   1,6   2,1   0,0   3,6  19,3   10:44    NE
19  18,8  25,2   17:01  13,3   06:33   1,5   2,0   0,0   3,0  19,3   11:36   ENE
20  20,4  27,5   17:44  14,0   06:35   1,2   3,3   0,0   2,5  19,3   13:41   NNW
21  21,4  28,3   17:23  15,0   07:05   0,7   3,7   0,0   2,8  19,3   00:54     N
22  20,6  27,3   17:09  15,3   06:25   0,6   2,9   0,0   3,2  19,3   01:38   NNW
23  20,0  26,6   16:22  14,7   06:18   0,7   2,4   0,0   2,7  19,3   01:57   NNW
24  19,9  26,2   18:09  14,1   06:56   0,9   2,5   0,0   2,4  19,3   14:49   ESE
25  19,8  26,3   17:55  14,1   06:42   1,1   2,6   0,0   2,0  19,3   14:27    NW
26  19,6  25,7   17:52  14,0   06:38   1,0   2,3   0,0   2,6  23,2   00:32   NNW
27  17,6  21,0   18:03  15,5   23:57   1,1   0,4   0,0   3,8  28,9   09:58   ESE
28  18,6  23,6   16:21  14,1   07:01   1,4   1,7   0,0   2,5  17,4   14:15     E
29  18,4  23,6   15:03  15,1   23:56   1,1   1,2   4,1   3,6  36,7   20:55    SE
30  15,1  20,2   18:16   9,9   05:58   3,4   0,2   3,3   3,3  27,0   16:34     E
----------------------------------------------------------------------------------
    15,1  28,3    21     5,2     1   124,9  30,0 126,8   2,6  36,7    29      NE

Max >=  30,0:  0
Max <=  20,0: 15
Min <=  20,0: 30
Min <=  15,0: 27
Max Rain: 50,8 on day 12
Days of Rain: 10 (>= 0,1 mm)  10 (>= 1,0 mm)  3 (>= 10,0 mm)
Heat Base: 18,3  Cool Base: 18,3  Method: Integration