Riassunti climatici stile NOAA



Report 2018 Marzo
´╗┐                   Monthly Climatological Summary for mar 2018

Name: www.meteoalbese.it   City: Albese con Cassano (CO)   State: Italia
Elevation: 410 m  Lat: N 46┬° 19' 60"   Lon: E 009┬° 15' 31"

                  Temperature (┬°C), Rain (mm), Wind Speed (km/h)

                                      Heat  Cool        Avg
    Mean                              Deg   Deg         Wind                 Dom
Day Temp  High   Time   Low    Time   Days  Days  Rain  Speed High   Time    Dir
----------------------------------------------------------------------------------
 1  -2,6  -1,1   15:58  -4,3   04:26  20,9   0,0   0,0   0,5   7,7   18:01     W
 2   0,0   1,5   14:41  -1,7   00:00  18,3   0,0   5,4   0,8  11,6   20:12     W
 3   1,0   2,4   09:48  -0,8   03:09  17,3   0,0   6,0   1,3  13,6   14:03     W
 4   2,3   7,1   13:54  -1,3   06:57  16,0   0,0   2,5   1,8  15,5   13:02    SE
 5   5,7   9,3   14:46   3,1   00:33  12,6   0,0   0,9   1,3  15,5   12:58   WNW
 6   6,0   8,1   11:28   4,0   06:42  12,3   0,0   0,0   1,4  15,5   11:39   WNW
 7   5,3   8,6   16:57   2,9   23:48  12,9   0,0   2,7   1,4  15,5   01:44     N
 8   7,3  13,8   16:48   1,3   06:13  10,9   0,0   1,1   3,2  17,4   12:41     E
 9   9,3  12,8   14:50   6,2   06:57   9,0   0,0   0,0   1,8  19,3   14:51   ENE
10   8,1   9,3   00:00   7,3   05:57  10,2   0,0   5,3   0,7   9,6   08:47     N
11   7,4   8,0   10:22   6,9   06:24  10,9   0,0  44,9   0,8  13,6   17:10   WNW
12   8,4  11,7   17:14   6,2   07:11   9,9   0,0   4,4   1,8  15,5   12:04   ESE
13   9,7  16,1   15:33   5,4   06:04   8,6   0,0   0,0   2,7  19,3   16:38     N
14  10,6  17,0   15:54   5,2   06:16   7,7   0,0   0,0   2,4  17,4   14:15    NW
15   7,1   9,6   00:05   4,7   21:47  11,2   0,0  26,6   2,2  17,4   12:11   SSE
16   8,6  15,7   16:06   4,1   07:16   9,7   0,0   0,5   2,8  23,2   10:13    NW
17   7,0   9,3   02:55   5,1   22:46  11,4   0,0  44,7   1,3  15,5   09:30   ESE
18   5,6   7,1   13:23   4,4   07:16  12,7   0,0  11,2   1,8  19,3   14:38    NW
19   3,4   5,3   00:00   2,2   09:20  14,9   0,0   1,2   2,0  19,3   00:34     W
20   5,1   9,0   14:05   2,6   05:27  13,2   0,0   0,0   1,5  15,5   11:18    SE
21   4,3   8,2   17:10   1,6   06:15  13,9   0,0   0,0   3,2  15,5   01:40   ENE
22   4,8   9,2   14:07   1,0   07:06  13,5   0,0   0,0   2,1  17,4   23:50    NW
23   7,0  13,2   15:50   2,2   06:21  11,3   0,0   0,0   2,6  19,3   09:14   ESE
24   7,5  10,8   14:17   5,1   00:00  10,8   0,0   0,0   2,1  21,2   10:15   ESE
25   7,3  11,8   17:19   3,2   07:10  10,6   0,0   0,0   2,5  17,4   07:23   ENE
26   8,8  15,7   15:56   3,4   07:11   9,5   0,0   0,0   2,5  17,4   12:51     N
27  11,0  16,1   15:22   5,8   07:13   7,3   0,0   0,0   2,1  21,2   11:46   NNE
28  10,2  14,8   15:09   5,4   07:13   8,1   0,0   0,0   3,2  23,2   16:35    NW
29   9,9  11,3   00:00   9,1   05:25   8,3   0,0   5,9   1,5  13,6   10:23    SE
30  10,7  14,1   18:17   8,1   03:27   7,6   0,0  19,2   2,4  23,2   00:04    SE
31   8,3  11,7   10:45   5,2   23:52  10,0   0,0   9,1   2,0  23,2   12:12     E
----------------------------------------------------------------------------------
     6,6  17,0    14    -4,3     1   361,5   0,0 191,6   1,9  23,2    16      NE

Max >=  30,0:  0
Max <=  20,0: 31
Min <=  20,0: 31
Min <=  15,0: 31
Max Rain: 44,9 on day 11
Days of Rain: 17 (>= 0,1 mm)  15 (>= 1,0 mm)  5 (>= 10,0 mm)
Heat Base: 18,3  Cool Base: 18,3  Method: Integration