Riassunti climatici stile NOAA



Report 2017 Dicembre
´╗┐                   Monthly Climatological Summary for dic 2017

Name: www.meteoalbese.it   City: Albese con Cassano (CO)   State: Italia
Elevation: 410 m  Lat: N 46┬° 19' 60"   Lon: E 009┬° 15' 31"

                  Temperature (┬°C), Rain (mm), Wind Speed (km/h)

                                      Heat  Cool        Avg
    Mean                              Deg   Deg         Wind                 Dom
Day Temp  High   Time   Low    Time   Days  Days  Rain  Speed High   Time    Dir
----------------------------------------------------------------------------------
 1   2,4   5,0   13:55   0,1   01:09  15,9   0,0   0,0   1,5  17,4   12:34    NE
 2   2,5   4,5   13:29   0,7   20:18  15,8   0,0   0,0   1,9  19,3   18:14   NNW
 3   1,9   6,3   15:25  -1,0   07:37  16,4   0,0   0,0   2,0  15,5   00:51     N
 4   2,7   6,3   19:16  -0,5   07:07  15,6   0,0   0,0   1,9  17,4   21:27   NNE
 5   6,1  11,2   15:33   2,6   07:39  12,2   0,0   0,0   1,6  17,4   01:51   NNE
 6   5,9  10,7   15:13   2,1   02:12  12,4   0,0   0,0   3,0  17,4   13:43   NNW
 7   5,6   9,5   14:25   2,2   05:17  12,6   0,0   0,0   1,2  17,4   00:02    NW
 8   5,3   7,5   21:41   4,1   08:38  13,0   0,0   0,0   1,4  30,8   22:45    NW
 9   4,1   6,9   00:16   0,4   20:47  14,2   0,0   0,0   4,6  36,7   02:29    NW
10   0,0   2,3   12:11  -1,5   16:42  18,3   0,0   0,0   0,8  15,5   12:09   NNE
11   0,5   3,0   21:25  -1,0   00:00  17,8   0,0  61,2   0,8  15,5   21:01     W
12   5,2   8,4   11:22   2,3   00:00  13,1   0,0   0,5   1,5  17,4   02:57   ENE
13   4,2   8,1   13:26   1,4   05:57  14,1   0,0   0,0   2,1  15,5   01:17     N
14   4,6   8,3   15:48   2,9   00:54  13,6   0,0   0,0   1,0  13,6   11:13    SW
15   4,6   8,0   14:35   0,8   04:40  13,7   0,0   0,0   2,0  25,1   21:59    NW
16   3,9   6,6   15:24   1,7   19:21  14,4   0,0   0,0   2,6  23,2   13:46   WNW
17   5,1   8,2   11:50   1,9   08:02  13,2   0,0   0,0   4,9  34,8   19:52   NNW
18   2,0   6,0   15:53  -0,5   23:30  16,3   0,0   0,0   2,3  27,0   01:18   NNE
19   1,1   5,5   15:51  -0,8   04:58  17,2   0,0   0,0   2,1  17,4   03:46   NNW
20   0,9   5,4   15:27  -1,2   02:21  17,4   0,0   0,0   1,2  11,6   08:33   NNW
21   2,0   6,1   15:47  -1,4   03:26  16,3   0,0   0,0   1,0  17,4   00:11   ENE
22   2,3   6,3   14:06  -0,2   04:16  16,0   0,0   0,0   0,7  11,6   11:56     S
23   5,5  11,7   15:49   1,6   01:41  12,8   0,0   0,0   0,7   9,6   08:39     E
24   6,5  11,3   14:54   2,6   04:39  11,8   0,0   0,0   1,3  15,5   23:10   NNE
25   6,5  11,1   15:19   3,1   07:16  11,8   0,0   0,2   2,3  15,5   04:26     N
26   4,4   5,8   00:00   3,6   08:30  13,9   0,0  14,0   1,1  13,6   03:22    SE
27   3,6   5,6   10:33   1,0   23:46  14,7   0,0  70,7   1,8  15,5   02:45    SE
28   5,9   8,4   13:07   1,1   00:00  12,4   0,0   3,6   5,3  38,6   22:05   NNW
29   3,8   6,3   11:01   1,1   19:17  14,5   0,0   0,0   4,0  40,6   04:24   NNE
30   3,2   7,3   15:58   0,9   22:49  15,1   0,0   0,0   1,2  23,2   00:59   NNW
31   2,2   4,9   13:18   0,2   03:43  16,1   0,0   2,5   0,8  19,3   00:50     E
----------------------------------------------------------------------------------
     3,7  11,7    23    -1,5    10   452,6   0,0 152,7   2,0  40,6    29       N

Max >=  30,0:  0
Max <=  20,0: 31
Min <=  20,0: 31
Min <=  15,0: 31
Max Rain: 70,7 on day 27
Days of Rain: 7 (>= 0,1 mm)  5 (>= 1,0 mm)  3 (>= 10,0 mm)
Heat Base: 18,3  Cool Base: 18,3  Method: Integration