Riassunti climatici stile NOAA



Report 2017 Novembre
´╗┐                   Monthly Climatological Summary for nov 2017

Name: www.meteoalbese.it   City: Albese con Cassano (CO)   State: Italia
Elevation: 410 m  Lat: N 46┬° 19' 60"   Lon: E 009┬° 15' 31"

                  Temperature (┬°C), Rain (mm), Wind Speed (km/h)

                                      Heat  Cool        Avg
    Mean                              Deg   Deg         Wind                 Dom
Day Temp  High   Time   Low    Time   Days  Days  Rain  Speed High   Time    Dir
----------------------------------------------------------------------------------
 1  10,3  14,9   13:52   7,6   06:02   8,0   0,0   0,0   2,7  15,5   19:36     N
 2  10,3  14,7   14:56   7,6   06:22   8,0   0,0   0,0   2,0  13,6   00:14     N
 3  11,6  17,2   15:48   8,1   03:31   6,7   0,0   0,0   2,5  17,4   23:28   NNW
 4  11,5  14,2   12:57  10,1   00:49   6,8   0,0   0,5   1,5  15,5   01:23   NNW
 5   9,7  11,5   12:08   6,3   23:57   8,6   0,0  83,9   4,3  40,6   21:05     N
 6   8,1  12,7   12:31   5,5   21:13  10,2   0,0   5,2   3,3  38,6   01:13     N
 7   7,9  12,0   12:15   5,4   02:29  10,4   0,0   0,5   1,8  17,4   00:17    NE
 8   8,1  10,3   12:18   6,8   01:51  10,2   0,0   6,9   1,3  11,6   05:39   NNW
 9   8,4   9,9   15:19   7,2   23:28   9,9   0,0   1,6   1,2  15,5   23:23   NNW
10   8,1  11,4   11:25   5,5   07:08  10,2   0,0   0,0   2,5  17,4   02:53   NNW
11   7,9  12,2   15:17   4,6   07:26  10,4   0,0   0,0   1,7  17,4   02:49    NE
12   7,3  11,2   10:11   5,2   06:56  10,9   0,0   8,5   2,1  25,1   20:19   ESE
13   9,1  10,5   12:45   5,7   00:09   9,2   0,0   0,0   6,4  73,4   04:20    NW
14   7,1  13,1   15:35   3,2   04:04  11,2   0,0   0,0   2,1  19,3   10:53    NE
15   6,4  11,1   14:56   3,4   07:09  11,9   0,0   0,0   2,2  15,5   00:44     N
16   7,3  13,1   15:28   3,8   05:43  10,9   0,0   0,0   2,4  17,4   02:39   NNW
17   8,1  12,9   15:24   4,1   06:46  10,2   0,0   0,0   2,6  17,4   01:57     N
18   7,6  12,5   15:15   4,6   06:34  10,6   0,0   0,0   2,4  17,4   01:15   NNW
19   8,7  16,0   15:24   3,6   02:35   9,6   0,0   0,0   3,0  34,8   13:26   NNW
20   7,2  12,1   15:28   4,4   23:29  11,1   0,0   0,0   2,5  21,2   03:07     N
21   7,9  13,3   15:19   3,9   04:03  10,4   0,0   0,0   2,7  28,9   13:28   WNW
22   8,8  13,6   15:24   5,1   02:50   9,5   0,0   0,0   1,3  17,4   13:00   WNW
23   8,5  12,5   14:37   6,5   23:59   9,8   0,0   0,5   1,0  15,5   19:34   NNW
24   7,9  10,0   12:59   5,5   07:13  10,4   0,0   0,0   0,9   9,6   02:23    NW
25   7,2   8,2   00:00   4,9   23:34  11,1   0,0  11,8   0,9   9,6   12:36    SE
26   7,5   9,9   12:04   2,7   23:18  10,7   0,0   0,0   6,5  59,9   09:29    NW
27   5,1   9,4   15:14   2,1   23:23  13,2   0,0   0,0   2,6  25,1   04:09   NNW
28   3,1   4,4   13:23   0,9   05:19  15,2   0,0   0,0   1,1  17,4   00:33   ENE
29   2,3   3,3   16:06   1,2   01:05  16,0   0,0   3,0   0,9   7,7   06:15     W
30   4,3   9,0   15:15   0,9   07:34  14,0   0,0   0,0   2,7  28,9   13:59    NW
----------------------------------------------------------------------------------
     7,8  17,2     3     0,9    28   315,3   0,0 122,4   2,4  73,4    13     NNW

Max >=  30,0:  0
Max <=  20,0: 30
Min <=  20,0: 30
Min <=  15,0: 30
Max Rain: 83,9 on day 5
Days of Rain: 10 (>= 0,1 mm)  7 (>= 1,0 mm)  2 (>= 10,0 mm)
Heat Base: 18,3  Cool Base: 18,3  Method: Integration